{"id":2,"date":"2025-03-20T14:18:27","date_gmt":"2025-03-20T14:18:27","guid":{"rendered":"https:\/\/www.cse.udelar.edu.uy\/cuento\/?page_id=2"},"modified":"2026-04-16T18:19:15","modified_gmt":"2026-04-16T18:19:15","slug":"pagina-ejemplo","status":"publish","type":"page","link":"https:\/\/www.cse.udelar.edu.uy\/cuento\/","title":{"rendered":"Inicio"},"content":{"rendered":"<p><div class=\"fusion-fullwidth fullwidth-box fusion-builder-row-1 fusion-flex-container nonhundred-percent-fullwidth non-hundred-percent-height-scrolling\" style=\"background-color: rgba(255,255,255,0);background-position: center center;background-repeat: no-repeat;border-width: 0px 0px 0px 0px;border-color:#e2e2e2;border-style:solid;\" ><div class=\"fusion-builder-row fusion-row fusion-flex-align-items-flex-start\" style=\"max-width:1248px;margin-left: calc(-4% \/ 2 );margin-right: calc(-4% \/ 2 );\"><div class=\"fusion-layout-column fusion_builder_column fusion-builder-column-0 fusion_builder_column_1_1 1_1 fusion-flex-column\"><div class=\"fusion-column-wrapper fusion-flex-justify-content-flex-start fusion-content-layout-column\" style=\"background-position:left top;background-repeat:no-repeat;-webkit-background-size:cover;-moz-background-size:cover;-o-background-size:cover;background-size:cover;padding: 0px 0px 0px 0px;\">\t\t\t\t\t<div class=\"fusion-slider-container fusion-slider-sc-cuento1 fusion-slider-2 full-width-slider\" data-id=\"2\" data-full_height=\"\" style=\"height:400px; max-width:100%;\">\n\t\t\t\t\t\t<style type=\"text\/css\">.fusion-slider-2 .flex-direction-nav a {width:63px;height:63px;line-height:63px;font-size:25px;}<\/style>\t\t\t\t\t\t<div class=\"fusion-slider-loading\">Cargando...<\/div>\n\t\t\t\t\t\t<div class=\"tfs-slider flexslider main-flex full-width-slider\" data-slider_width=\"100%\" data-slider_height=\"400px\" data-full_screen=\"0\" data-parallax=\"1\" data-nav_arrows=\"1\" data-nav_arrow_size=\"25px\" data-nav_box_width=\"63px\" data-nav_box_height=\"63px\" data-slideshow_speed=\"7000\" data-loop=\"0\" data-autoplay=\"1\" data-orderby=\"date\" data-order=\"DESC\" data-animation=\"fade\" data-animation_speed=\"600\" data-typo_sensitivity=\"1\" data-typo_factor=\"1.5\" style=\"max-width:100%;\">\n\t\t\t\t\t\t\t<ul class=\"slides\">\n\t\t\t\t\t\t\t\t\t\t\t\t\t\t\t\t\t<li data-mute=\"yes\" data-loop=\"yes\" data-autoplay=\"yes\">\n\t\t\t\t\t\t\t\t\t\t<div class=\"slide-content-container slide-content-center\" style=\"display: none;\">\n\t\t\t\t\t\t\t\t\t\t\t<div class=\"slide-content\" style=\"\">\n\t\t\t\t\t\t\t\t\t\t\t\t\t\t\t\t\t\t\t\t\t\t\t\t\t\t\t\t\t\t\t\t\t\t\t\t\t\t\t\t\t\t\t\t\t\t\t<\/div>\n\t\t\t\t\t\t\t\t\t\t<\/div>\n\t\t\t\t\t\t\t\t\t\t\t\t\t\t\t\t\t\t\t\t\t\t\t\t\t\t\t\t\t\t\t\t\t\t\t\t\t\t\t\t<div class=\"background background-image\" style=\"background-image: url(https:\/\/www.cse.udelar.edu.uy\/cuento\/wp-content\/uploads\/sites\/21\/2025\/03\/Concurso-de-escritura.-Experiencias-sobre-el-ingreso-a-la-universidad.png);max-width:100%;height:400px;filter: progid:DXImageTransform.Microsoft.AlphaImageLoader(src='https:\/\/www.cse.udelar.edu.uy\/cuento\/wp-content\/uploads\/sites\/21\/2025\/03\/Concurso-de-escritura.-Experiencias-sobre-el-ingreso-a-la-universidad.png', sizingMethod='scale');\" data-imgwidth=\"2732\">\n\t\t\t\t\t\t\t\t\t\t\t\t\t\t\t\t\t\t\t\t\t\t\t\t\t\t\t\t\t\t\t\t\t\t\t\t\t\t\t\t\t\t\t\t\t\t\t\t\t\t\t\t\t\t\t\t\t\t\t\t\t\t\t\t\t\t<\/div>\n\t\t\t\t\t\t\t\t\t<\/li>\n\t\t\t\t\t\t\t\t\t\t\t\t\t\t\t\t\t\t\t\t\t\t\t<\/ul>\n\t\t\t\t\t\t<\/div>\n\t\t\t\t\t<\/div>\n\t\t\t\t\t\t\t\t<\/div><\/div><style type=\"text\/css\">.fusion-body .fusion-builder-column-0{width:100% !important;margin-top : 0px;margin-bottom : 20px;}.fusion-builder-column-0 > .fusion-column-wrapper {padding-top : 0px !important;padding-right : 0px !important;margin-right : 1.92%;padding-bottom : 0px !important;padding-left : 0px !important;margin-left : 1.92%;}@media only screen and (max-width:1024px) {.fusion-body .fusion-builder-column-0{width:100% !important;order : 0;}.fusion-builder-column-0 > .fusion-column-wrapper {margin-right : 1.92%;margin-left : 1.92%;}}@media only screen and (max-width:640px) {.fusion-body .fusion-builder-column-0{width:100% !important;order : 0;}.fusion-builder-column-0 > .fusion-column-wrapper {margin-right : 1.92%;margin-left : 1.92%;}}<\/style><div class=\"fusion-layout-column fusion_builder_column fusion-builder-column-1 fusion_builder_column_1_1 1_1 fusion-flex-column\"><div class=\"fusion-column-wrapper fusion-flex-justify-content-flex-start fusion-content-layout-column\" style=\"background-position:left top;background-repeat:no-repeat;-webkit-background-size:cover;-moz-background-size:cover;-o-background-size:cover;background-size:cover;padding: 0px 0px 0px 0px;\"><div class=\"fusion-separator fusion-full-width-sep\" style=\"align-self: center;margin-left: auto;margin-right: auto;width:100%;\"><div class=\"fusion-separator-border sep-single sep-solid\" style=\"border-color:#ffffff;border-top-width:1px;\"><\/div><\/div><div class=\"fusion-text fusion-text-1\"><pre><\/pre>\n<p>Este concurso busca <strong>promover la escritura como est\u00edmulo para la imaginaci\u00f3n, la reflexi\u00f3n y la creaci\u00f3n<\/strong>, as\u00ed como fortalecer el v\u00ednculo de las y los estudiantes con la vida universitaria. Asimismo, tiene como objetivo <strong>acompa\u00f1ar las trayectorias estudiantiles mediante la resignificaci\u00f3n y socializaci\u00f3n de experiencias de ingreso<\/strong>. A trav\u00e9s de este espacio, los estudiantes podr\u00e1n compartir historias, construir sentido de pertenencia y enriquecer el intercambio cultural y acad\u00e9mico dentro de la Udelar.<\/p>\n<\/div><div class=\"_df_book df-lite\" id=\"df_92\"  _slug=\"llego-y-te-cuento-concurso-de-escritura-experiencias-de-ingreso-a-la-universidad\" data-title=\"llego-y-te-cuento-concurso-de-escritura-experiencias-de-ingreso-a-la-universidad\" wpoptions=\"true\" thumb=\"https:\/\/www.cse.udelar.edu.uy\/cuento\/wp-content\/uploads\/sites\/21\/2026\/04\/RELATO-GRA\u0300FICO_-i-n-t-e-r-i-o-r-_-p-or-t-a-d-a-d-i-g-i-t-a-l-_para-presentacio\u0300n_Pa\u0301gina_001.jpg\" thumbtype=\"\" ><\/div><script class=\"df-shortcode-script\" nowprocket type=\"application\/javascript\">window.option_df_92 = {\"outline\":[],\"autoEnableOutline\":\"false\",\"autoEnableThumbnail\":\"false\",\"overwritePDFOutline\":\"false\",\"direction\":\"1\",\"pageSize\":\"0\",\"source\":\"https:\\\/\\\/www.cse.udelar.edu.uy\\\/cuento\\\/wp-content\\\/uploads\\\/sites\\\/21\\\/2026\\\/04\\\/RELATO-GRA\\u0300FICO_-i-n-t-e-r-i-o-r-_-p-or-t-a-d-a-d-i-g-i-t-a-l-_para-presentacio\\u0300n.pdf\",\"wpOptions\":\"true\"}; if(window.DFLIP && window.DFLIP.parseBooks){window.DFLIP.parseBooks();}<\/script><div class=\"fusion-separator fusion-full-width-sep\" style=\"align-self: center;margin-left: auto;margin-right: auto;width:100%;\"><\/div><div style=\"text-align:center;\"><span class=\" fusion-imageframe imageframe-none imageframe-1 hover-type-none\"><a class=\"fusion-no-lightbox\" href=\"https:\/\/www.cse.udelar.edu.uy\/cuento\/wp-content\/uploads\/sites\/21\/2025\/05\/Nuevas-BASES-Llego-y-te-cuento-Concurso-de-escritura-Experiencias-de-ingreso-a-la-universidad-EXTENSIONPLAZO.pdf\" target=\"_blank\" aria-label=\"3\" rel=\"noopener noreferrer\"><img width=\"600\" image_height=\"180\" image_id=\"23\" src=\"https:\/\/www.cse.udelar.edu.uy\/cuento\/wp-content\/uploads\/sites\/21\/2025\/03\/3-e1742928340281-600x180.png\" class=\"img-responsive wp-image-23\" srcset=\"https:\/\/www.cse.udelar.edu.uy\/cuento\/wp-content\/uploads\/sites\/21\/2025\/03\/3-e1742928340281-200x60.png 200w, https:\/\/www.cse.udelar.edu.uy\/cuento\/wp-content\/uploads\/sites\/21\/2025\/03\/3-e1742928340281-400x120.png 400w, https:\/\/www.cse.udelar.edu.uy\/cuento\/wp-content\/uploads\/sites\/21\/2025\/03\/3-e1742928340281-600x180.png 600w, https:\/\/www.cse.udelar.edu.uy\/cuento\/wp-content\/uploads\/sites\/21\/2025\/03\/3-e1742928340281-800x240.png 800w, https:\/\/www.cse.udelar.edu.uy\/cuento\/wp-content\/uploads\/sites\/21\/2025\/03\/3-e1742928340281-1200x360.png 1200w\" sizes=\"(max-width: 640px) 100vw, 600px\" \/><\/a><\/span><style type=\"text\/css\">.imageframe-1{filter: saturate(100%);transition: filter 0.3s ease;}.imageframe-1:hover{filter: saturate(69%);}<\/style><\/div><div class=\"fusion-separator fusion-full-width-sep\" style=\"align-self: center;margin-left: auto;margin-right: auto;width:100%;\"><\/div><\/div><\/div><style type=\"text\/css\">.fusion-body .fusion-builder-column-1{width:100% !important;margin-top : 0px;margin-bottom : 0px;}.fusion-builder-column-1 > .fusion-column-wrapper {padding-top : 0px !important;padding-right : 0px !important;margin-right : 1.92%;padding-bottom : 0px !important;padding-left : 0px !important;margin-left : 1.92%;}@media only screen and (max-width:1024px) {.fusion-body .fusion-builder-column-1{width:100% !important;}.fusion-builder-column-1 > .fusion-column-wrapper {margin-right : 1.92%;margin-left : 1.92%;}}@media only screen and (max-width:640px) {.fusion-body .fusion-builder-column-1{width:100% !important;}.fusion-builder-column-1 > .fusion-column-wrapper {margin-right : 1.92%;margin-left : 1.92%;}}<\/style><div class=\"fusion-layout-column fusion_builder_column fusion-builder-column-2 fusion_builder_column_1_2 1_2 fusion-flex-column\"><div class=\"fusion-column-wrapper fusion-flex-justify-content-flex-start fusion-content-layout-column\" style=\"background-position:left top;background-repeat:no-repeat;-webkit-background-size:cover;-moz-background-size:cover;-o-background-size:cover;background-size:cover;padding: 0px 0px 0px 0px;\"><div style=\"text-align:center;\"><span class=\" fusion-imageframe imageframe-none imageframe-2 hover-type-none\"><a class=\"fusion-no-lightbox\" href=\"https:\/\/encuestas.cse.udelar.edu.uy\/index.php\/927395?lang=es\" target=\"_blank\" aria-label=\"2\" rel=\"noopener noreferrer\"><img width=\"1024\" image_height=\"307\" image_id=\"61\" src=\"https:\/\/www.cse.udelar.edu.uy\/cuento\/wp-content\/uploads\/sites\/21\/2025\/04\/2-1024x307.png\" class=\"img-responsive wp-image-61\" srcset=\"https:\/\/www.cse.udelar.edu.uy\/cuento\/wp-content\/uploads\/sites\/21\/2025\/04\/2-200x60.png 200w, https:\/\/www.cse.udelar.edu.uy\/cuento\/wp-content\/uploads\/sites\/21\/2025\/04\/2-400x120.png 400w, https:\/\/www.cse.udelar.edu.uy\/cuento\/wp-content\/uploads\/sites\/21\/2025\/04\/2-600x180.png 600w, https:\/\/www.cse.udelar.edu.uy\/cuento\/wp-content\/uploads\/sites\/21\/2025\/04\/2-800x240.png 800w, https:\/\/www.cse.udelar.edu.uy\/cuento\/wp-content\/uploads\/sites\/21\/2025\/04\/2-1200x360.png 1200w\" sizes=\"(max-width: 640px) 100vw, 800px\" \/><\/a><\/span><\/div><\/div><\/div><style type=\"text\/css\">.fusion-body .fusion-builder-column-2{width:50% !important;margin-top : 0px;margin-bottom : 20px;}.fusion-builder-column-2 > .fusion-column-wrapper {padding-top : 0px !important;padding-right : 0px !important;margin-right : 3.84%;padding-bottom : 0px !important;padding-left : 0px !important;margin-left : 3.84%;}@media only screen and (max-width:1024px) {.fusion-body .fusion-builder-column-2{width:50% !important;order : 0;}.fusion-builder-column-2 > .fusion-column-wrapper {margin-right : 3.84%;margin-left : 3.84%;}}@media only screen and (max-width:640px) {.fusion-body .fusion-builder-column-2{width:100% !important;order : 0;}.fusion-builder-column-2 > .fusion-column-wrapper {margin-right : 1.92%;margin-left : 1.92%;}}<\/style><div class=\"fusion-layout-column fusion_builder_column fusion-builder-column-3 fusion_builder_column_1_2 1_2 fusion-flex-column\"><div class=\"fusion-column-wrapper fusion-flex-justify-content-flex-start fusion-content-layout-column\" style=\"background-position:left top;background-repeat:no-repeat;-webkit-background-size:cover;-moz-background-size:cover;-o-background-size:cover;background-size:cover;padding: 0px 0px 0px 0px;\"><div style=\"text-align:center;\"><span class=\" fusion-imageframe imageframe-none imageframe-3 hover-type-none\"><a class=\"fusion-no-lightbox\" href=\"https:\/\/forms.gle\/rxJPxhExRvYxVGZG8\" target=\"_blank\" aria-label=\"3\" rel=\"noopener noreferrer\"><img width=\"1024\" image_height=\"307\" image_id=\"62\" src=\"https:\/\/www.cse.udelar.edu.uy\/cuento\/wp-content\/uploads\/sites\/21\/2025\/04\/3-1024x307.png\" class=\"img-responsive wp-image-62\" srcset=\"https:\/\/www.cse.udelar.edu.uy\/cuento\/wp-content\/uploads\/sites\/21\/2025\/04\/3-200x60.png 200w, https:\/\/www.cse.udelar.edu.uy\/cuento\/wp-content\/uploads\/sites\/21\/2025\/04\/3-400x120.png 400w, https:\/\/www.cse.udelar.edu.uy\/cuento\/wp-content\/uploads\/sites\/21\/2025\/04\/3-600x180.png 600w, https:\/\/www.cse.udelar.edu.uy\/cuento\/wp-content\/uploads\/sites\/21\/2025\/04\/3-800x240.png 800w, https:\/\/www.cse.udelar.edu.uy\/cuento\/wp-content\/uploads\/sites\/21\/2025\/04\/3-1200x360.png 1200w\" sizes=\"(max-width: 640px) 100vw, 800px\" \/><\/a><\/span><\/div><\/div><\/div><style type=\"text\/css\">.fusion-body .fusion-builder-column-3{width:50% !important;margin-top : 0px;margin-bottom : 20px;}.fusion-builder-column-3 > .fusion-column-wrapper {padding-top : 0px !important;padding-right : 0px !important;margin-right : 3.84%;padding-bottom : 0px !important;padding-left : 0px !important;margin-left : 3.84%;}@media only screen and (max-width:1024px) {.fusion-body .fusion-builder-column-3{width:50% !important;order : 0;}.fusion-builder-column-3 > .fusion-column-wrapper {margin-right : 3.84%;margin-left : 3.84%;}}@media only screen and (max-width:640px) {.fusion-body .fusion-builder-column-3{width:100% !important;order : 0;}.fusion-builder-column-3 > .fusion-column-wrapper {margin-right : 1.92%;margin-left : 1.92%;}}<\/style><\/div><style type=\"text\/css\">.fusion-body .fusion-flex-container.fusion-builder-row-1{ padding-top : 0px;margin-top : 0px;padding-right : 0px;padding-bottom : 0px;margin-bottom : 0px;padding-left : 0px;}<\/style><\/div><div class=\"fusion-fullwidth fullwidth-box fusion-builder-row-2 fusion-flex-container nonhundred-percent-fullwidth non-hundred-percent-height-scrolling\" style=\"background-color: rgba(255,255,255,0);background-position: center center;background-repeat: no-repeat;border-width: 0px 0px 0px 0px;border-color:#e2e2e2;border-style:solid;\" ><div class=\"fusion-builder-row fusion-row fusion-flex-align-items-flex-start\" style=\"max-width:1248px;margin-left: calc(-4% \/ 2 );margin-right: calc(-4% \/ 2 );\"><div class=\"fusion-layout-column fusion_builder_column fusion-builder-column-4 fusion_builder_column_1_1 1_1 fusion-flex-column\"><div class=\"fusion-column-wrapper fusion-flex-justify-content-flex-start fusion-content-layout-column\" style=\"background-position:left top;background-repeat:no-repeat;-webkit-background-size:cover;-moz-background-size:cover;-o-background-size:cover;background-size:cover;padding: 0px 0px 0px 0px;\"><div style=\"text-align:center;\"><span class=\" fusion-imageframe imageframe-none imageframe-4 hover-type-none\"><a class=\"fusion-no-lightbox\" href=\"https:\/\/forms.gle\/JQxocGwTXVAwUj9E7\" target=\"_blank\" aria-label=\"calendario v4\" rel=\"noopener noreferrer\"><img width=\"1024\" image_height=\"576\" image_id=\"69\" src=\"https:\/\/www.cse.udelar.edu.uy\/cuento\/wp-content\/uploads\/sites\/21\/2025\/04\/calendario-v4-1024x576.png\" class=\"img-responsive wp-image-69\" srcset=\"https:\/\/www.cse.udelar.edu.uy\/cuento\/wp-content\/uploads\/sites\/21\/2025\/04\/calendario-v4-200x113.png 200w, https:\/\/www.cse.udelar.edu.uy\/cuento\/wp-content\/uploads\/sites\/21\/2025\/04\/calendario-v4-400x225.png 400w, https:\/\/www.cse.udelar.edu.uy\/cuento\/wp-content\/uploads\/sites\/21\/2025\/04\/calendario-v4-600x338.png 600w, https:\/\/www.cse.udelar.edu.uy\/cuento\/wp-content\/uploads\/sites\/21\/2025\/04\/calendario-v4-800x450.png 800w, https:\/\/www.cse.udelar.edu.uy\/cuento\/wp-content\/uploads\/sites\/21\/2025\/04\/calendario-v4-1200x675.png 1200w\" sizes=\"(max-width: 640px) 100vw, 1024px\" \/><\/a><\/span><\/div><div style=\"text-align:center;\"><span class=\" fusion-imageframe imageframe-none imageframe-5 hover-type-none\"><a class=\"fusion-no-lightbox\" href=\"https:\/\/forms.gle\/JQxocGwTXVAwUj9E7\" target=\"_blank\" aria-label=\"Calendario cuento talleres\" rel=\"noopener noreferrer\"><img width=\"1024\" image_height=\"358\" image_id=\"84\" src=\"https:\/\/www.cse.udelar.edu.uy\/cuento\/wp-content\/uploads\/sites\/21\/2025\/05\/Calendario-cuento-talleres-e1748270032624-1024x358.png\" class=\"img-responsive wp-image-84\" srcset=\"https:\/\/www.cse.udelar.edu.uy\/cuento\/wp-content\/uploads\/sites\/21\/2025\/05\/Calendario-cuento-talleres-e1748270032624-200x70.png 200w, https:\/\/www.cse.udelar.edu.uy\/cuento\/wp-content\/uploads\/sites\/21\/2025\/05\/Calendario-cuento-talleres-e1748270032624-400x140.png 400w, https:\/\/www.cse.udelar.edu.uy\/cuento\/wp-content\/uploads\/sites\/21\/2025\/05\/Calendario-cuento-talleres-e1748270032624-600x210.png 600w, https:\/\/www.cse.udelar.edu.uy\/cuento\/wp-content\/uploads\/sites\/21\/2025\/05\/Calendario-cuento-talleres-e1748270032624-800x280.png 800w, https:\/\/www.cse.udelar.edu.uy\/cuento\/wp-content\/uploads\/sites\/21\/2025\/05\/Calendario-cuento-talleres-e1748270032624-1200x420.png 1200w, https:\/\/www.cse.udelar.edu.uy\/cuento\/wp-content\/uploads\/sites\/21\/2025\/05\/Calendario-cuento-talleres-e1748270032624.png 1920w\" sizes=\"(max-width: 640px) 100vw, 1024px\" \/><\/a><\/span><\/div><div style=\"text-align:center;\"><span class=\" fusion-imageframe imageframe-none imageframe-6 hover-type-none\"><a class=\"fusion-no-lightbox\" href=\"https:\/\/forms.gle\/JQxocGwTXVAwUj9E7\" target=\"_blank\" aria-label=\"boto\u0301n talleres\" rel=\"noopener noreferrer\"><img width=\"800\" image_height=\"240\" image_id=\"65\" src=\"https:\/\/www.cse.udelar.edu.uy\/cuento\/wp-content\/uploads\/sites\/21\/2025\/04\/boto\u0301n-talleres-800x240.png\" class=\"img-responsive wp-image-65\" srcset=\"https:\/\/www.cse.udelar.edu.uy\/cuento\/wp-content\/uploads\/sites\/21\/2025\/04\/boto\u0301n-talleres-200x60.png 200w, https:\/\/www.cse.udelar.edu.uy\/cuento\/wp-content\/uploads\/sites\/21\/2025\/04\/boto\u0301n-talleres-400x120.png 400w, https:\/\/www.cse.udelar.edu.uy\/cuento\/wp-content\/uploads\/sites\/21\/2025\/04\/boto\u0301n-talleres-600x180.png 600w, https:\/\/www.cse.udelar.edu.uy\/cuento\/wp-content\/uploads\/sites\/21\/2025\/04\/boto\u0301n-talleres-800x240.png 800w, https:\/\/www.cse.udelar.edu.uy\/cuento\/wp-content\/uploads\/sites\/21\/2025\/04\/boto\u0301n-talleres-1200x360.png 1200w\" sizes=\"(max-width: 640px) 100vw, 800px\" \/><\/a><\/span><\/div><div style=\"text-align:center;\"><span class=\" fusion-imageframe imageframe-none imageframe-7 hover-type-none\"><img width=\"800\" image_height=\"400\" image_id=\"73\" title=\"combo loogs 2\" src=\"https:\/\/www.cse.udelar.edu.uy\/cuento\/wp-content\/uploads\/sites\/21\/2025\/04\/combo-loogs-2.png\" class=\"img-responsive wp-image-73\" srcset=\"https:\/\/www.cse.udelar.edu.uy\/cuento\/wp-content\/uploads\/sites\/21\/2025\/04\/combo-loogs-2-200x100.png 200w, https:\/\/www.cse.udelar.edu.uy\/cuento\/wp-content\/uploads\/sites\/21\/2025\/04\/combo-loogs-2-400x200.png 400w, https:\/\/www.cse.udelar.edu.uy\/cuento\/wp-content\/uploads\/sites\/21\/2025\/04\/combo-loogs-2-600x300.png 600w, https:\/\/www.cse.udelar.edu.uy\/cuento\/wp-content\/uploads\/sites\/21\/2025\/04\/combo-loogs-2.png 800w\" sizes=\"(max-width: 640px) 100vw, 800px\" \/><\/span><\/div><\/div><\/div><style type=\"text\/css\">.fusion-body .fusion-builder-column-4{width:100% !important;margin-top : 0px;margin-bottom : 20px;}.fusion-builder-column-4 > .fusion-column-wrapper {padding-top : 0px !important;padding-right : 0px !important;margin-right : 1.92%;padding-bottom : 0px !important;padding-left : 0px !important;margin-left : 1.92%;}@media only screen and (max-width:1024px) {.fusion-body .fusion-builder-column-4{width:100% !important;order : 0;}.fusion-builder-column-4 > .fusion-column-wrapper {margin-right : 1.92%;margin-left : 1.92%;}}@media only screen and (max-width:640px) {.fusion-body .fusion-builder-column-4{width:100% !important;order : 0;}.fusion-builder-column-4 > .fusion-column-wrapper {margin-right : 1.92%;margin-left : 1.92%;}}<\/style><\/div><style type=\"text\/css\">.fusion-body .fusion-flex-container.fusion-builder-row-2{ padding-top : 0px;margin-top : 0px;padding-right : 0px;padding-bottom : 0px;margin-bottom : 0px;padding-left : 0px;}<\/style><\/div><\/p>\n","protected":false},"excerpt":{"rendered":"","protected":false},"author":16,"featured_media":0,"parent":0,"menu_order":0,"comment_status":"closed","ping_status":"closed","template":"","meta":[],"_links":{"self":[{"href":"https:\/\/www.cse.udelar.edu.uy\/cuento\/wp-json\/wp\/v2\/pages\/2"}],"collection":[{"href":"https:\/\/www.cse.udelar.edu.uy\/cuento\/wp-json\/wp\/v2\/pages"}],"about":[{"href":"https:\/\/www.cse.udelar.edu.uy\/cuento\/wp-json\/wp\/v2\/types\/page"}],"author":[{"embeddable":true,"href":"https:\/\/www.cse.udelar.edu.uy\/cuento\/wp-json\/wp\/v2\/users\/16"}],"replies":[{"embeddable":true,"href":"https:\/\/www.cse.udelar.edu.uy\/cuento\/wp-json\/wp\/v2\/comments?post=2"}],"version-history":[{"count":41,"href":"https:\/\/www.cse.udelar.edu.uy\/cuento\/wp-json\/wp\/v2\/pages\/2\/revisions"}],"predecessor-version":[{"id":98,"href":"https:\/\/www.cse.udelar.edu.uy\/cuento\/wp-json\/wp\/v2\/pages\/2\/revisions\/98"}],"wp:attachment":[{"href":"https:\/\/www.cse.udelar.edu.uy\/cuento\/wp-json\/wp\/v2\/media?parent=2"}],"curies":[{"name":"wp","href":"https:\/\/api.w.org\/{rel}","templated":true}]}}