{"id":1095,"date":"2016-12-13T11:02:08","date_gmt":"2016-12-13T14:02:08","guid":{"rendered":"http:\/\/jies.cse.udelar.edu.uy\/?page_id=1095"},"modified":"2016-12-13T11:02:08","modified_gmt":"2016-12-13T14:02:08","slug":"universidad-de-la-republica","status":"publish","type":"page","link":"https:\/\/www.cse.udelar.edu.uy\/jies2017\/universidad-de-la-republica\/","title":{"rendered":"Universidad de la Rep\u00fablica"},"content":{"rendered":"<p>\t\t\t\t<div class=\"fusion-fullwidth fullwidth-box fusion-builder-row-1 hundred-percent-fullwidth non-hundred-percent-height-scrolling\" style=\"background-color: rgba(255,255,255,0);background-position: center center;background-repeat: no-repeat;padding-top:0px;padding-right:0px;padding-bottom:0px;padding-left:0px;margin-bottom: 0px;margin-top: 0px;border-width: 0px 0px 0px 0px;border-color:#eaeaea;border-style:solid;\" ><div class=\"fusion-builder-row fusion-row\"><div class=\"fusion-layout-column fusion_builder_column fusion-builder-column-0 fusion_builder_column_1_1 1_1 fusion-one-full fusion-column-first fusion-column-last fusion-column-no-min-height\" style=\"margin-top:0px;margin-bottom:0px;\"><div class=\"fusion-column-wrapper fusion-flex-column-wrapper-legacy\" style=\"background-position:left top;background-repeat:no-repeat;-webkit-background-size:cover;-moz-background-size:cover;-o-background-size:cover;background-size:cover;padding: 0px 0px 0px 0px;\"><div class=\"imageframe-align-center\"><div class=\"fusion-image-frame-bottomshadow image-frame-shadow-1\"><style>.fusion-image-frame-bottomshadow.image-frame-shadow-1{display:inline-block}.element-bottomshadow.imageframe-1:before, .element-bottomshadow.imageframe-1:after{-webkit-box-shadow: 0 17px 10px rgba(25,25,25,0.4);box-shadow: 0 17px 10px rgba(25,25,25,0.4);}<\/style><span class=\" fusion-imageframe imageframe-bottomshadow imageframe-1 element-bottomshadow hover-type-none\"><img width=\"1500\" image_height=\"354\" image_id=\"1096\" title=\"lugar\" src=\"http:\/\/www.cse.udelar.edu.uy\/jies2017\/wp-content\/uploads\/sites\/5\/2016\/12\/lugar.jpg\" class=\"img-responsive wp-image-1096\" srcset=\"https:\/\/www.cse.udelar.edu.uy\/jies2017\/wp-content\/uploads\/sites\/5\/2016\/12\/lugar-200x47.jpg 200w, https:\/\/www.cse.udelar.edu.uy\/jies2017\/wp-content\/uploads\/sites\/5\/2016\/12\/lugar-400x94.jpg 400w, https:\/\/www.cse.udelar.edu.uy\/jies2017\/wp-content\/uploads\/sites\/5\/2016\/12\/lugar-600x142.jpg 600w, https:\/\/www.cse.udelar.edu.uy\/jies2017\/wp-content\/uploads\/sites\/5\/2016\/12\/lugar-800x189.jpg 800w, https:\/\/www.cse.udelar.edu.uy\/jies2017\/wp-content\/uploads\/sites\/5\/2016\/12\/lugar-1200x283.jpg 1200w, https:\/\/www.cse.udelar.edu.uy\/jies2017\/wp-content\/uploads\/sites\/5\/2016\/12\/lugar.jpg 1500w\" sizes=\"(max-width: 800px) 100vw, 1500px\" \/><\/span><\/div><\/div><div class=\"fusion-sep-clear\"><\/div><div class=\"fusion-separator fusion-full-width-sep\" style=\"margin-left: auto;margin-right: auto;margin-top:10px;width:100%;\"><\/div><div class=\"fusion-sep-clear\"><\/div><div class=\"fusion-text fusion-text-1\"><p>El congreso se desarrollar\u00e1 en dos sedes. Puede ver el <a href=\"http:\/\/www.cse.udelar.edu.uy\/wp-content\/uploads\/2013\/12\/Cronograma-completo-JIES2017.pdf\">cronograma del evento<\/a>, para identificar los lugares en los que se realizar\u00e1 cada actividad.<\/p>\n<p><strong>Aulario \u00abJos\u00e9 Luis Massera\u00bb (Faro)<\/strong><\/p>\n<p><a href=\"https:\/\/www.google.com\/maps\/place\/Edificio+Polifuncional+&quot;Jose+Luis+Massera&quot;,+Senda+Nelson+Landoni+631,+11200+Montevideo,+Uruguay\/@-34.919095,-56.167878,16z\/data=!4m5!3m4!1s0x959f81a27b71199f:0x4ece30db435561f!8m2!3d-34.9171139!4d-56.1668522?hl=es-ES\" target=\"_blank\" rel=\"noopener noreferrer\"><img src=\"https:\/\/eventos.cse.udelar.edu.uy\/indico\/event\/0\/picture\/2.jpg\" alt=\"\" \/><\/a><\/p>\n<p><strong>Aulario \u00c1rea Social y Art\u00edstica, frente a Facultad de Ciencias Econ\u00f3micas y de Administraci\u00f3n<\/strong><\/p>\n<p><a href=\"https:\/\/www.google.com\/maps\/place\/Facultad+de+Ciencias+Econ\u00f3micas+y+de+Administraci\u00f3n\/@-34.912367,-56.1751907,17z\/data=!3m1!4b1!4m5!3m4!1s0x959f81bbacb16b53:0x57e62c82d3a0abb4!8m2!3d-34.912367!4d-56.173002?hl=es-ES\" target=\"_blank\" rel=\"noopener noreferrer\"><img src=\"https:\/\/eventos.cse.udelar.edu.uy\/indico\/event\/0\/picture\/3.jpg\" alt=\"\" \/><\/a><\/p>\n<\/div><div class=\"fusion-sep-clear\"><\/div><div class=\"fusion-separator fusion-full-width-sep\" style=\"margin-left: auto;margin-right: auto;margin-top:10px;width:100%;\"><\/div><div class=\"fusion-sep-clear\"><\/div><div class=\"fusion-clearfix\"><\/div><\/div><\/div><\/div><style type=\"text\/css\">.fusion-fullwidth.fusion-builder-row-1 { overflow:visible; }<\/style><\/div><div class=\"fusion-fullwidth fullwidth-box fusion-builder-row-2 nonhundred-percent-fullwidth non-hundred-percent-height-scrolling\" style=\"background-color: rgba(255,255,255,0);background-position: center center;background-repeat: no-repeat;padding-top:20px;padding-right:0px;padding-bottom:20px;padding-left:0px;margin-bottom: 0px;margin-top: 0px;border-width: 0px 0px 0px 0px;border-color:#eaeaea;border-style:solid;\" ><div class=\"fusion-builder-row fusion-row\"><div class=\"fusion-layout-column fusion_builder_column fusion-builder-column-1 fusion_builder_column_1_2 1_2 fusion-one-half fusion-column-first\" style=\"width:50%;width:calc(50% - ( ( 4% ) * 0.5 ) );margin-right: 4%;margin-top:0px;margin-bottom:20px;\"><div class=\"fusion-column-wrapper fusion-flex-column-wrapper-legacy\" style=\"background-position:left top;background-repeat:no-repeat;-webkit-background-size:cover;-moz-background-size:cover;-o-background-size:cover;background-size:cover;padding: 0px 0px 0px 0px;\">\t\t\t\t\t<script type=\"text\/javascript\">\n\t\t\t\t\t\tvar map_fusion_map_69ee72d476af5;\n\t\t\t\t\t\tvar markers = [];\n\t\t\t\t\t\tvar counter = 0;\n\t\t\t\t\t\t\t\t\t\t\t\t\t\t\t\t\t\t\t\tvar fusionMapNonce = 'ff4964a548';\n\t\t\t\t\t\t\t\t\t\t\t\tfunction fusion_run_map_fusion_map_69ee72d476af5() {\n\t\t\t\t\t\t\tjQuery('#fusion_map_69ee72d476af5').fusion_maps({\n\t\t\t\t\t\t\t\taddresses: [{\"address\":\" Edificio Faro, 631, Senda Nelson Landoni, Montevideo, Uruguay\",\"infobox_content\":\" Edificio Faro, 631, Senda Nelson Landoni, Montevideo, Uruguay\",\"coordinates\":false,\"cache\":false}],\n\t\t\t\t\t\t\t\tanimations: false,\n\t\t\t\t\t\t\t\tinfobox_background_color: '',\n\t\t\t\t\t\t\t\tinfobox_styling: 'default',\n\t\t\t\t\t\t\t\tinfobox_text_color: '',\n\t\t\t\t\t\t\t\tmap_style: 'default',\n\t\t\t\t\t\t\t\tmap_type: 'roadmap',\n\t\t\t\t\t\t\t\tmarker_icon: '',\n\t\t\t\t\t\t\t\toverlay_color: '',\n\t\t\t\t\t\t\t\toverlay_color_hsl: {\"hue\":0,\"sat\":0,\"lum\":100},\n\t\t\t\t\t\t\t\tpan_control: true,\n\t\t\t\t\t\t\t\tshow_address: true,\n\t\t\t\t\t\t\t\tscale_control: true,\n\t\t\t\t\t\t\t\tscrollwheel: true,\n\t\t\t\t\t\t\t\tzoom: 14,\n\t\t\t\t\t\t\t\tzoom_control: true,\n\t\t\t\t\t\t\t});\n\t\t\t\t\t\t}\n\n\t\t\t\t\t\tgoogle.maps.event.addDomListener(window, 'load', fusion_run_map_fusion_map_69ee72d476af5);\n\t\t\t\t\t<\/script>\n\t\t\t\t\t<div class=\"shortcode-map fusion-google-map fusion-maps-js-type\" id=\"fusion_map_69ee72d476af5\" style=\"height:300px;width:100%;\"><\/div><div class=\"fusion-sep-clear\"><\/div><div class=\"fusion-separator fusion-full-width-sep\" style=\"margin-left: auto;margin-right: auto;margin-top:10px;width:100%;\"><\/div><div class=\"fusion-sep-clear\"><\/div><div class=\"fusion-text fusion-text-2\"><p style=\"text-align: center\">Edificio Polifuncional \u201cJos\u00e9 Luis Massera\u201d (Faro)<\/p>\n<p style=\"text-align: center\">Senda Nelson Landoni 631, Montevideo, Uruguay<\/p>\n<\/div><div class=\"fusion-clearfix\"><\/div><\/div><\/div><div class=\"fusion-layout-column fusion_builder_column fusion-builder-column-2 fusion_builder_column_1_2 1_2 fusion-one-half fusion-column-last\" style=\"width:50%;width:calc(50% - ( ( 4% ) * 0.5 ) );margin-top:0px;margin-bottom:20px;\"><div class=\"fusion-column-wrapper fusion-flex-column-wrapper-legacy\" style=\"background-position:left top;background-repeat:no-repeat;-webkit-background-size:cover;-moz-background-size:cover;-o-background-size:cover;background-size:cover;padding: 0px 0px 0px 0px;\">\t\t\t\t\t<script type=\"text\/javascript\">\n\t\t\t\t\t\tvar map_fusion_map_69ee72d476de7;\n\t\t\t\t\t\tvar markers = [];\n\t\t\t\t\t\tvar counter = 0;\n\t\t\t\t\t\t\t\t\t\t\t\tfunction fusion_run_map_fusion_map_69ee72d476de7() {\n\t\t\t\t\t\t\tjQuery('#fusion_map_69ee72d476de7').fusion_maps({\n\t\t\t\t\t\t\t\taddresses: [{\"address\":\"Av. Gonzalo Ram\\u00edrez 1829 11200 Montevideo Uruguay<br \\\/>\\n\",\"infobox_content\":\"Av. Gonzalo Ram\\u00edrez 1829 11200 Montevideo Uruguay<br \\\/>\\n\",\"coordinates\":false,\"cache\":false}],\n\t\t\t\t\t\t\t\tanimations: false,\n\t\t\t\t\t\t\t\tinfobox_background_color: '',\n\t\t\t\t\t\t\t\tinfobox_styling: 'default',\n\t\t\t\t\t\t\t\tinfobox_text_color: '',\n\t\t\t\t\t\t\t\tmap_style: 'default',\n\t\t\t\t\t\t\t\tmap_type: 'roadmap',\n\t\t\t\t\t\t\t\tmarker_icon: '',\n\t\t\t\t\t\t\t\toverlay_color: '',\n\t\t\t\t\t\t\t\toverlay_color_hsl: {\"hue\":0,\"sat\":0,\"lum\":100},\n\t\t\t\t\t\t\t\tpan_control: true,\n\t\t\t\t\t\t\t\tshow_address: true,\n\t\t\t\t\t\t\t\tscale_control: true,\n\t\t\t\t\t\t\t\tscrollwheel: true,\n\t\t\t\t\t\t\t\tzoom: 14,\n\t\t\t\t\t\t\t\tzoom_control: true,\n\t\t\t\t\t\t\t});\n\t\t\t\t\t\t}\n\n\t\t\t\t\t\tgoogle.maps.event.addDomListener(window, 'load', fusion_run_map_fusion_map_69ee72d476de7);\n\t\t\t\t\t<\/script>\n\t\t\t\t\t<div class=\"shortcode-map fusion-google-map fusion-maps-js-type\" id=\"fusion_map_69ee72d476de7\" style=\"height:300px;width:100%;\"><\/div><div class=\"fusion-sep-clear\"><\/div><div class=\"fusion-separator fusion-full-width-sep\" style=\"margin-left: auto;margin-right: auto;margin-top:10px;width:100%;\"><\/div><div class=\"fusion-sep-clear\"><\/div><div class=\"fusion-text fusion-text-3\"><p style=\"text-align: center\">Aulario del \u00c1rea Social y Art\u00edstica<\/p>\n<div class=\"address\">\n<div class=\"address-line full-width\" style=\"text-align: center\">\n<div class=\"address-line full-width\">Av. Gonzalo Ram\u00edrez 1829. Montevideo, Uruguay<\/div>\n<\/div>\n<\/div>\n<\/div><div class=\"fusion-clearfix\"><\/div><\/div><\/div><\/div><\/div>\t\t<\/p>\n","protected":false},"excerpt":{"rendered":"","protected":false},"author":2,"featured_media":0,"parent":0,"menu_order":0,"comment_status":"closed","ping_status":"closed","template":"","meta":[],"_links":{"self":[{"href":"https:\/\/www.cse.udelar.edu.uy\/jies2017\/wp-json\/wp\/v2\/pages\/1095"}],"collection":[{"href":"https:\/\/www.cse.udelar.edu.uy\/jies2017\/wp-json\/wp\/v2\/pages"}],"about":[{"href":"https:\/\/www.cse.udelar.edu.uy\/jies2017\/wp-json\/wp\/v2\/types\/page"}],"author":[{"embeddable":true,"href":"https:\/\/www.cse.udelar.edu.uy\/jies2017\/wp-json\/wp\/v2\/users\/2"}],"replies":[{"embeddable":true,"href":"https:\/\/www.cse.udelar.edu.uy\/jies2017\/wp-json\/wp\/v2\/comments?post=1095"}],"version-history":[{"count":0,"href":"https:\/\/www.cse.udelar.edu.uy\/jies2017\/wp-json\/wp\/v2\/pages\/1095\/revisions"}],"wp:attachment":[{"href":"https:\/\/www.cse.udelar.edu.uy\/jies2017\/wp-json\/wp\/v2\/media?parent=1095"}],"curies":[{"name":"wp","href":"https:\/\/api.w.org\/{rel}","templated":true}]}}

Universidad de la República

<p>				<div class="fusion-fullwidth fullwidth-box fusion-builder-row-1 hundred-percent-fullwidth non-hundred-percent-height-scrolling" style="background-color: rgba(255,255,255,0);background-position: center center;background-repeat: no-repeat;padding-top:0px;padding-right:0px;padding-bottom:0px;padding-left:0px;margin-bottom: 0px;margin-top: 0px;border-width: 0px 0px 0px 0px;border-color:#eaeaea;border-style:solid;" ><div class="fusion-builder-row fusion-row"><div class="fusion-layout-column fusion_builder_column fusion-builder-column-0 fusion_builder_column_1_1 1_1 fusion-one-full fusion-column-first fusion-column-last fusion-column-no-min-height" style="margin-top:0px;margin-bottom:0px;"><div class="fusion-column-wrapper fusion-flex-column-wrapper-legacy" style="background-position:left top;background-repeat:no-repeat;-webkit-background-size:cover;-moz-background-size:cover;-o-background-size:cover;background-size:cover;padding: 0px 0px 0px 0px;"><div class="imageframe-align-center"><div class="fusion-image-frame-bottomshadow image-frame-shadow-1"><style>.fusion-image-frame-bottomshadow.image-frame-shadow-1{display:inline-block}.element-bottomshadow.imageframe-1:before, .element-bottomshadow.imageframe-1:after{-webkit-box-shadow: 0 17px 10px rgba(25,25,25,0.4);box-shadow: 0 17px 10px rgba(25,25,25,0.4);}</style><span class=" fusion-imageframe imageframe-bottomshadow imageframe-1 element-bottomshadow hover-type-none"><img width="1500" image_height="354" image_id="1096" title="lugar" src="http://www.cse.udelar.edu.uy/jies2017/wp-content/uploads/sites/5/2016/12/lugar.jpg" class="img-responsive wp-image-1096" srcset="https://www.cse.udelar.edu.uy/jies2017/wp-content/uploads/sites/5/2016/12/lugar-200x47.jpg 200w, https://www.cse.udelar.edu.uy/jies2017/wp-content/uploads/sites/5/2016/12/lugar-400x94.jpg 400w, https://www.cse.udelar.edu.uy/jies2017/wp-content/uploads/sites/5/2016/12/lugar-600x142.jpg 600w, https://www.cse.udelar.edu.uy/jies2017/wp-content/uploads/sites/5/2016/12/lugar-800x189.jpg 800w, https://www.cse.udelar.edu.uy/jies2017/wp-content/uploads/sites/5/2016/12/lugar-1200x283.jpg 1200w, https://www.cse.udelar.edu.uy/jies2017/wp-content/uploads/sites/5/2016/12/lugar.jpg 1500w" sizes="(max-width: 800px) 100vw, 1500px" /></span></div></div><div class="fusion-sep-clear"></div><div class="fusion-separator fusion-full-width-sep" style="margin-left: auto;margin-right: auto;margin-top:10px;width:100%;"></div><div class="fusion-sep-clear"></div><div class="fusion-text fusion-text-1"><p>El congreso se desarrollará en dos sedes. Puede ver el <a href="http://www.cse.udelar.edu.uy/wp-content/uploads/2013/12/Cronograma-completo-JIES2017.pdf">cronograma del evento</a>, para identificar los lugares en los que se realizará cada actividad.</p>
<p><strong>Aulario «José Luis Massera» (Faro)</strong></p>
<p><a href="https://www.google.com/maps/place/Edificio+Polifuncional+&quot;Jose+Luis+Massera&quot;,+Senda+Nelson+Landoni+631,+11200+Montevideo,+Uruguay/@-34.919095,-56.167878,16z/data=!4m5!3m4!1s0x959f81a27b71199f:0x4ece30db435561f!8m2!3d-34.9171139!4d-56.1668522?hl=es-ES" target="_blank" rel="noopener noreferrer"><img src="https://eventos.cse.udelar.edu.uy/indico/event/0/picture/2.jpg" alt="" /></a></p>
<p><strong>Aulario Área Social y Artística, frente a Facultad de Ciencias Económicas y de Administración</strong></p>
<p><a href="https://www.google.com/maps/place/Facultad+de+Ciencias+Económicas+y+de+Administración/@-34.912367,-56.1751907,17z/data=!3m1!4b1!4m5!3m4!1s0x959f81bbacb16b53:0x57e62c82d3a0abb4!8m2!3d-34.912367!4d-56.173002?hl=es-ES" target="_blank" rel="noopener noreferrer"><img src="https://eventos.cse.udelar.edu.uy/indico/event/0/picture/3.jpg" alt="" /></a></p>
</div><div class="fusion-sep-clear"></div><div class="fusion-separator fusion-full-width-sep" style="margin-left: auto;margin-right: auto;margin-top:10px;width:100%;"></div><div class="fusion-sep-clear"></div><div class="fusion-clearfix"></div></div></div></div><style type="text/css">.fusion-fullwidth.fusion-builder-row-1 { overflow:visible; }</style></div><div class="fusion-fullwidth fullwidth-box fusion-builder-row-2 nonhundred-percent-fullwidth non-hundred-percent-height-scrolling" style="background-color: rgba(255,255,255,0);background-position: center center;background-repeat: no-repeat;padding-top:20px;padding-right:0px;padding-bottom:20px;padding-left:0px;margin-bottom: 0px;margin-top: 0px;border-width: 0px 0px 0px 0px;border-color:#eaeaea;border-style:solid;" ><div class="fusion-builder-row fusion-row"><div class="fusion-layout-column fusion_builder_column fusion-builder-column-1 fusion_builder_column_1_2 1_2 fusion-one-half fusion-column-first" style="width:50%;width:calc(50% - ( ( 4% ) * 0.5 ) );margin-right: 4%;margin-top:0px;margin-bottom:20px;"><div class="fusion-column-wrapper fusion-flex-column-wrapper-legacy" style="background-position:left top;background-repeat:no-repeat;-webkit-background-size:cover;-moz-background-size:cover;-o-background-size:cover;background-size:cover;padding: 0px 0px 0px 0px;">					<script type="text/javascript">
						var map_fusion_map_69ee72d476af5;
						var markers = [];
						var counter = 0;
																				var fusionMapNonce = 'ff4964a548';
												function fusion_run_map_fusion_map_69ee72d476af5() {
							jQuery('#fusion_map_69ee72d476af5').fusion_maps({
								addresses: [{"address":" Edificio Faro, 631, Senda Nelson Landoni, Montevideo, Uruguay","infobox_content":" Edificio Faro, 631, Senda Nelson Landoni, Montevideo, Uruguay","coordinates":false,"cache":false}],
								animations: false,
								infobox_background_color: '',
								infobox_styling: 'default',
								infobox_text_color: '',
								map_style: 'default',
								map_type: 'roadmap',
								marker_icon: '',
								overlay_color: '',
								overlay_color_hsl: {"hue":0,"sat":0,"lum":100},
								pan_control: true,
								show_address: true,
								scale_control: true,
								scrollwheel: true,
								zoom: 14,
								zoom_control: true,
							});
						}

						google.maps.event.addDomListener(window, 'load', fusion_run_map_fusion_map_69ee72d476af5);
					</script>
					<div class="shortcode-map fusion-google-map fusion-maps-js-type" id="fusion_map_69ee72d476af5" style="height:300px;width:100%;"></div><div class="fusion-sep-clear"></div><div class="fusion-separator fusion-full-width-sep" style="margin-left: auto;margin-right: auto;margin-top:10px;width:100%;"></div><div class="fusion-sep-clear"></div><div class="fusion-text fusion-text-2"><p style="text-align: center">Edificio Polifuncional “José Luis Massera” (Faro)</p>
<p style="text-align: center">Senda Nelson Landoni 631, Montevideo, Uruguay</p>
</div><div class="fusion-clearfix"></div></div></div><div class="fusion-layout-column fusion_builder_column fusion-builder-column-2 fusion_builder_column_1_2 1_2 fusion-one-half fusion-column-last" style="width:50%;width:calc(50% - ( ( 4% ) * 0.5 ) );margin-top:0px;margin-bottom:20px;"><div class="fusion-column-wrapper fusion-flex-column-wrapper-legacy" style="background-position:left top;background-repeat:no-repeat;-webkit-background-size:cover;-moz-background-size:cover;-o-background-size:cover;background-size:cover;padding: 0px 0px 0px 0px;">					<script type="text/javascript">
						var map_fusion_map_69ee72d476de7;
						var markers = [];
						var counter = 0;
												function fusion_run_map_fusion_map_69ee72d476de7() {
							jQuery('#fusion_map_69ee72d476de7').fusion_maps({
								addresses: [{"address":"Av. Gonzalo Ram\u00edrez 1829 11200 Montevideo Uruguay<br \/>\n","infobox_content":"Av. Gonzalo Ram\u00edrez 1829 11200 Montevideo Uruguay<br \/>\n","coordinates":false,"cache":false}],
								animations: false,
								infobox_background_color: '',
								infobox_styling: 'default',
								infobox_text_color: '',
								map_style: 'default',
								map_type: 'roadmap',
								marker_icon: '',
								overlay_color: '',
								overlay_color_hsl: {"hue":0,"sat":0,"lum":100},
								pan_control: true,
								show_address: true,
								scale_control: true,
								scrollwheel: true,
								zoom: 14,
								zoom_control: true,
							});
						}

						google.maps.event.addDomListener(window, 'load', fusion_run_map_fusion_map_69ee72d476de7);
					</script>
					<div class="shortcode-map fusion-google-map fusion-maps-js-type" id="fusion_map_69ee72d476de7" style="height:300px;width:100%;"></div><div class="fusion-sep-clear"></div><div class="fusion-separator fusion-full-width-sep" style="margin-left: auto;margin-right: auto;margin-top:10px;width:100%;"></div><div class="fusion-sep-clear"></div><div class="fusion-text fusion-text-3"><p style="text-align: center">Aulario del Área Social y Artística</p>
<div class="address">
<div class="address-line full-width" style="text-align: center">
<div class="address-line full-width">Av. Gonzalo Ramírez 1829. Montevideo, Uruguay</div>
</div>
</div>
</div><div class="fusion-clearfix"></div></div></div></div></div>		</p>
