{"id":1237,"date":"2017-10-18T18:39:32","date_gmt":"2017-10-18T21:39:32","guid":{"rendered":"http:\/\/jies.cse.udelar.edu.uy\/?page_id=1237"},"modified":"2017-10-18T18:39:32","modified_gmt":"2017-10-18T21:39:32","slug":"integracion-y-conocimiento","status":"publish","type":"page","link":"https:\/\/www.cse.udelar.edu.uy\/jies2017\/integracion-y-conocimiento\/","title":{"rendered":"Integraci\u00f3n y conocimiento"},"content":{"rendered":"<div class=\"fusion-fullwidth fullwidth-box fusion-builder-row-1 nonhundred-percent-fullwidth non-hundred-percent-height-scrolling\" style=\"background-color: rgba(255,255,255,0);background-position: center center;background-repeat: no-repeat;padding-top:20px;padding-right:0px;padding-bottom:20px;padding-left:0px;margin-bottom: 0px;margin-top: 0px;border-width: 0px 0px 0px 0px;border-color:#eaeaea;border-style:solid;\" ><div class=\"fusion-builder-row fusion-row\"><div class=\"fusion-layout-column fusion_builder_column fusion-builder-column-0 fusion_builder_column_1_1 1_1 fusion-one-full fusion-column-first fusion-column-last\" style=\"margin-top:0px;margin-bottom:20px;\"><div class=\"fusion-column-wrapper fusion-flex-column-wrapper-legacy\" style=\"background-position:left top;background-repeat:no-repeat;-webkit-background-size:cover;-moz-background-size:cover;-o-background-size:cover;background-size:cover;padding: 0px 0px 0px 0px;\"><style type=\"text\/css\"><\/style><div class=\"fusion-title title fusion-title-1 fusion-title-text fusion-title-size-two\" style=\"margin-top:0%;margin-bottom:30px;\"><h2 class=\"title-heading-left\" style=\"margin:0;\"><span style=\"color: #5e4aad\">26 de octubre | 10:45 a 12:45 hs. | Sal\u00f3n 206, Aulario \u00c1rea Social y Art\u00edstica<\/span><\/h2><div class=\"title-sep-container\"><div class=\"title-sep sep-single sep-dotted\" style=\"border-color:#5e4aad;\"><\/div><\/div><\/div><div class=\"fusion-clearfix\"><\/div><\/div><\/div><div class=\"fusion-layout-column fusion_builder_column fusion-builder-column-1 fusion_builder_column_1_4 1_4 fusion-one-fourth fusion-column-first\" style=\"width:25%;width:calc(25% - ( ( 4% ) * 0.25 ) );margin-right: 4%;margin-top:0px;margin-bottom:20px;\"><div class=\"fusion-column-wrapper fusion-flex-column-wrapper-legacy\" style=\"background-position:left top;background-repeat:no-repeat;-webkit-background-size:cover;-moz-background-size:cover;-o-background-size:cover;background-size:cover;padding: 0px 0px 0px 0px;\"><div class=\"imageframe-align-center\"><span class=\" fusion-imageframe imageframe-none imageframe-1 hover-type-none\"><img width=\"317\" image_height=\"448\" image_id=\"1238\" title=\"tapa-integracion-conocimiento\" src=\"http:\/\/www.cse.udelar.edu.uy\/jies2017\/wp-content\/uploads\/sites\/5\/2017\/10\/tapa-integracion-conocimiento.jpg\" class=\"img-responsive wp-image-1238\" srcset=\"https:\/\/www.cse.udelar.edu.uy\/jies2017\/wp-content\/uploads\/sites\/5\/2017\/10\/tapa-integracion-conocimiento-200x283.jpg 200w, https:\/\/www.cse.udelar.edu.uy\/jies2017\/wp-content\/uploads\/sites\/5\/2017\/10\/tapa-integracion-conocimiento.jpg 317w\" sizes=\"(max-width: 800px) 100vw, 317px\" \/><\/span><\/div><div class=\"fusion-sep-clear\"><\/div><div class=\"fusion-separator fusion-full-width-sep\" style=\"margin-left: auto;margin-right: auto;margin-top:10px;margin-bottom:10px;width:100%;\"><div class=\"fusion-separator-border sep-single sep-dotted\" style=\"border-color:#777777;border-top-width:1px;\"><\/div><\/div><div class=\"fusion-sep-clear\"><\/div><div class=\"fusion-text fusion-text-1\"><p>Revista del N\u00facleo de Estudios e Investigaciones en Educaci\u00f3n Superior del Mercosur<\/p>\n<\/div><div class=\"fusion-clearfix\"><\/div><\/div><\/div><div class=\"fusion-layout-column fusion_builder_column fusion-builder-column-2 fusion_builder_column_3_4 3_4 fusion-three-fourth fusion-column-last\" style=\"width:75%;width:calc(75% - ( ( 4% ) * 0.75 ) );margin-top:0px;margin-bottom:20px;\"><div class=\"fusion-column-wrapper fusion-flex-column-wrapper-legacy\" style=\"background-position:left top;background-repeat:no-repeat;-webkit-background-size:cover;-moz-background-size:cover;-o-background-size:cover;background-size:cover;padding: 0px 0px 0px 0px;\"><div class=\"fusion-text fusion-text-2\"><p>Esta Revista es una iniciativa del N\u00facleo de Estudios e Investigaciones en Educaci\u00f3n Superior del MERCOSUR, de edici\u00f3n semestral. Convoca a investigadores, consultores, docentes y estudiantes de postgrado de los pa\u00edses del MERCOSUR para la presentaci\u00f3n de art\u00edculos con el objetivo de promover el debate de ideas, la reflexi\u00f3n y difusi\u00f3n de conocimiento sobre la Educaci\u00f3n Superior en el MERCOSUR. El alcance de la publicaci\u00f3n se concentra especialmente, en iniciativas acad\u00e9micas que contribuyan a la integraci\u00f3n regional y latinoamericana y al fortalecimiento de los procesos de formulaci\u00f3n de pol\u00edticas p\u00fablicas en Educaci\u00f3n Superior del MERCOSUR.<\/p>\n<\/div><div class=\"fusion-sep-clear\"><\/div><div class=\"fusion-separator fusion-full-width-sep\" style=\"margin-left: auto;margin-right: auto;margin-top:10px;margin-bottom:10px;width:100%;\"><div class=\"fusion-separator-border sep-single sep-dotted\" style=\"border-color:#777777;border-top-width:1px;\"><\/div><\/div><div class=\"fusion-sep-clear\"><\/div><style type=\"text\/css\"><\/style><div class=\"fusion-title title fusion-title-2 fusion-sep-none fusion-title-text fusion-title-size-four\" style=\"margin-top:15px;margin-bottom:30px;\"><h4 class=\"title-heading-left\" style=\"margin:0;\">Presentan: Estela M. Miranda, Liliana Vanella y Adela Coria<\/h4><\/div><div class=\"fusion-text fusion-text-3\"><p><strong>Estela M. Miranda<\/strong><br \/>\n<em>Universidad Nacional de C\u00f3rdoba, Argentina<\/em><\/p>\n<p>Licenciada en Ciencias de la Educaci\u00f3n de la Facultad de Filosof\u00eda y Humanidades de la Universidad Nacional de San Luis. Doctora en Ciencias de la Educaci\u00f3n de la Facultad de Filoso\u00eda y Huamnidades de la Universidad Nacional de C\u00f3rdoba<\/p>\n<\/div><div class=\"fusion-sep-clear\"><\/div><div class=\"fusion-separator fusion-full-width-sep\" style=\"margin-left: auto;margin-right: auto;margin-top:10px;margin-bottom:10px;width:100%;\"><div class=\"fusion-separator-border sep-single sep-dotted\" style=\"border-color:#777777;border-top-width:1px;\"><\/div><\/div><div class=\"fusion-sep-clear\"><\/div><div class=\"fusion-text fusion-text-4\"><p><strong>Liliana Vanella<\/strong><br \/>\n<em>Universidad Nacional de C\u00f3rdoba, Argentina<\/em><\/p>\n<p>Licenciada en Ciencias de la Educaci\u00f3n de la Facultad de Filosof\u00eda y Humanidades de la Universidad Nacional de San Luis. Doctora en Ciencias de la Educaci\u00f3n de la Facultad de Filoso\u00eda y Huamnidades de la Universidad Nacional de C\u00f3rdoba<\/p>\n<\/div><div class=\"fusion-sep-clear\"><\/div><div class=\"fusion-separator fusion-full-width-sep\" style=\"margin-left: auto;margin-right: auto;margin-top:10px;margin-bottom:10px;width:100%;\"><div class=\"fusion-separator-border sep-single sep-dotted\" style=\"border-color:#777777;border-top-width:1px;\"><\/div><\/div><div class=\"fusion-sep-clear\"><\/div><div class=\"fusion-text fusion-text-5\"><p><strong>Adela Coria<\/strong><br \/>\n<em>Universidad Nacional de C\u00f3rdoba, Argentina<\/em><\/p>\n<p>Licenciada en Ciencias de la Educaci\u00f3n de la Facultad de Filosof\u00eda y Humanidades de la Universidad Nacional de San Luis. Doctora en Ciencias de la Educaci\u00f3n de la Facultad de Filoso\u00eda y Huamnidades de la Universidad Nacional de C\u00f3rdoba<\/p>\n<\/div><div class=\"fusion-clearfix\"><\/div><\/div><\/div><\/div><\/div>\n","protected":false},"excerpt":{"rendered":"","protected":false},"author":2,"featured_media":0,"parent":0,"menu_order":0,"comment_status":"closed","ping_status":"closed","template":"","meta":[],"_links":{"self":[{"href":"https:\/\/www.cse.udelar.edu.uy\/jies2017\/wp-json\/wp\/v2\/pages\/1237"}],"collection":[{"href":"https:\/\/www.cse.udelar.edu.uy\/jies2017\/wp-json\/wp\/v2\/pages"}],"about":[{"href":"https:\/\/www.cse.udelar.edu.uy\/jies2017\/wp-json\/wp\/v2\/types\/page"}],"author":[{"embeddable":true,"href":"https:\/\/www.cse.udelar.edu.uy\/jies2017\/wp-json\/wp\/v2\/users\/2"}],"replies":[{"embeddable":true,"href":"https:\/\/www.cse.udelar.edu.uy\/jies2017\/wp-json\/wp\/v2\/comments?post=1237"}],"version-history":[{"count":0,"href":"https:\/\/www.cse.udelar.edu.uy\/jies2017\/wp-json\/wp\/v2\/pages\/1237\/revisions"}],"wp:attachment":[{"href":"https:\/\/www.cse.udelar.edu.uy\/jies2017\/wp-json\/wp\/v2\/media?parent=1237"}],"curies":[{"name":"wp","href":"https:\/\/api.w.org\/{rel}","templated":true}]}}

Integración y conocimiento

<div class="fusion-fullwidth fullwidth-box fusion-builder-row-1 nonhundred-percent-fullwidth non-hundred-percent-height-scrolling" style="background-color: rgba(255,255,255,0);background-position: center center;background-repeat: no-repeat;padding-top:20px;padding-right:0px;padding-bottom:20px;padding-left:0px;margin-bottom: 0px;margin-top: 0px;border-width: 0px 0px 0px 0px;border-color:#eaeaea;border-style:solid;" ><div class="fusion-builder-row fusion-row"><div class="fusion-layout-column fusion_builder_column fusion-builder-column-0 fusion_builder_column_1_1 1_1 fusion-one-full fusion-column-first fusion-column-last" style="margin-top:0px;margin-bottom:20px;"><div class="fusion-column-wrapper fusion-flex-column-wrapper-legacy" style="background-position:left top;background-repeat:no-repeat;-webkit-background-size:cover;-moz-background-size:cover;-o-background-size:cover;background-size:cover;padding: 0px 0px 0px 0px;"><style type="text/css"></style><div class="fusion-title title fusion-title-1 fusion-title-text fusion-title-size-two" style="margin-top:0%;margin-bottom:30px;"><h2 class="title-heading-left" style="margin:0;"><span style="color: #5e4aad">26 de octubre | 10:45 a 12:45 hs. | Salón 206, Aulario Área Social y Artística</span></h2><div class="title-sep-container"><div class="title-sep sep-single sep-dotted" style="border-color:#5e4aad;"></div></div></div><div class="fusion-clearfix"></div></div></div><div class="fusion-layout-column fusion_builder_column fusion-builder-column-1 fusion_builder_column_1_4 1_4 fusion-one-fourth fusion-column-first" style="width:25%;width:calc(25% - ( ( 4% ) * 0.25 ) );margin-right: 4%;margin-top:0px;margin-bottom:20px;"><div class="fusion-column-wrapper fusion-flex-column-wrapper-legacy" style="background-position:left top;background-repeat:no-repeat;-webkit-background-size:cover;-moz-background-size:cover;-o-background-size:cover;background-size:cover;padding: 0px 0px 0px 0px;"><div class="imageframe-align-center"><span class=" fusion-imageframe imageframe-none imageframe-1 hover-type-none"><img width="317" image_height="448" image_id="1238" title="tapa-integracion-conocimiento" src="http://www.cse.udelar.edu.uy/jies2017/wp-content/uploads/sites/5/2017/10/tapa-integracion-conocimiento.jpg" class="img-responsive wp-image-1238" srcset="https://www.cse.udelar.edu.uy/jies2017/wp-content/uploads/sites/5/2017/10/tapa-integracion-conocimiento-200x283.jpg 200w, https://www.cse.udelar.edu.uy/jies2017/wp-content/uploads/sites/5/2017/10/tapa-integracion-conocimiento.jpg 317w" sizes="(max-width: 800px) 100vw, 317px" /></span></div><div class="fusion-sep-clear"></div><div class="fusion-separator fusion-full-width-sep" style="margin-left: auto;margin-right: auto;margin-top:10px;margin-bottom:10px;width:100%;"><div class="fusion-separator-border sep-single sep-dotted" style="border-color:#777777;border-top-width:1px;"></div></div><div class="fusion-sep-clear"></div><div class="fusion-text fusion-text-1"><p>Revista del Núcleo de Estudios e Investigaciones en Educación Superior del Mercosur</p>
</div><div class="fusion-clearfix"></div></div></div><div class="fusion-layout-column fusion_builder_column fusion-builder-column-2 fusion_builder_column_3_4 3_4 fusion-three-fourth fusion-column-last" style="width:75%;width:calc(75% - ( ( 4% ) * 0.75 ) );margin-top:0px;margin-bottom:20px;"><div class="fusion-column-wrapper fusion-flex-column-wrapper-legacy" style="background-position:left top;background-repeat:no-repeat;-webkit-background-size:cover;-moz-background-size:cover;-o-background-size:cover;background-size:cover;padding: 0px 0px 0px 0px;"><div class="fusion-text fusion-text-2"><p>Esta Revista es una iniciativa del Núcleo de Estudios e Investigaciones en Educación Superior del MERCOSUR, de edición semestral. Convoca a investigadores, consultores, docentes y estudiantes de postgrado de los países del MERCOSUR para la presentación de artículos con el objetivo de promover el debate de ideas, la reflexión y difusión de conocimiento sobre la Educación Superior en el MERCOSUR. El alcance de la publicación se concentra especialmente, en iniciativas académicas que contribuyan a la integración regional y latinoamericana y al fortalecimiento de los procesos de formulación de políticas públicas en Educación Superior del MERCOSUR.</p>
</div><div class="fusion-sep-clear"></div><div class="fusion-separator fusion-full-width-sep" style="margin-left: auto;margin-right: auto;margin-top:10px;margin-bottom:10px;width:100%;"><div class="fusion-separator-border sep-single sep-dotted" style="border-color:#777777;border-top-width:1px;"></div></div><div class="fusion-sep-clear"></div><style type="text/css"></style><div class="fusion-title title fusion-title-2 fusion-sep-none fusion-title-text fusion-title-size-four" style="margin-top:15px;margin-bottom:30px;"><h4 class="title-heading-left" style="margin:0;">Presentan: Estela M. Miranda, Liliana Vanella y Adela Coria</h4></div><div class="fusion-text fusion-text-3"><p><strong>Estela M. Miranda</strong><br />
<em>Universidad Nacional de Córdoba, Argentina</em></p>
<p>Licenciada en Ciencias de la Educación de la Facultad de Filosofía y Humanidades de la Universidad Nacional de San Luis. Doctora en Ciencias de la Educación de la Facultad de Filosoía y Huamnidades de la Universidad Nacional de Córdoba</p>
</div><div class="fusion-sep-clear"></div><div class="fusion-separator fusion-full-width-sep" style="margin-left: auto;margin-right: auto;margin-top:10px;margin-bottom:10px;width:100%;"><div class="fusion-separator-border sep-single sep-dotted" style="border-color:#777777;border-top-width:1px;"></div></div><div class="fusion-sep-clear"></div><div class="fusion-text fusion-text-4"><p><strong>Liliana Vanella</strong><br />
<em>Universidad Nacional de Córdoba, Argentina</em></p>
<p>Licenciada en Ciencias de la Educación de la Facultad de Filosofía y Humanidades de la Universidad Nacional de San Luis. Doctora en Ciencias de la Educación de la Facultad de Filosoía y Huamnidades de la Universidad Nacional de Córdoba</p>
</div><div class="fusion-sep-clear"></div><div class="fusion-separator fusion-full-width-sep" style="margin-left: auto;margin-right: auto;margin-top:10px;margin-bottom:10px;width:100%;"><div class="fusion-separator-border sep-single sep-dotted" style="border-color:#777777;border-top-width:1px;"></div></div><div class="fusion-sep-clear"></div><div class="fusion-text fusion-text-5"><p><strong>Adela Coria</strong><br />
<em>Universidad Nacional de Córdoba, Argentina</em></p>
<p>Licenciada en Ciencias de la Educación de la Facultad de Filosofía y Humanidades de la Universidad Nacional de San Luis. Doctora en Ciencias de la Educación de la Facultad de Filosoía y Huamnidades de la Universidad Nacional de Córdoba</p>
</div><div class="fusion-clearfix"></div></div></div></div></div>
