{"id":1256,"date":"2017-10-20T14:58:15","date_gmt":"2017-10-20T17:58:15","guid":{"rendered":"http:\/\/jies.cse.udelar.edu.uy\/?page_id=1256"},"modified":"2017-10-20T14:58:15","modified_gmt":"2017-10-20T17:58:15","slug":"tic-e-learning-e-inclusion-educativa-posibilidades-de-los-entornos-virtuales-de-aprendizaje","status":"publish","type":"page","link":"https:\/\/www.cse.udelar.edu.uy\/jies2017\/tic-e-learning-e-inclusion-educativa-posibilidades-de-los-entornos-virtuales-de-aprendizaje\/","title":{"rendered":"TIC, e-learning e inclusi\u00f3n educativa, posibilidades de los entornos virtuales de aprendizaje"},"content":{"rendered":"<div class=\"fusion-fullwidth fullwidth-box fusion-builder-row-1 nonhundred-percent-fullwidth non-hundred-percent-height-scrolling\" style=\"background-color: rgba(255,255,255,0);background-position: center center;background-repeat: no-repeat;padding-top:0px;padding-right:0px;padding-bottom:0px;padding-left:0px;margin-bottom: 0px;margin-top: 0px;border-width: 0px 0px 0px 0px;border-color:#eaeaea;border-style:solid;\" ><div class=\"fusion-builder-row fusion-row\"><div class=\"fusion-layout-column fusion_builder_column fusion-builder-column-0 fusion_builder_column_1_1 1_1 fusion-one-full fusion-column-first fusion-column-last\" style=\"margin-top:0px;margin-bottom:0px;\"><div class=\"fusion-column-wrapper fusion-flex-column-wrapper-legacy\" style=\"background-position:left top;background-repeat:no-repeat;-webkit-background-size:cover;-moz-background-size:cover;-o-background-size:cover;background-size:cover;padding: 0px 0px 0px 0px;\"><style type=\"text\/css\"><\/style><div class=\"fusion-title title fusion-title-1 fusion-title-text fusion-title-size-two\" style=\"margin-top:0%;margin-bottom:30px;\"><h2 class=\"title-heading-left\" style=\"margin:0;\"><span style=\"color: #5e4aad\">25 de octubre | 10:30 a 12:30 hs.<\/span><\/h2><div class=\"title-sep-container\"><div class=\"title-sep sep-single sep-dotted\" style=\"border-color:#5e4aad;\"><\/div><\/div><\/div><div class=\"fusion-text fusion-text-1\"><p>El desarrollo de las tecnolog\u00edas aplicadas al aprendizaje ha sido un avance significativo a la hora de pensar la equidad en la educaci\u00f3n. Su potencialidad para permitir diferentes herramientas y dispositivos, mejorar el acceso a poblaciones que presentan situaciones diversas, resulta de inter\u00e9s para estudiantes, docentes e investigadores. De todas formas, lo que resulta novedoso e innovador, no queda exento de debates. El panel se propone abordar y debatir sobre los aportes del uso de la tecnolog\u00eda aplicada a los procesos de ense\u00f1anza-aprendizaje. Las exposiciones permitir\u00e1n reflexionar sobre las posibilidades de dispositivos, herramientas y resultados para atender la diversidad de situaciones presentes en las comunidades educativas. En este caso se plantear\u00e1n experiencias vinculadas a dise\u00f1os que pueden ser\u00a0 dirigidas a poblaciones en situaci\u00f3n de discapacidad, a situaciones de contextos desfavorecidos, tanto como a poblaci\u00f3n con dificultades de acceso de distinta \u00edndole. Finalmente nos realizaremos la pregunta: \u00bflas TIC son herramientas alternativas para la ense\u00f1anza-aprendizaje o complementarias?<\/p>\n<p>&nbsp;<\/p>\n<\/div><style type=\"text\/css\"><\/style><div class=\"fusion-title title fusion-title-2 fusion-title-text fusion-title-size-two\" style=\"margin-top:0%;margin-bottom:30px;\"><h2 class=\"title-heading-left\" style=\"margin:0;\"><span style=\"color: #5e4aad\">Panelistas<\/span><\/h2><div class=\"title-sep-container\"><div class=\"title-sep sep-single sep-dotted\" style=\"border-color:#5e4aad;\"><\/div><\/div><\/div><div class=\"fusion-text fusion-text-2\"><p><img loading=\"lazy\" class=\"size-thumbnail wp-image-1259 alignleft\" src=\"http:\/\/www.cse.udelar.edu.uy\/jies2017\/wp-content\/uploads\/sites\/5\/2017\/10\/roberto-balaguer-150x150.jpg\" alt=\"\" width=\"150\" height=\"150\" srcset=\"https:\/\/www.cse.udelar.edu.uy\/jies2017\/wp-content\/uploads\/sites\/5\/2017\/10\/roberto-balaguer-66x66.jpg 66w, https:\/\/www.cse.udelar.edu.uy\/jies2017\/wp-content\/uploads\/sites\/5\/2017\/10\/roberto-balaguer-150x150.jpg 150w, https:\/\/www.cse.udelar.edu.uy\/jies2017\/wp-content\/uploads\/sites\/5\/2017\/10\/roberto-balaguer.jpg 427w\" sizes=\"(max-width: 150px) 100vw, 150px\" \/><\/p>\n<h3><em>\u201cLas posibilidades cognitivas y emocionales que pueden brindar las tecnolog\u00edas a los chicos de contextos menos favorecidos\u201d <\/em><\/h3>\n<p><strong>Roberto Balaguer. Uruguay<\/strong><\/p>\n<p>Mag. en Educaci\u00f3n, Doctorando, Psic\u00f3logo, Ex Investigador SNI. Docente UCU-CLAEH, escritor, conferencista, orador TEDxMVD 2012. Ex-asesor Plan Ceibal.<\/p>\n<\/div><div class=\"fusion-sep-clear\"><\/div><div class=\"fusion-separator fusion-full-width-sep\" style=\"margin-left: auto;margin-right: auto;margin-top:10px;margin-bottom:10px;width:100%;\"><div class=\"fusion-separator-border sep-single sep-dotted\" style=\"border-color:#adadad;border-top-width:1px;\"><\/div><\/div><div class=\"fusion-sep-clear\"><\/div><div class=\"fusion-text fusion-text-3\"><p><img loading=\"lazy\" class=\"size-thumbnail wp-image-1268 alignleft\" src=\"http:\/\/www.cse.udelar.edu.uy\/jies2017\/wp-content\/uploads\/sites\/5\/2017\/10\/vrodes2-700x441-150x150.jpg\" alt=\"\" width=\"150\" height=\"150\" srcset=\"https:\/\/www.cse.udelar.edu.uy\/jies2017\/wp-content\/uploads\/sites\/5\/2017\/10\/vrodes2-700x441-66x66.jpg 66w, https:\/\/www.cse.udelar.edu.uy\/jies2017\/wp-content\/uploads\/sites\/5\/2017\/10\/vrodes2-700x441-150x150.jpg 150w, https:\/\/www.cse.udelar.edu.uy\/jies2017\/wp-content\/uploads\/sites\/5\/2017\/10\/vrodes2-700x441.jpg 497w\" sizes=\"(max-width: 150px) 100vw, 150px\" \/><\/p>\n<h3><em>\u201cTecnolog\u00edas para la Equidad y la Inclusi\u00f3n Educativa\u00bb <\/em><\/h3>\n<p><strong>Virginia Rodes. Universidad de la Rep\u00fablica, Uruguay<br \/>\n<\/strong><\/p>\n<p>Mag\u00edster en Ense\u00f1anza Universitaria, Universidad de la Rep\u00fablica. Especializada en Entornos Virtuales de Aprendizaje por OEI \u2013 Virtual Educa. Licenciada en Ciencias de la Comunicaci\u00f3n. Universidad de la Rep\u00fablica.<\/p>\n<\/div><div class=\"fusion-sep-clear\"><\/div><div class=\"fusion-separator fusion-full-width-sep\" style=\"margin-left: auto;margin-right: auto;margin-top:10px;margin-bottom:10px;width:100%;\"><div class=\"fusion-separator-border sep-single sep-dotted\" style=\"border-color:#adadad;border-top-width:1px;\"><\/div><\/div><div class=\"fusion-sep-clear\"><\/div><div class=\"fusion-text fusion-text-4\"><p><strong><img loading=\"lazy\" class=\"size-thumbnail wp-image-1273 alignleft\" src=\"http:\/\/www.cse.udelar.edu.uy\/jies2017\/wp-content\/uploads\/sites\/5\/2017\/10\/Paola-Ingavelez-150x150.jpg\" alt=\"\" width=\"150\" height=\"150\" srcset=\"https:\/\/www.cse.udelar.edu.uy\/jies2017\/wp-content\/uploads\/sites\/5\/2017\/10\/Paola-Ingavelez-66x66.jpg 66w, https:\/\/www.cse.udelar.edu.uy\/jies2017\/wp-content\/uploads\/sites\/5\/2017\/10\/Paola-Ingavelez-150x150.jpg 150w, https:\/\/www.cse.udelar.edu.uy\/jies2017\/wp-content\/uploads\/sites\/5\/2017\/10\/Paola-Ingavelez.jpg 300w\" sizes=\"(max-width: 150px) 100vw, 150px\" \/><\/strong><\/p>\n<h3><em>\u201cObjetos de aprendizaje accesible\u00a0y dise\u00f1o universal del aprendizaje\u201d <\/em><\/h3>\n<p><strong>Paola Ingav\u00e9lez. Ecuador<br \/>\n<\/strong><\/p>\n<p>Magister en Dise\u00f1o Multimedia (UDA, Azuay). Especialista en Desarrollo Intelectual (UTPL, Loja) Diplomada en Evaluaci\u00f3n de la Educaci\u00f3n Superior (UPS, Cuenca), Diplomado en Gerencia Social y Pol\u00edticas de discapacidad (OEA \u2013 FLACSO, Chile) Experto en TIC y Discapacidad (Universidad Nacional de C\u00f3rdoba \u2013 Fundaci\u00f3n Cre\u00e1tica \u2013 Free, ARGENTINA ). Ingeniero en Sistemas (ESPE, Quito).<\/p>\n<\/div><div class=\"fusion-sep-clear\"><\/div><div class=\"fusion-separator fusion-full-width-sep\" style=\"margin-left: auto;margin-right: auto;margin-top:10px;margin-bottom:10px;width:100%;\"><\/div><div class=\"fusion-sep-clear\"><\/div><style type=\"text\/css\"><\/style><div class=\"fusion-title title fusion-title-3 fusion-title-text fusion-title-size-three\" style=\"margin-top:0%;margin-bottom:30px;\"><h3 class=\"title-heading-left\" style=\"margin:0;\">Modera<\/h3><div class=\"title-sep-container\"><div class=\"title-sep sep-single sep-dotted\" style=\"border-color:#5e4aad;\"><\/div><\/div><\/div><div class=\"fusion-text fusion-text-5\"><p><strong><img loading=\"lazy\" class=\"size-thumbnail wp-image-1346 alignleft\" src=\"http:\/\/www.cse.udelar.edu.uy\/jies2017\/wp-content\/uploads\/sites\/5\/2017\/10\/bagnato-150x150.jpg\" alt=\"\" width=\"150\" height=\"150\" srcset=\"https:\/\/www.cse.udelar.edu.uy\/jies2017\/wp-content\/uploads\/sites\/5\/2017\/10\/bagnato-66x66.jpg 66w, https:\/\/www.cse.udelar.edu.uy\/jies2017\/wp-content\/uploads\/sites\/5\/2017\/10\/bagnato-150x150.jpg 150w, https:\/\/www.cse.udelar.edu.uy\/jies2017\/wp-content\/uploads\/sites\/5\/2017\/10\/bagnato.jpg 249w\" sizes=\"(max-width: 150px) 100vw, 150px\" \/><\/strong><\/p>\n<h3>\u00a0<\/h3>\n<p><strong><span class=\"m_-1547809805913726707gmail-st\">Mar\u00eda Jos\u00e9 Bagnato <\/span><\/strong><\/p>\n<p>Decana de la Facultad de Psicolog\u00eda, Universidad de la Rep\u00fablica, Uruguay. Doctora por la Universidad de Salamanca , Espa\u00f1a. Licenciado en Psicolog\u00eda, Universidad de la Rep\u00fablica, Uruguay.\u00a0<\/p>\n<\/div><div class=\"fusion-clearfix\"><\/div><\/div><\/div><\/div><\/div>\n","protected":false},"excerpt":{"rendered":"","protected":false},"author":2,"featured_media":0,"parent":0,"menu_order":0,"comment_status":"closed","ping_status":"closed","template":"","meta":[],"_links":{"self":[{"href":"https:\/\/www.cse.udelar.edu.uy\/jies2017\/wp-json\/wp\/v2\/pages\/1256"}],"collection":[{"href":"https:\/\/www.cse.udelar.edu.uy\/jies2017\/wp-json\/wp\/v2\/pages"}],"about":[{"href":"https:\/\/www.cse.udelar.edu.uy\/jies2017\/wp-json\/wp\/v2\/types\/page"}],"author":[{"embeddable":true,"href":"https:\/\/www.cse.udelar.edu.uy\/jies2017\/wp-json\/wp\/v2\/users\/2"}],"replies":[{"embeddable":true,"href":"https:\/\/www.cse.udelar.edu.uy\/jies2017\/wp-json\/wp\/v2\/comments?post=1256"}],"version-history":[{"count":0,"href":"https:\/\/www.cse.udelar.edu.uy\/jies2017\/wp-json\/wp\/v2\/pages\/1256\/revisions"}],"wp:attachment":[{"href":"https:\/\/www.cse.udelar.edu.uy\/jies2017\/wp-json\/wp\/v2\/media?parent=1256"}],"curies":[{"name":"wp","href":"https:\/\/api.w.org\/{rel}","templated":true}]}}

TIC, e-learning e inclusión educativa, posibilidades de los entornos virtuales de aprendizaje

<div class="fusion-fullwidth fullwidth-box fusion-builder-row-1 nonhundred-percent-fullwidth non-hundred-percent-height-scrolling" style="background-color: rgba(255,255,255,0);background-position: center center;background-repeat: no-repeat;padding-top:0px;padding-right:0px;padding-bottom:0px;padding-left:0px;margin-bottom: 0px;margin-top: 0px;border-width: 0px 0px 0px 0px;border-color:#eaeaea;border-style:solid;" ><div class="fusion-builder-row fusion-row"><div class="fusion-layout-column fusion_builder_column fusion-builder-column-0 fusion_builder_column_1_1 1_1 fusion-one-full fusion-column-first fusion-column-last" style="margin-top:0px;margin-bottom:0px;"><div class="fusion-column-wrapper fusion-flex-column-wrapper-legacy" style="background-position:left top;background-repeat:no-repeat;-webkit-background-size:cover;-moz-background-size:cover;-o-background-size:cover;background-size:cover;padding: 0px 0px 0px 0px;"><style type="text/css"></style><div class="fusion-title title fusion-title-1 fusion-title-text fusion-title-size-two" style="margin-top:0%;margin-bottom:30px;"><h2 class="title-heading-left" style="margin:0;"><span style="color: #5e4aad">25 de octubre | 10:30 a 12:30 hs.</span></h2><div class="title-sep-container"><div class="title-sep sep-single sep-dotted" style="border-color:#5e4aad;"></div></div></div><div class="fusion-text fusion-text-1"><p>El desarrollo de las tecnologías aplicadas al aprendizaje ha sido un avance significativo a la hora de pensar la equidad en la educación. Su potencialidad para permitir diferentes herramientas y dispositivos, mejorar el acceso a poblaciones que presentan situaciones diversas, resulta de interés para estudiantes, docentes e investigadores. De todas formas, lo que resulta novedoso e innovador, no queda exento de debates. El panel se propone abordar y debatir sobre los aportes del uso de la tecnología aplicada a los procesos de enseñanza-aprendizaje. Las exposiciones permitirán reflexionar sobre las posibilidades de dispositivos, herramientas y resultados para atender la diversidad de situaciones presentes en las comunidades educativas. En este caso se plantearán experiencias vinculadas a diseños que pueden ser  dirigidas a poblaciones en situación de discapacidad, a situaciones de contextos desfavorecidos, tanto como a población con dificultades de acceso de distinta índole. Finalmente nos realizaremos la pregunta: ¿las TIC son herramientas alternativas para la enseñanza-aprendizaje o complementarias?</p>
<p>&nbsp;</p>
</div><style type="text/css"></style><div class="fusion-title title fusion-title-2 fusion-title-text fusion-title-size-two" style="margin-top:0%;margin-bottom:30px;"><h2 class="title-heading-left" style="margin:0;"><span style="color: #5e4aad">Panelistas</span></h2><div class="title-sep-container"><div class="title-sep sep-single sep-dotted" style="border-color:#5e4aad;"></div></div></div><div class="fusion-text fusion-text-2"><p><img loading="lazy" class="size-thumbnail wp-image-1259 alignleft" src="http://www.cse.udelar.edu.uy/jies2017/wp-content/uploads/sites/5/2017/10/roberto-balaguer-150x150.jpg" alt="" width="150" height="150" srcset="https://www.cse.udelar.edu.uy/jies2017/wp-content/uploads/sites/5/2017/10/roberto-balaguer-66x66.jpg 66w, https://www.cse.udelar.edu.uy/jies2017/wp-content/uploads/sites/5/2017/10/roberto-balaguer-150x150.jpg 150w, https://www.cse.udelar.edu.uy/jies2017/wp-content/uploads/sites/5/2017/10/roberto-balaguer.jpg 427w" sizes="(max-width: 150px) 100vw, 150px" /></p>
<h3><em>“Las posibilidades cognitivas y emocionales que pueden brindar las tecnologías a los chicos de contextos menos favorecidos” </em></h3>
<p><strong>Roberto Balaguer. Uruguay</strong></p>
<p>Mag. en Educación, Doctorando, Psicólogo, Ex Investigador SNI. Docente UCU-CLAEH, escritor, conferencista, orador TEDxMVD 2012. Ex-asesor Plan Ceibal.</p>
</div><div class="fusion-sep-clear"></div><div class="fusion-separator fusion-full-width-sep" style="margin-left: auto;margin-right: auto;margin-top:10px;margin-bottom:10px;width:100%;"><div class="fusion-separator-border sep-single sep-dotted" style="border-color:#adadad;border-top-width:1px;"></div></div><div class="fusion-sep-clear"></div><div class="fusion-text fusion-text-3"><p><img loading="lazy" class="size-thumbnail wp-image-1268 alignleft" src="http://www.cse.udelar.edu.uy/jies2017/wp-content/uploads/sites/5/2017/10/vrodes2-700x441-150x150.jpg" alt="" width="150" height="150" srcset="https://www.cse.udelar.edu.uy/jies2017/wp-content/uploads/sites/5/2017/10/vrodes2-700x441-66x66.jpg 66w, https://www.cse.udelar.edu.uy/jies2017/wp-content/uploads/sites/5/2017/10/vrodes2-700x441-150x150.jpg 150w, https://www.cse.udelar.edu.uy/jies2017/wp-content/uploads/sites/5/2017/10/vrodes2-700x441.jpg 497w" sizes="(max-width: 150px) 100vw, 150px" /></p>
<h3><em>“Tecnologías para la Equidad y la Inclusión Educativa» </em></h3>
<p><strong>Virginia Rodes. Universidad de la República, Uruguay<br />
</strong></p>
<p>Magíster en Enseñanza Universitaria, Universidad de la República. Especializada en Entornos Virtuales de Aprendizaje por OEI – Virtual Educa. Licenciada en Ciencias de la Comunicación. Universidad de la República.</p>
</div><div class="fusion-sep-clear"></div><div class="fusion-separator fusion-full-width-sep" style="margin-left: auto;margin-right: auto;margin-top:10px;margin-bottom:10px;width:100%;"><div class="fusion-separator-border sep-single sep-dotted" style="border-color:#adadad;border-top-width:1px;"></div></div><div class="fusion-sep-clear"></div><div class="fusion-text fusion-text-4"><p><strong><img loading="lazy" class="size-thumbnail wp-image-1273 alignleft" src="http://www.cse.udelar.edu.uy/jies2017/wp-content/uploads/sites/5/2017/10/Paola-Ingavelez-150x150.jpg" alt="" width="150" height="150" srcset="https://www.cse.udelar.edu.uy/jies2017/wp-content/uploads/sites/5/2017/10/Paola-Ingavelez-66x66.jpg 66w, https://www.cse.udelar.edu.uy/jies2017/wp-content/uploads/sites/5/2017/10/Paola-Ingavelez-150x150.jpg 150w, https://www.cse.udelar.edu.uy/jies2017/wp-content/uploads/sites/5/2017/10/Paola-Ingavelez.jpg 300w" sizes="(max-width: 150px) 100vw, 150px" /></strong></p>
<h3><em>“Objetos de aprendizaje accesible y diseño universal del aprendizaje” </em></h3>
<p><strong>Paola Ingavélez. Ecuador<br />
</strong></p>
<p>Magister en Diseño Multimedia (UDA, Azuay). Especialista en Desarrollo Intelectual (UTPL, Loja) Diplomada en Evaluación de la Educación Superior (UPS, Cuenca), Diplomado en Gerencia Social y Políticas de discapacidad (OEA – FLACSO, Chile) Experto en TIC y Discapacidad (Universidad Nacional de Córdoba – Fundación Creática – Free, ARGENTINA ). Ingeniero en Sistemas (ESPE, Quito).</p>
</div><div class="fusion-sep-clear"></div><div class="fusion-separator fusion-full-width-sep" style="margin-left: auto;margin-right: auto;margin-top:10px;margin-bottom:10px;width:100%;"></div><div class="fusion-sep-clear"></div><style type="text/css"></style><div class="fusion-title title fusion-title-3 fusion-title-text fusion-title-size-three" style="margin-top:0%;margin-bottom:30px;"><h3 class="title-heading-left" style="margin:0;">Modera</h3><div class="title-sep-container"><div class="title-sep sep-single sep-dotted" style="border-color:#5e4aad;"></div></div></div><div class="fusion-text fusion-text-5"><p><strong><img loading="lazy" class="size-thumbnail wp-image-1346 alignleft" src="http://www.cse.udelar.edu.uy/jies2017/wp-content/uploads/sites/5/2017/10/bagnato-150x150.jpg" alt="" width="150" height="150" srcset="https://www.cse.udelar.edu.uy/jies2017/wp-content/uploads/sites/5/2017/10/bagnato-66x66.jpg 66w, https://www.cse.udelar.edu.uy/jies2017/wp-content/uploads/sites/5/2017/10/bagnato-150x150.jpg 150w, https://www.cse.udelar.edu.uy/jies2017/wp-content/uploads/sites/5/2017/10/bagnato.jpg 249w" sizes="(max-width: 150px) 100vw, 150px" /></strong></p>
<h3> </h3>
<p><strong><span class="m_-1547809805913726707gmail-st">María José Bagnato </span></strong></p>
<p>Decana de la Facultad de Psicología, Universidad de la República, Uruguay. Doctora por la Universidad de Salamanca , España. Licenciado en Psicología, Universidad de la República, Uruguay. </p>
</div><div class="fusion-clearfix"></div></div></div></div></div>
