{"id":1284,"date":"2017-10-20T16:16:59","date_gmt":"2017-10-20T19:16:59","guid":{"rendered":"http:\/\/jies.cse.udelar.edu.uy\/?page_id=1284"},"modified":"2017-10-20T16:16:59","modified_gmt":"2017-10-20T19:16:59","slug":"formacion-docente-educacion-superior","status":"publish","type":"page","link":"https:\/\/www.cse.udelar.edu.uy\/jies2017\/formacion-docente-educacion-superior\/","title":{"rendered":"Formaci\u00f3n Docente y Educaci\u00f3n Superior"},"content":{"rendered":"<div class=\"fusion-fullwidth fullwidth-box fusion-builder-row-1 nonhundred-percent-fullwidth non-hundred-percent-height-scrolling\" style=\"background-color: rgba(255,255,255,0);background-position: center center;background-repeat: no-repeat;padding-top:0px;padding-right:0px;padding-bottom:0px;padding-left:0px;margin-bottom: 0px;margin-top: 0px;border-width: 0px 0px 0px 0px;border-color:#eaeaea;border-style:solid;\" ><div class=\"fusion-builder-row fusion-row\"><div class=\"fusion-layout-column fusion_builder_column fusion-builder-column-0 fusion_builder_column_1_1 1_1 fusion-one-full fusion-column-first fusion-column-last\" style=\"margin-top:0px;margin-bottom:0px;\"><div class=\"fusion-column-wrapper fusion-flex-column-wrapper-legacy\" style=\"background-position:left top;background-repeat:no-repeat;-webkit-background-size:cover;-moz-background-size:cover;-o-background-size:cover;background-size:cover;padding: 0px 0px 0px 0px;\"><style type=\"text\/css\"><\/style><div class=\"fusion-title title fusion-title-1 fusion-title-text fusion-title-size-two\" style=\"margin-top:0%;margin-bottom:30px;\"><h2 class=\"title-heading-left\" style=\"margin:0;\"><span style=\"color: #5e4aad\">27 de octubre | 14:15 a 16:15 hs.<\/span><\/h2><div class=\"title-sep-container\"><div class=\"title-sep sep-single sep-dotted\" style=\"border-color:#5e4aad;\"><\/div><\/div><\/div><div class=\"fusion-text fusion-text-1\"><p>Pese a los esfuerzos realizados y los avances alcanzados recientemente por los diversos sectores educativos, la situaci\u00f3n del ejercicio al derecho a la educaci\u00f3n terciaria en nuestro pa\u00eds en a\u00fan insatisfactoria.Un alto porcentaje de j\u00f3venes uruguayos no accede a la educaci\u00f3n terciaria, y muchos de los que lo logran ven afectadas sus posibilidades de permanencia, avance en los estudios y desempe\u00f1o por diversas razones.Por un lado influyen las condiciones socio econ\u00f3micas y culturales, la inserci\u00f3n laboral temprana, la falta de recursos adecuados y todas las complicaciones que devienen del tr\u00e1nsito de un ciclo educativo a otro.En otra dimensi\u00f3n se encuentran las dificultades propias de desempe\u00f1o que surgen del defasaje entre el perfil acad\u00e9mico esperado al ingreso y los aprendizajes reales alcanzados por los estudiantes en la etapa previa.Las acciones de coordinaci\u00f3n realizadas entre docentes de ambos niveles educativos no han tenido el impacto necesario para mejorar dicha situaci\u00f3n.En esta mesa se espera reflexionar sobre estos aspectos y discutir sobre la posibilidad de generar procesos de articulaci\u00f3n entre la educaci\u00f3n media superior y la terciaria que tiendan a disminuir progresivamente la brecha existente.<\/p>\n<\/div><style type=\"text\/css\"><\/style><div class=\"fusion-title title fusion-title-2 fusion-title-text fusion-title-size-two\" style=\"margin-top:0%;margin-bottom:30px;\"><h2 class=\"title-heading-left\" style=\"margin:0;\"><span style=\"color: #5e4aad\">Panelistas<\/span><\/h2><div class=\"title-sep-container\"><div class=\"title-sep sep-single sep-dotted\" style=\"border-color:#5e4aad;\"><\/div><\/div><\/div><div class=\"fusion-text fusion-text-2\"><p><img loading=\"lazy\" class=\"size-thumbnail wp-image-1297 alignleft\" src=\"http:\/\/www.cse.udelar.edu.uy\/jies2017\/wp-content\/uploads\/sites\/5\/2017\/10\/pozo-150x150.jpg\" alt=\"\" width=\"150\" height=\"150\" srcset=\"https:\/\/www.cse.udelar.edu.uy\/jies2017\/wp-content\/uploads\/sites\/5\/2017\/10\/pozo-66x66.jpg 66w, https:\/\/www.cse.udelar.edu.uy\/jies2017\/wp-content\/uploads\/sites\/5\/2017\/10\/pozo-150x150.jpg 150w, https:\/\/www.cse.udelar.edu.uy\/jies2017\/wp-content\/uploads\/sites\/5\/2017\/10\/pozo.jpg 230w\" sizes=\"(max-width: 150px) 100vw, 150px\" \/><\/p>\n<p><strong>Juan Ignacio Pozo. Universidad Aut\u00f3noma de Madrid, Espa\u00f1a<br \/>\n<\/strong><\/p>\n<p>Doctor en Psicolog\u00eda por la Universidad Aut\u00f3noma de Madrid, en la que es catedr\u00e1tico de la Facultad de Psicolog\u00eda B\u00e1sica impartiendo materias relacionadas con Psicolog\u00eda Educativa. Su investigaci\u00f3n se ha centrado en la ense\u00f1anza de conceptos y procedimientos as\u00ed como en las estrategias de aprendizaje.<\/p>\n<\/div><div class=\"fusion-sep-clear\"><\/div><div class=\"fusion-separator fusion-full-width-sep\" style=\"margin-left: auto;margin-right: auto;margin-top:10px;margin-bottom:10px;width:100%;\"><div class=\"fusion-separator-border sep-single sep-dotted\" style=\"border-color:#adadad;border-top-width:1px;\"><\/div><\/div><div class=\"fusion-sep-clear\"><\/div><div class=\"fusion-text fusion-text-3\"><p><img loading=\"lazy\" class=\"size-thumbnail wp-image-1298 alignleft\" src=\"http:\/\/www.cse.udelar.edu.uy\/jies2017\/wp-content\/uploads\/sites\/5\/2017\/10\/lgaribaldi-150x150.jpg\" alt=\"\" width=\"150\" height=\"150\" srcset=\"https:\/\/www.cse.udelar.edu.uy\/jies2017\/wp-content\/uploads\/sites\/5\/2017\/10\/lgaribaldi-66x66.jpg 66w, https:\/\/www.cse.udelar.edu.uy\/jies2017\/wp-content\/uploads\/sites\/5\/2017\/10\/lgaribaldi-150x150.jpg 150w, https:\/\/www.cse.udelar.edu.uy\/jies2017\/wp-content\/uploads\/sites\/5\/2017\/10\/lgaribaldi.jpg 500w\" sizes=\"(max-width: 150px) 100vw, 150px\" \/><strong>Luis Garibaldi. Ministerio de Educaci\u00f3n y Cultura, Uruguay<br \/>\n<\/strong><\/p>\n<p>Director de Educaci\u00f3n del Ministerio de Educaci\u00f3n y Cultura de Uruguay.\u00a0 Posee t\u00edtulo de Maestro (1987) y de Profesor de Idioma Espa\u00f1ol (2003). Es profesor de Formaci\u00f3n Docente en el \u00c1rea de Did\u00e1ctica de la Lengua desde 1998.<\/p>\n<\/div><div class=\"fusion-sep-clear\"><\/div><div class=\"fusion-separator fusion-full-width-sep\" style=\"margin-left: auto;margin-right: auto;margin-top:10px;margin-bottom:10px;width:100%;\"><div class=\"fusion-separator-border sep-single sep-dotted\" style=\"border-color:#adadad;border-top-width:1px;\"><\/div><\/div><div class=\"fusion-sep-clear\"><\/div><div class=\"fusion-text fusion-text-4\"><h3><span lang=\"es-AR\"><img loading=\"lazy\" class=\"size-thumbnail wp-image-1299 alignleft\" src=\"http:\/\/www.cse.udelar.edu.uy\/jies2017\/wp-content\/uploads\/sites\/5\/2017\/10\/pesce-deblanco-149x150.jpeg\" alt=\"\" width=\"149\" height=\"150\" srcset=\"https:\/\/www.cse.udelar.edu.uy\/jies2017\/wp-content\/uploads\/sites\/5\/2017\/10\/pesce-deblanco-66x66.jpeg 66w, https:\/\/www.cse.udelar.edu.uy\/jies2017\/wp-content\/uploads\/sites\/5\/2017\/10\/pesce-deblanco.jpeg 149w\" sizes=\"(max-width: 149px) 100vw, 149px\" \/><\/span><\/h3>\n<p><strong>Fernando Pesce. Consejo de Formaci\u00f3n en Educaci\u00f3n &#8211; ANEP, Urguay<br \/>\n<\/strong><\/p>\n<p>Coordinador Nacional del Departamento de Geograf\u00eda en Consejo de Formaci\u00f3n en Educaci\u00f3n- ANEP. <span class=\"m_-1547809805913726707gmail-st\">Prof. De Geograf\u00eda. Licenciado en Geograf\u00eda. Ms en. Ciencias Ambientales. Especialista en Educaci\u00f3n Ambiental<\/span><\/p>\n<\/div><div class=\"fusion-sep-clear\"><\/div><div class=\"fusion-separator fusion-full-width-sep\" style=\"margin-left: auto;margin-right: auto;margin-top:10px;margin-bottom:10px;width:100%;\"><\/div><div class=\"fusion-sep-clear\"><\/div><style type=\"text\/css\"><\/style><div class=\"fusion-title title fusion-title-3 fusion-title-text fusion-title-size-three\" style=\"margin-top:0%;margin-bottom:30px;\"><h3 class=\"title-heading-left\" style=\"margin:0;\">Modera<\/h3><div class=\"title-sep-container\"><div class=\"title-sep sep-single sep-dotted\" style=\"border-color:#5e4aad;\"><\/div><\/div><\/div><div class=\"fusion-text fusion-text-5\"><h3><span lang=\"es-AR\"><img loading=\"lazy\" class=\"size-thumbnail wp-image-1527 alignleft\" src=\"http:\/\/www.cse.udelar.edu.uy\/jies2017\/wp-content\/uploads\/sites\/5\/2017\/10\/Lanc_amento_100_1__400x400-150x150.jpg\" alt=\"\" width=\"150\" height=\"150\" srcset=\"https:\/\/www.cse.udelar.edu.uy\/jies2017\/wp-content\/uploads\/sites\/5\/2017\/10\/Lanc_amento_100_1__400x400-66x66.jpg 66w, https:\/\/www.cse.udelar.edu.uy\/jies2017\/wp-content\/uploads\/sites\/5\/2017\/10\/Lanc_amento_100_1__400x400-150x150.jpg 150w, https:\/\/www.cse.udelar.edu.uy\/jies2017\/wp-content\/uploads\/sites\/5\/2017\/10\/Lanc_amento_100_1__400x400-200x200.jpg 200w, https:\/\/www.cse.udelar.edu.uy\/jies2017\/wp-content\/uploads\/sites\/5\/2017\/10\/Lanc_amento_100_1__400x400-300x300.jpg 300w, https:\/\/www.cse.udelar.edu.uy\/jies2017\/wp-content\/uploads\/sites\/5\/2017\/10\/Lanc_amento_100_1__400x400.jpg 400w\" sizes=\"(max-width: 150px) 100vw, 150px\" \/><\/span><\/h3>\n<p><strong>Jorge Nandez. <span class=\"m_-1547809805913726707gmail-st\">Coordinador Operativo<\/span> &#8211; ANEP, Urguay<br \/>\n<\/strong><\/p>\n<p><span class=\"m_-1547809805913726707gmail-st\">Coordinador Operativo. Programa de Pol\u00edticas Ling\u00fc\u00edsticas. CODICEN &#8211; ANEP, Profesor de Did\u00e1ctica de Espa\u00f1ol, CFE, ANEP<\/span><\/p>\n<\/div><div class=\"fusion-clearfix\"><\/div><\/div><\/div><\/div><\/div>\n","protected":false},"excerpt":{"rendered":"","protected":false},"author":2,"featured_media":0,"parent":0,"menu_order":0,"comment_status":"closed","ping_status":"closed","template":"","meta":[],"_links":{"self":[{"href":"https:\/\/www.cse.udelar.edu.uy\/jies2017\/wp-json\/wp\/v2\/pages\/1284"}],"collection":[{"href":"https:\/\/www.cse.udelar.edu.uy\/jies2017\/wp-json\/wp\/v2\/pages"}],"about":[{"href":"https:\/\/www.cse.udelar.edu.uy\/jies2017\/wp-json\/wp\/v2\/types\/page"}],"author":[{"embeddable":true,"href":"https:\/\/www.cse.udelar.edu.uy\/jies2017\/wp-json\/wp\/v2\/users\/2"}],"replies":[{"embeddable":true,"href":"https:\/\/www.cse.udelar.edu.uy\/jies2017\/wp-json\/wp\/v2\/comments?post=1284"}],"version-history":[{"count":0,"href":"https:\/\/www.cse.udelar.edu.uy\/jies2017\/wp-json\/wp\/v2\/pages\/1284\/revisions"}],"wp:attachment":[{"href":"https:\/\/www.cse.udelar.edu.uy\/jies2017\/wp-json\/wp\/v2\/media?parent=1284"}],"curies":[{"name":"wp","href":"https:\/\/api.w.org\/{rel}","templated":true}]}}

Formación Docente y Educación Superior

<div class="fusion-fullwidth fullwidth-box fusion-builder-row-1 nonhundred-percent-fullwidth non-hundred-percent-height-scrolling" style="background-color: rgba(255,255,255,0);background-position: center center;background-repeat: no-repeat;padding-top:0px;padding-right:0px;padding-bottom:0px;padding-left:0px;margin-bottom: 0px;margin-top: 0px;border-width: 0px 0px 0px 0px;border-color:#eaeaea;border-style:solid;" ><div class="fusion-builder-row fusion-row"><div class="fusion-layout-column fusion_builder_column fusion-builder-column-0 fusion_builder_column_1_1 1_1 fusion-one-full fusion-column-first fusion-column-last" style="margin-top:0px;margin-bottom:0px;"><div class="fusion-column-wrapper fusion-flex-column-wrapper-legacy" style="background-position:left top;background-repeat:no-repeat;-webkit-background-size:cover;-moz-background-size:cover;-o-background-size:cover;background-size:cover;padding: 0px 0px 0px 0px;"><style type="text/css"></style><div class="fusion-title title fusion-title-1 fusion-title-text fusion-title-size-two" style="margin-top:0%;margin-bottom:30px;"><h2 class="title-heading-left" style="margin:0;"><span style="color: #5e4aad">27 de octubre | 14:15 a 16:15 hs.</span></h2><div class="title-sep-container"><div class="title-sep sep-single sep-dotted" style="border-color:#5e4aad;"></div></div></div><div class="fusion-text fusion-text-1"><p>Pese a los esfuerzos realizados y los avances alcanzados recientemente por los diversos sectores educativos, la situación del ejercicio al derecho a la educación terciaria en nuestro país en aún insatisfactoria.Un alto porcentaje de jóvenes uruguayos no accede a la educación terciaria, y muchos de los que lo logran ven afectadas sus posibilidades de permanencia, avance en los estudios y desempeño por diversas razones.Por un lado influyen las condiciones socio económicas y culturales, la inserción laboral temprana, la falta de recursos adecuados y todas las complicaciones que devienen del tránsito de un ciclo educativo a otro.En otra dimensión se encuentran las dificultades propias de desempeño que surgen del defasaje entre el perfil académico esperado al ingreso y los aprendizajes reales alcanzados por los estudiantes en la etapa previa.Las acciones de coordinación realizadas entre docentes de ambos niveles educativos no han tenido el impacto necesario para mejorar dicha situación.En esta mesa se espera reflexionar sobre estos aspectos y discutir sobre la posibilidad de generar procesos de articulación entre la educación media superior y la terciaria que tiendan a disminuir progresivamente la brecha existente.</p>
</div><style type="text/css"></style><div class="fusion-title title fusion-title-2 fusion-title-text fusion-title-size-two" style="margin-top:0%;margin-bottom:30px;"><h2 class="title-heading-left" style="margin:0;"><span style="color: #5e4aad">Panelistas</span></h2><div class="title-sep-container"><div class="title-sep sep-single sep-dotted" style="border-color:#5e4aad;"></div></div></div><div class="fusion-text fusion-text-2"><p><img loading="lazy" class="size-thumbnail wp-image-1297 alignleft" src="http://www.cse.udelar.edu.uy/jies2017/wp-content/uploads/sites/5/2017/10/pozo-150x150.jpg" alt="" width="150" height="150" srcset="https://www.cse.udelar.edu.uy/jies2017/wp-content/uploads/sites/5/2017/10/pozo-66x66.jpg 66w, https://www.cse.udelar.edu.uy/jies2017/wp-content/uploads/sites/5/2017/10/pozo-150x150.jpg 150w, https://www.cse.udelar.edu.uy/jies2017/wp-content/uploads/sites/5/2017/10/pozo.jpg 230w" sizes="(max-width: 150px) 100vw, 150px" /></p>
<p><strong>Juan Ignacio Pozo. Universidad Autónoma de Madrid, España<br />
</strong></p>
<p>Doctor en Psicología por la Universidad Autónoma de Madrid, en la que es catedrático de la Facultad de Psicología Básica impartiendo materias relacionadas con Psicología Educativa. Su investigación se ha centrado en la enseñanza de conceptos y procedimientos así como en las estrategias de aprendizaje.</p>
</div><div class="fusion-sep-clear"></div><div class="fusion-separator fusion-full-width-sep" style="margin-left: auto;margin-right: auto;margin-top:10px;margin-bottom:10px;width:100%;"><div class="fusion-separator-border sep-single sep-dotted" style="border-color:#adadad;border-top-width:1px;"></div></div><div class="fusion-sep-clear"></div><div class="fusion-text fusion-text-3"><p><img loading="lazy" class="size-thumbnail wp-image-1298 alignleft" src="http://www.cse.udelar.edu.uy/jies2017/wp-content/uploads/sites/5/2017/10/lgaribaldi-150x150.jpg" alt="" width="150" height="150" srcset="https://www.cse.udelar.edu.uy/jies2017/wp-content/uploads/sites/5/2017/10/lgaribaldi-66x66.jpg 66w, https://www.cse.udelar.edu.uy/jies2017/wp-content/uploads/sites/5/2017/10/lgaribaldi-150x150.jpg 150w, https://www.cse.udelar.edu.uy/jies2017/wp-content/uploads/sites/5/2017/10/lgaribaldi.jpg 500w" sizes="(max-width: 150px) 100vw, 150px" /><strong>Luis Garibaldi. Ministerio de Educación y Cultura, Uruguay<br />
</strong></p>
<p>Director de Educación del Ministerio de Educación y Cultura de Uruguay.  Posee título de Maestro (1987) y de Profesor de Idioma Español (2003). Es profesor de Formación Docente en el Área de Didáctica de la Lengua desde 1998.</p>
</div><div class="fusion-sep-clear"></div><div class="fusion-separator fusion-full-width-sep" style="margin-left: auto;margin-right: auto;margin-top:10px;margin-bottom:10px;width:100%;"><div class="fusion-separator-border sep-single sep-dotted" style="border-color:#adadad;border-top-width:1px;"></div></div><div class="fusion-sep-clear"></div><div class="fusion-text fusion-text-4"><h3><span lang="es-AR"><img loading="lazy" class="size-thumbnail wp-image-1299 alignleft" src="http://www.cse.udelar.edu.uy/jies2017/wp-content/uploads/sites/5/2017/10/pesce-deblanco-149x150.jpeg" alt="" width="149" height="150" srcset="https://www.cse.udelar.edu.uy/jies2017/wp-content/uploads/sites/5/2017/10/pesce-deblanco-66x66.jpeg 66w, https://www.cse.udelar.edu.uy/jies2017/wp-content/uploads/sites/5/2017/10/pesce-deblanco.jpeg 149w" sizes="(max-width: 149px) 100vw, 149px" /></span></h3>
<p><strong>Fernando Pesce. Consejo de Formación en Educación &#8211; ANEP, Urguay<br />
</strong></p>
<p>Coordinador Nacional del Departamento de Geografía en Consejo de Formación en Educación- ANEP. <span class="m_-1547809805913726707gmail-st">Prof. De Geografía. Licenciado en Geografía. Ms en. Ciencias Ambientales. Especialista en Educación Ambiental</span></p>
</div><div class="fusion-sep-clear"></div><div class="fusion-separator fusion-full-width-sep" style="margin-left: auto;margin-right: auto;margin-top:10px;margin-bottom:10px;width:100%;"></div><div class="fusion-sep-clear"></div><style type="text/css"></style><div class="fusion-title title fusion-title-3 fusion-title-text fusion-title-size-three" style="margin-top:0%;margin-bottom:30px;"><h3 class="title-heading-left" style="margin:0;">Modera</h3><div class="title-sep-container"><div class="title-sep sep-single sep-dotted" style="border-color:#5e4aad;"></div></div></div><div class="fusion-text fusion-text-5"><h3><span lang="es-AR"><img loading="lazy" class="size-thumbnail wp-image-1527 alignleft" src="http://www.cse.udelar.edu.uy/jies2017/wp-content/uploads/sites/5/2017/10/Lanc_amento_100_1__400x400-150x150.jpg" alt="" width="150" height="150" srcset="https://www.cse.udelar.edu.uy/jies2017/wp-content/uploads/sites/5/2017/10/Lanc_amento_100_1__400x400-66x66.jpg 66w, https://www.cse.udelar.edu.uy/jies2017/wp-content/uploads/sites/5/2017/10/Lanc_amento_100_1__400x400-150x150.jpg 150w, https://www.cse.udelar.edu.uy/jies2017/wp-content/uploads/sites/5/2017/10/Lanc_amento_100_1__400x400-200x200.jpg 200w, https://www.cse.udelar.edu.uy/jies2017/wp-content/uploads/sites/5/2017/10/Lanc_amento_100_1__400x400-300x300.jpg 300w, https://www.cse.udelar.edu.uy/jies2017/wp-content/uploads/sites/5/2017/10/Lanc_amento_100_1__400x400.jpg 400w" sizes="(max-width: 150px) 100vw, 150px" /></span></h3>
<p><strong>Jorge Nandez. <span class="m_-1547809805913726707gmail-st">Coordinador Operativo</span> &#8211; ANEP, Urguay<br />
</strong></p>
<p><span class="m_-1547809805913726707gmail-st">Coordinador Operativo. Programa de Políticas Lingüísticas. CODICEN &#8211; ANEP, Profesor de Didáctica de Español, CFE, ANEP</span></p>
</div><div class="fusion-clearfix"></div></div></div></div></div>
