{"id":1294,"date":"2017-10-20T17:11:13","date_gmt":"2017-10-20T20:11:13","guid":{"rendered":"http:\/\/jies.cse.udelar.edu.uy\/?page_id=1294"},"modified":"2017-10-20T17:11:13","modified_gmt":"2017-10-20T20:11:13","slug":"articulacion-educacion-media-y-superior-una-brecha-insalvable","status":"publish","type":"page","link":"https:\/\/www.cse.udelar.edu.uy\/jies2017\/articulacion-educacion-media-y-superior-una-brecha-insalvable\/","title":{"rendered":"Articulaci\u00f3n educaci\u00f3n media y superior: \u00bfuna brecha (in)salvable?"},"content":{"rendered":"<div class=\"fusion-fullwidth fullwidth-box fusion-builder-row-1 nonhundred-percent-fullwidth non-hundred-percent-height-scrolling\" style=\"background-color: rgba(255,255,255,0);background-position: center center;background-repeat: no-repeat;padding-top:0px;padding-right:0px;padding-bottom:0px;padding-left:0px;margin-bottom: 0px;margin-top: 0px;border-width: 0px 0px 0px 0px;border-color:#eaeaea;border-style:solid;\" ><div class=\"fusion-builder-row fusion-row\"><div class=\"fusion-layout-column fusion_builder_column fusion-builder-column-0 fusion_builder_column_1_1 1_1 fusion-one-full fusion-column-first fusion-column-last\" style=\"margin-top:0px;margin-bottom:0px;\"><div class=\"fusion-column-wrapper fusion-flex-column-wrapper-legacy\" style=\"background-position:left top;background-repeat:no-repeat;-webkit-background-size:cover;-moz-background-size:cover;-o-background-size:cover;background-size:cover;padding: 0px 0px 0px 0px;\"><style type=\"text\/css\"><\/style><div class=\"fusion-title title fusion-title-1 fusion-title-text fusion-title-size-two\" style=\"margin-top:0%;margin-bottom:30px;\"><h2 class=\"title-heading-left\" style=\"margin:0;\"><span style=\"color: #5e4aad\">27 de octubre | 16:30 a 18:30 hs.<\/span><\/h2><div class=\"title-sep-container\"><div class=\"title-sep sep-single sep-dotted\" style=\"border-color:#5e4aad;\"><\/div><\/div><\/div><div class=\"fusion-text fusion-text-1\"><p>Pese a los esfuerzos realizados y los avances alcanzados recientemente por los diversos sectores educativos, la situaci\u00f3n del ejercicio al derecho a la educaci\u00f3n terciaria en nuestro pa\u00eds en a\u00fan insatisfactoria. Un alto porcentaje de j\u00f3venes uruguayos no accede a la educaci\u00f3n terciaria, y muchos de los que lo logran ven afectadas sus posibilidades de permanencia, avance en los estudios y desempe\u00f1o por diversas razones. Por un lado influyen las condiciones socio econ\u00f3micas y culturales, la inserci\u00f3n laboral temprana, la falta de recursos adecuados y todas las complicaciones que devienen del tr\u00e1nsito de un ciclo educativo a otro.En otra dimensi\u00f3n se encuentran las dificultades propias de desempe\u00f1o que surgen del defasaje entre el perfil acad\u00e9mico esperado al ingreso y los aprendizajes reales alcanzados por los estudiantes en la etapa previa. Las acciones de coordinaci\u00f3n realizadas entre docentes de ambos niveles educativos no han tenido el impacto necesario para mejorar dicha situaci\u00f3n.En esta mesa se espera reflexionar sobre estos aspectos y discutir sobre la posibilidad de generar procesos de articulaci\u00f3n entre la educaci\u00f3n media superior y la terciaria que tiendan a disminuir progresivamente la brecha existente.<\/p>\n<\/div><style type=\"text\/css\"><\/style><div class=\"fusion-title title fusion-title-2 fusion-title-text fusion-title-size-two\" style=\"margin-top:0%;margin-bottom:30px;\"><h2 class=\"title-heading-left\" style=\"margin:0;\"><span style=\"color: #5e4aad\">Panelistas<\/span><\/h2><div class=\"title-sep-container\"><div class=\"title-sep sep-single sep-dotted\" style=\"border-color:#5e4aad;\"><\/div><\/div><\/div><div class=\"fusion-text fusion-text-2\"><p><img loading=\"lazy\" class=\"size-thumbnail wp-image-1286 alignleft\" src=\"http:\/\/www.cse.udelar.edu.uy\/jies2017\/wp-content\/uploads\/sites\/5\/2017\/10\/maria-dibar-150x150.jpg\" alt=\"\" width=\"150\" height=\"150\" srcset=\"https:\/\/www.cse.udelar.edu.uy\/jies2017\/wp-content\/uploads\/sites\/5\/2017\/10\/maria-dibar-66x66.jpg 66w, https:\/\/www.cse.udelar.edu.uy\/jies2017\/wp-content\/uploads\/sites\/5\/2017\/10\/maria-dibar-150x150.jpg 150w, https:\/\/www.cse.udelar.edu.uy\/jies2017\/wp-content\/uploads\/sites\/5\/2017\/10\/maria-dibar.jpg 595w\" sizes=\"(max-width: 150px) 100vw, 150px\" \/><\/p>\n<p><strong>Mar\u00eda Dibarboure. Uruguay<\/strong><\/p>\n<p>Profesora, Qu\u00edmica Farmac\u00e9utica (UDELAR), especialista en Constructivismo y Educaci\u00f3n (FLACSO, Argentina &#8211; UAM), especialista en Did\u00e1ctica de las Ciencias Naturales (FLACSO, Argentina), Magister en Psicolog\u00eda Cognitiva (FLACSO, Argentina &#8211; UAM).<\/p>\n<\/div><div class=\"fusion-sep-clear\"><\/div><div class=\"fusion-separator fusion-full-width-sep\" style=\"margin-left: auto;margin-right: auto;margin-top:10px;margin-bottom:10px;width:100%;\"><div class=\"fusion-separator-border sep-single sep-dotted\" style=\"border-color:#adadad;border-top-width:1px;\"><\/div><\/div><div class=\"fusion-sep-clear\"><\/div><div class=\"fusion-text fusion-text-3\"><h3><img loading=\"lazy\" class=\"size-thumbnail wp-image-1288 alignleft\" src=\"http:\/\/www.cse.udelar.edu.uy\/jies2017\/wp-content\/uploads\/sites\/5\/2017\/10\/maria-simon-150x150.jpg\" alt=\"\" width=\"150\" height=\"150\" srcset=\"https:\/\/www.cse.udelar.edu.uy\/jies2017\/wp-content\/uploads\/sites\/5\/2017\/10\/maria-simon-66x66.jpg 66w, https:\/\/www.cse.udelar.edu.uy\/jies2017\/wp-content\/uploads\/sites\/5\/2017\/10\/maria-simon-150x150.jpg 150w, https:\/\/www.cse.udelar.edu.uy\/jies2017\/wp-content\/uploads\/sites\/5\/2017\/10\/maria-simon.jpg 600w\" sizes=\"(max-width: 150px) 100vw, 150px\" \/><\/h3>\n<p><strong>Mar\u00eda Sim\u00f3n. Universidad de la Rep\u00fablica, Uruguay<br \/>\n<\/strong><\/p>\n<p>Ingeniera Industrial (opci\u00f3n Electr\u00f3nica), profesora y pol\u00edtica uruguaya. Decana de la Facultad de ingenier\u00eda de la Universidad de la Rep\u00fablica. Fue presidenta de Antel entre 2005 y 2008. Tambi\u00e9n se desempe\u00f1\u00f3 como Ministra de Educaci\u00f3n y Cultura entre 2008 y 2010, y como Subsecretaria de la misma cartera entre 2010 y 2012.<\/p>\n<div><\/div>\n<\/div><div class=\"fusion-sep-clear\"><\/div><div class=\"fusion-separator fusion-full-width-sep\" style=\"margin-left: auto;margin-right: auto;margin-top:10px;margin-bottom:10px;width:100%;\"><div class=\"fusion-separator-border sep-single sep-dotted\" style=\"border-color:#adadad;border-top-width:1px;\"><\/div><\/div><div class=\"fusion-sep-clear\"><\/div><div class=\"fusion-text fusion-text-4\"><h3><span lang=\"es-AR\"><img loading=\"lazy\" class=\"size-thumbnail wp-image-1291 alignleft\" src=\"http:\/\/www.cse.udelar.edu.uy\/jies2017\/wp-content\/uploads\/sites\/5\/2017\/10\/maezcurra-150x150.jpg\" alt=\"\" width=\"150\" height=\"150\" srcset=\"https:\/\/www.cse.udelar.edu.uy\/jies2017\/wp-content\/uploads\/sites\/5\/2017\/10\/maezcurra-66x66.jpg 66w, https:\/\/www.cse.udelar.edu.uy\/jies2017\/wp-content\/uploads\/sites\/5\/2017\/10\/maezcurra-150x150.jpg 150w, https:\/\/www.cse.udelar.edu.uy\/jies2017\/wp-content\/uploads\/sites\/5\/2017\/10\/maezcurra.jpg 2048w\" sizes=\"(max-width: 150px) 100vw, 150px\" \/><\/span><\/h3>\n<p><strong>Ana M\u00aa Ezcurra. Universidad Nacional de Tres de Febrero, Argentina<br \/>\n<\/strong><\/p>\n<p>Licenciada en Psicolog\u00eda y Doctora en Ciencias Pol\u00edticas y Sociales (Estudios Latinoamericanos, UNAM), actualmente es investigadora-docente en la Universidad Nacional de Tres de Febrero, Argentina.<\/p>\n<\/div><div class=\"fusion-sep-clear\"><\/div><div class=\"fusion-separator fusion-full-width-sep\" style=\"margin-left: auto;margin-right: auto;margin-top:10px;margin-bottom:10px;width:100%;\"><\/div><div class=\"fusion-sep-clear\"><\/div><style type=\"text\/css\"><\/style><div class=\"fusion-title title fusion-title-3 fusion-title-text fusion-title-size-three\" style=\"margin-top:0%;margin-bottom:30px;\"><h3 class=\"title-heading-left\" style=\"margin:0;\">Modera<\/h3><div class=\"title-sep-container\"><div class=\"title-sep sep-single sep-dotted\" style=\"border-color:#5e4aad;\"><\/div><\/div><\/div><div class=\"fusion-text fusion-text-5\"><h3><span lang=\"es-AR\"><img loading=\"lazy\" class=\"size-thumbnail wp-image-1353 alignleft\" src=\"http:\/\/www.cse.udelar.edu.uy\/jies2017\/wp-content\/uploads\/sites\/5\/2017\/10\/47416scr_312e81b25f4a3c4-150x150.jpg\" alt=\"\" width=\"150\" height=\"150\" srcset=\"https:\/\/www.cse.udelar.edu.uy\/jies2017\/wp-content\/uploads\/sites\/5\/2017\/10\/47416scr_312e81b25f4a3c4-66x66.jpg 66w, https:\/\/www.cse.udelar.edu.uy\/jies2017\/wp-content\/uploads\/sites\/5\/2017\/10\/47416scr_312e81b25f4a3c4-150x150.jpg 150w, https:\/\/www.cse.udelar.edu.uy\/jies2017\/wp-content\/uploads\/sites\/5\/2017\/10\/47416scr_312e81b25f4a3c4.jpg 850w\" sizes=\"(max-width: 150px) 100vw, 150px\" \/><\/span><\/h3>\n<p><strong>Fernando Pel\u00e1ez. Universidad de la Rep\u00fablica, Uruguay<br \/>\n<\/strong><\/p>\n<p>Pro Rector de Ense\u00f1anza, Universidad de la Rep\u00fablica. Licenciado y Mag\u00edster en Matem\u00e1tica<\/p>\n<\/div><div class=\"fusion-clearfix\"><\/div><\/div><\/div><\/div><\/div>\n","protected":false},"excerpt":{"rendered":"","protected":false},"author":2,"featured_media":0,"parent":0,"menu_order":0,"comment_status":"closed","ping_status":"closed","template":"","meta":[],"_links":{"self":[{"href":"https:\/\/www.cse.udelar.edu.uy\/jies2017\/wp-json\/wp\/v2\/pages\/1294"}],"collection":[{"href":"https:\/\/www.cse.udelar.edu.uy\/jies2017\/wp-json\/wp\/v2\/pages"}],"about":[{"href":"https:\/\/www.cse.udelar.edu.uy\/jies2017\/wp-json\/wp\/v2\/types\/page"}],"author":[{"embeddable":true,"href":"https:\/\/www.cse.udelar.edu.uy\/jies2017\/wp-json\/wp\/v2\/users\/2"}],"replies":[{"embeddable":true,"href":"https:\/\/www.cse.udelar.edu.uy\/jies2017\/wp-json\/wp\/v2\/comments?post=1294"}],"version-history":[{"count":0,"href":"https:\/\/www.cse.udelar.edu.uy\/jies2017\/wp-json\/wp\/v2\/pages\/1294\/revisions"}],"wp:attachment":[{"href":"https:\/\/www.cse.udelar.edu.uy\/jies2017\/wp-json\/wp\/v2\/media?parent=1294"}],"curies":[{"name":"wp","href":"https:\/\/api.w.org\/{rel}","templated":true}]}}

Articulación educación media y superior: ¿una brecha (in)salvable?

<div class="fusion-fullwidth fullwidth-box fusion-builder-row-1 nonhundred-percent-fullwidth non-hundred-percent-height-scrolling" style="background-color: rgba(255,255,255,0);background-position: center center;background-repeat: no-repeat;padding-top:0px;padding-right:0px;padding-bottom:0px;padding-left:0px;margin-bottom: 0px;margin-top: 0px;border-width: 0px 0px 0px 0px;border-color:#eaeaea;border-style:solid;" ><div class="fusion-builder-row fusion-row"><div class="fusion-layout-column fusion_builder_column fusion-builder-column-0 fusion_builder_column_1_1 1_1 fusion-one-full fusion-column-first fusion-column-last" style="margin-top:0px;margin-bottom:0px;"><div class="fusion-column-wrapper fusion-flex-column-wrapper-legacy" style="background-position:left top;background-repeat:no-repeat;-webkit-background-size:cover;-moz-background-size:cover;-o-background-size:cover;background-size:cover;padding: 0px 0px 0px 0px;"><style type="text/css"></style><div class="fusion-title title fusion-title-1 fusion-title-text fusion-title-size-two" style="margin-top:0%;margin-bottom:30px;"><h2 class="title-heading-left" style="margin:0;"><span style="color: #5e4aad">27 de octubre | 16:30 a 18:30 hs.</span></h2><div class="title-sep-container"><div class="title-sep sep-single sep-dotted" style="border-color:#5e4aad;"></div></div></div><div class="fusion-text fusion-text-1"><p>Pese a los esfuerzos realizados y los avances alcanzados recientemente por los diversos sectores educativos, la situación del ejercicio al derecho a la educación terciaria en nuestro país en aún insatisfactoria. Un alto porcentaje de jóvenes uruguayos no accede a la educación terciaria, y muchos de los que lo logran ven afectadas sus posibilidades de permanencia, avance en los estudios y desempeño por diversas razones. Por un lado influyen las condiciones socio económicas y culturales, la inserción laboral temprana, la falta de recursos adecuados y todas las complicaciones que devienen del tránsito de un ciclo educativo a otro.En otra dimensión se encuentran las dificultades propias de desempeño que surgen del defasaje entre el perfil académico esperado al ingreso y los aprendizajes reales alcanzados por los estudiantes en la etapa previa. Las acciones de coordinación realizadas entre docentes de ambos niveles educativos no han tenido el impacto necesario para mejorar dicha situación.En esta mesa se espera reflexionar sobre estos aspectos y discutir sobre la posibilidad de generar procesos de articulación entre la educación media superior y la terciaria que tiendan a disminuir progresivamente la brecha existente.</p>
</div><style type="text/css"></style><div class="fusion-title title fusion-title-2 fusion-title-text fusion-title-size-two" style="margin-top:0%;margin-bottom:30px;"><h2 class="title-heading-left" style="margin:0;"><span style="color: #5e4aad">Panelistas</span></h2><div class="title-sep-container"><div class="title-sep sep-single sep-dotted" style="border-color:#5e4aad;"></div></div></div><div class="fusion-text fusion-text-2"><p><img loading="lazy" class="size-thumbnail wp-image-1286 alignleft" src="http://www.cse.udelar.edu.uy/jies2017/wp-content/uploads/sites/5/2017/10/maria-dibar-150x150.jpg" alt="" width="150" height="150" srcset="https://www.cse.udelar.edu.uy/jies2017/wp-content/uploads/sites/5/2017/10/maria-dibar-66x66.jpg 66w, https://www.cse.udelar.edu.uy/jies2017/wp-content/uploads/sites/5/2017/10/maria-dibar-150x150.jpg 150w, https://www.cse.udelar.edu.uy/jies2017/wp-content/uploads/sites/5/2017/10/maria-dibar.jpg 595w" sizes="(max-width: 150px) 100vw, 150px" /></p>
<p><strong>María Dibarboure. Uruguay</strong></p>
<p>Profesora, Química Farmacéutica (UDELAR), especialista en Constructivismo y Educación (FLACSO, Argentina &#8211; UAM), especialista en Didáctica de las Ciencias Naturales (FLACSO, Argentina), Magister en Psicología Cognitiva (FLACSO, Argentina &#8211; UAM).</p>
</div><div class="fusion-sep-clear"></div><div class="fusion-separator fusion-full-width-sep" style="margin-left: auto;margin-right: auto;margin-top:10px;margin-bottom:10px;width:100%;"><div class="fusion-separator-border sep-single sep-dotted" style="border-color:#adadad;border-top-width:1px;"></div></div><div class="fusion-sep-clear"></div><div class="fusion-text fusion-text-3"><h3><img loading="lazy" class="size-thumbnail wp-image-1288 alignleft" src="http://www.cse.udelar.edu.uy/jies2017/wp-content/uploads/sites/5/2017/10/maria-simon-150x150.jpg" alt="" width="150" height="150" srcset="https://www.cse.udelar.edu.uy/jies2017/wp-content/uploads/sites/5/2017/10/maria-simon-66x66.jpg 66w, https://www.cse.udelar.edu.uy/jies2017/wp-content/uploads/sites/5/2017/10/maria-simon-150x150.jpg 150w, https://www.cse.udelar.edu.uy/jies2017/wp-content/uploads/sites/5/2017/10/maria-simon.jpg 600w" sizes="(max-width: 150px) 100vw, 150px" /></h3>
<p><strong>María Simón. Universidad de la República, Uruguay<br />
</strong></p>
<p>Ingeniera Industrial (opción Electrónica), profesora y política uruguaya. Decana de la Facultad de ingeniería de la Universidad de la República. Fue presidenta de Antel entre 2005 y 2008. También se desempeñó como Ministra de Educación y Cultura entre 2008 y 2010, y como Subsecretaria de la misma cartera entre 2010 y 2012.</p>
<div></div>
</div><div class="fusion-sep-clear"></div><div class="fusion-separator fusion-full-width-sep" style="margin-left: auto;margin-right: auto;margin-top:10px;margin-bottom:10px;width:100%;"><div class="fusion-separator-border sep-single sep-dotted" style="border-color:#adadad;border-top-width:1px;"></div></div><div class="fusion-sep-clear"></div><div class="fusion-text fusion-text-4"><h3><span lang="es-AR"><img loading="lazy" class="size-thumbnail wp-image-1291 alignleft" src="http://www.cse.udelar.edu.uy/jies2017/wp-content/uploads/sites/5/2017/10/maezcurra-150x150.jpg" alt="" width="150" height="150" srcset="https://www.cse.udelar.edu.uy/jies2017/wp-content/uploads/sites/5/2017/10/maezcurra-66x66.jpg 66w, https://www.cse.udelar.edu.uy/jies2017/wp-content/uploads/sites/5/2017/10/maezcurra-150x150.jpg 150w, https://www.cse.udelar.edu.uy/jies2017/wp-content/uploads/sites/5/2017/10/maezcurra.jpg 2048w" sizes="(max-width: 150px) 100vw, 150px" /></span></h3>
<p><strong>Ana Mª Ezcurra. Universidad Nacional de Tres de Febrero, Argentina<br />
</strong></p>
<p>Licenciada en Psicología y Doctora en Ciencias Políticas y Sociales (Estudios Latinoamericanos, UNAM), actualmente es investigadora-docente en la Universidad Nacional de Tres de Febrero, Argentina.</p>
</div><div class="fusion-sep-clear"></div><div class="fusion-separator fusion-full-width-sep" style="margin-left: auto;margin-right: auto;margin-top:10px;margin-bottom:10px;width:100%;"></div><div class="fusion-sep-clear"></div><style type="text/css"></style><div class="fusion-title title fusion-title-3 fusion-title-text fusion-title-size-three" style="margin-top:0%;margin-bottom:30px;"><h3 class="title-heading-left" style="margin:0;">Modera</h3><div class="title-sep-container"><div class="title-sep sep-single sep-dotted" style="border-color:#5e4aad;"></div></div></div><div class="fusion-text fusion-text-5"><h3><span lang="es-AR"><img loading="lazy" class="size-thumbnail wp-image-1353 alignleft" src="http://www.cse.udelar.edu.uy/jies2017/wp-content/uploads/sites/5/2017/10/47416scr_312e81b25f4a3c4-150x150.jpg" alt="" width="150" height="150" srcset="https://www.cse.udelar.edu.uy/jies2017/wp-content/uploads/sites/5/2017/10/47416scr_312e81b25f4a3c4-66x66.jpg 66w, https://www.cse.udelar.edu.uy/jies2017/wp-content/uploads/sites/5/2017/10/47416scr_312e81b25f4a3c4-150x150.jpg 150w, https://www.cse.udelar.edu.uy/jies2017/wp-content/uploads/sites/5/2017/10/47416scr_312e81b25f4a3c4.jpg 850w" sizes="(max-width: 150px) 100vw, 150px" /></span></h3>
<p><strong>Fernando Peláez. Universidad de la República, Uruguay<br />
</strong></p>
<p>Pro Rector de Enseñanza, Universidad de la República. Licenciado y Magíster en Matemática</p>
</div><div class="fusion-clearfix"></div></div></div></div></div>
