{"id":1328,"date":"2017-10-20T19:13:52","date_gmt":"2017-10-20T22:13:52","guid":{"rendered":"http:\/\/jies.cse.udelar.edu.uy\/?page_id=1328"},"modified":"2017-10-20T19:13:52","modified_gmt":"2017-10-20T22:13:52","slug":"tendencias-de-la-educacion-superior-en-america-latina-para-el-siglo-xxi","status":"publish","type":"page","link":"https:\/\/www.cse.udelar.edu.uy\/jies2017\/tendencias-de-la-educacion-superior-en-america-latina-para-el-siglo-xxi\/","title":{"rendered":"Tendencias de la Educaci\u00f3n Superior en Am\u00e9rica Latina para el siglo XXI"},"content":{"rendered":"<div class=\"fusion-fullwidth fullwidth-box fusion-builder-row-1 nonhundred-percent-fullwidth non-hundred-percent-height-scrolling\" style=\"background-color: rgba(255,255,255,0);background-position: center center;background-repeat: no-repeat;padding-top:0px;padding-right:0px;padding-bottom:0px;padding-left:0px;margin-bottom: 0px;margin-top: 0px;border-width: 0px 0px 0px 0px;border-color:#eaeaea;border-style:solid;\" ><div class=\"fusion-builder-row fusion-row\"><div class=\"fusion-layout-column fusion_builder_column fusion-builder-column-0 fusion_builder_column_1_1 1_1 fusion-one-full fusion-column-first fusion-column-last\" style=\"margin-top:0px;margin-bottom:0px;\"><div class=\"fusion-column-wrapper fusion-flex-column-wrapper-legacy\" style=\"background-position:left top;background-repeat:no-repeat;-webkit-background-size:cover;-moz-background-size:cover;-o-background-size:cover;background-size:cover;padding: 0px 0px 0px 0px;\"><style type=\"text\/css\"><\/style><div class=\"fusion-title title fusion-title-1 fusion-title-text fusion-title-size-two\" style=\"margin-top:0%;margin-bottom:30px;\"><h2 class=\"title-heading-left\" style=\"margin:0;\"><span style=\"color: #5e4aad\">25 de octubre | 09:15 a 10:15 hs.<\/span><\/h2><div class=\"title-sep-container\"><div class=\"title-sep sep-single sep-dotted\" style=\"border-color:#5e4aad;\"><\/div><\/div><\/div><div class=\"fusion-text fusion-text-1\"><p><img loading=\"lazy\" class=\"size-full wp-image-1325 alignleft\" src=\"http:\/\/www.cse.udelar.edu.uy\/jies2017\/wp-content\/uploads\/sites\/5\/2017\/10\/tamarit.jpg\" alt=\"\" width=\"237\" height=\"300\" srcset=\"https:\/\/www.cse.udelar.edu.uy\/jies2017\/wp-content\/uploads\/sites\/5\/2017\/10\/tamarit-200x253.jpg 200w, https:\/\/www.cse.udelar.edu.uy\/jies2017\/wp-content\/uploads\/sites\/5\/2017\/10\/tamarit.jpg 237w\" sizes=\"(max-width: 237px) 100vw, 237px\" \/><\/p>\n<h3><em>\u201cTendencias de la Educaci\u00f3n Superior en Am\u00e9rica Latina para el siglo XXI\u00bb <\/em><\/h3>\n<p><strong>Francisco Tamarit. Universidad Nacional de C\u00f3rdoba<br \/>\n<\/strong><\/p>\n<p>El Dr. Francisco Tamarit es Licenciado en F\u00edsica de la Universidad Nacional de C\u00f3rdoba y Doctor en Ciencias del Centro Brasileiro de Pesquisas F\u00edsicas (R\u00edo de Janeiro, Brasil). Es Profesor Titular del Departamento de F\u00edsica de la Facultad de Matem\u00e1tica, Astronom\u00eda, F\u00edsica y Computaci\u00f3n de la Universidad Nacional de C\u00f3rdoba e Investigador Principal del Consejo Nacional de Investigaciones Cient\u00edficas y T\u00e9cnicas de Argentina. Ha publicado numerosos trabajos en revistas de circulaci\u00f3n internacional, ha dirigido 9 tesis de doctorado y dictado conferencias y cursos de posgrado en prestigiosas instituciones y eventos acad\u00e9micos del mundo. Su trabajo de investigaci\u00f3n se centra en estudio de los sistemas complejos en general, con especial \u00e9nfasis en el modelado de sistemas neuronales.<\/p>\n<p>El Dr. Tamarit fue Decano de la Facultad de Matem\u00e1tica, Astronom\u00eda, F\u00edsica y Computaci\u00f3n y luego Rector de la Universidad Nacional de C\u00f3rdoba entre 2013 y 2016. Actualmente se desempe\u00f1a como Director del Consejo Nacional de Investigaciones Cient\u00edficas y T\u00e9cnicas de Argentina (CONICET), en representaci\u00f3n del sistema universitario p\u00fablico y privado de su pa\u00eds.<\/p>\n<p>Desde junio de 2016 es el Coordinador General de la III Conferencia Regional de Educaci\u00f3n Superior para Am\u00e9rica Latina y el Caribe a desarrollarse en la Universidad Nacional de C\u00f3rdoba, entre el 11 y el 15 de junio de 2018, con motivo de la celebraci\u00f3n del primer centenario de la Reforma Universitaria de 1918.<\/p>\n<\/div><div class=\"fusion-sep-clear\"><\/div><div class=\"fusion-separator fusion-full-width-sep\" style=\"margin-left: auto;margin-right: auto;margin-top:10px;margin-bottom:10px;width:100%;\"><\/div><div class=\"fusion-sep-clear\"><\/div><style type=\"text\/css\"><\/style><div class=\"fusion-title title fusion-title-2 fusion-title-text fusion-title-size-three\" style=\"margin-top:0%;margin-bottom:30px;\"><h3 class=\"title-heading-left\" style=\"margin:0;\">Presenta<\/h3><div class=\"title-sep-container\"><div class=\"title-sep sep-single sep-dotted\" style=\"border-color:#5e4aad;\"><\/div><\/div><\/div><div class=\"fusion-text fusion-text-2\"><h3><span lang=\"es-AR\"><img loading=\"lazy\" class=\"size-thumbnail wp-image-1353 alignleft\" src=\"http:\/\/www.cse.udelar.edu.uy\/jies2017\/wp-content\/uploads\/sites\/5\/2017\/10\/47416scr_312e81b25f4a3c4-150x150.jpg\" alt=\"\" width=\"150\" height=\"150\" srcset=\"https:\/\/www.cse.udelar.edu.uy\/jies2017\/wp-content\/uploads\/sites\/5\/2017\/10\/47416scr_312e81b25f4a3c4-66x66.jpg 66w, https:\/\/www.cse.udelar.edu.uy\/jies2017\/wp-content\/uploads\/sites\/5\/2017\/10\/47416scr_312e81b25f4a3c4-150x150.jpg 150w, https:\/\/www.cse.udelar.edu.uy\/jies2017\/wp-content\/uploads\/sites\/5\/2017\/10\/47416scr_312e81b25f4a3c4.jpg 850w\" sizes=\"(max-width: 150px) 100vw, 150px\" \/><\/span><\/h3>\n<p><strong>Fernando Pel\u00e1ez. Universidad de la Rep\u00fablica, Uruguay<br \/>\n<\/strong><\/p>\n<p>Pro Rector de Ense\u00f1anza, Universidad de la Rep\u00fablica. Licenciado y Mag\u00edster en Matem\u00e1tica<\/p>\n<\/div><div class=\"fusion-sep-clear\"><\/div><div class=\"fusion-separator fusion-full-width-sep\" style=\"margin-left: auto;margin-right: auto;margin-top:10px;margin-bottom:10px;width:100%;\"><div class=\"fusion-separator-border sep-single sep-dotted\" style=\"border-color:#adadad;border-top-width:1px;\"><\/div><\/div><div class=\"fusion-sep-clear\"><\/div><div class=\"fusion-clearfix\"><\/div><\/div><\/div><\/div><\/div>\n","protected":false},"excerpt":{"rendered":"","protected":false},"author":2,"featured_media":0,"parent":0,"menu_order":0,"comment_status":"closed","ping_status":"closed","template":"","meta":[],"_links":{"self":[{"href":"https:\/\/www.cse.udelar.edu.uy\/jies2017\/wp-json\/wp\/v2\/pages\/1328"}],"collection":[{"href":"https:\/\/www.cse.udelar.edu.uy\/jies2017\/wp-json\/wp\/v2\/pages"}],"about":[{"href":"https:\/\/www.cse.udelar.edu.uy\/jies2017\/wp-json\/wp\/v2\/types\/page"}],"author":[{"embeddable":true,"href":"https:\/\/www.cse.udelar.edu.uy\/jies2017\/wp-json\/wp\/v2\/users\/2"}],"replies":[{"embeddable":true,"href":"https:\/\/www.cse.udelar.edu.uy\/jies2017\/wp-json\/wp\/v2\/comments?post=1328"}],"version-history":[{"count":0,"href":"https:\/\/www.cse.udelar.edu.uy\/jies2017\/wp-json\/wp\/v2\/pages\/1328\/revisions"}],"wp:attachment":[{"href":"https:\/\/www.cse.udelar.edu.uy\/jies2017\/wp-json\/wp\/v2\/media?parent=1328"}],"curies":[{"name":"wp","href":"https:\/\/api.w.org\/{rel}","templated":true}]}}

Tendencias de la Educación Superior en América Latina para el siglo XXI

<div class="fusion-fullwidth fullwidth-box fusion-builder-row-1 nonhundred-percent-fullwidth non-hundred-percent-height-scrolling" style="background-color: rgba(255,255,255,0);background-position: center center;background-repeat: no-repeat;padding-top:0px;padding-right:0px;padding-bottom:0px;padding-left:0px;margin-bottom: 0px;margin-top: 0px;border-width: 0px 0px 0px 0px;border-color:#eaeaea;border-style:solid;" ><div class="fusion-builder-row fusion-row"><div class="fusion-layout-column fusion_builder_column fusion-builder-column-0 fusion_builder_column_1_1 1_1 fusion-one-full fusion-column-first fusion-column-last" style="margin-top:0px;margin-bottom:0px;"><div class="fusion-column-wrapper fusion-flex-column-wrapper-legacy" style="background-position:left top;background-repeat:no-repeat;-webkit-background-size:cover;-moz-background-size:cover;-o-background-size:cover;background-size:cover;padding: 0px 0px 0px 0px;"><style type="text/css"></style><div class="fusion-title title fusion-title-1 fusion-title-text fusion-title-size-two" style="margin-top:0%;margin-bottom:30px;"><h2 class="title-heading-left" style="margin:0;"><span style="color: #5e4aad">25 de octubre | 09:15 a 10:15 hs.</span></h2><div class="title-sep-container"><div class="title-sep sep-single sep-dotted" style="border-color:#5e4aad;"></div></div></div><div class="fusion-text fusion-text-1"><p><img loading="lazy" class="size-full wp-image-1325 alignleft" src="http://www.cse.udelar.edu.uy/jies2017/wp-content/uploads/sites/5/2017/10/tamarit.jpg" alt="" width="237" height="300" srcset="https://www.cse.udelar.edu.uy/jies2017/wp-content/uploads/sites/5/2017/10/tamarit-200x253.jpg 200w, https://www.cse.udelar.edu.uy/jies2017/wp-content/uploads/sites/5/2017/10/tamarit.jpg 237w" sizes="(max-width: 237px) 100vw, 237px" /></p>
<h3><em>“Tendencias de la Educación Superior en América Latina para el siglo XXI» </em></h3>
<p><strong>Francisco Tamarit. Universidad Nacional de Córdoba<br />
</strong></p>
<p>El Dr. Francisco Tamarit es Licenciado en Física de la Universidad Nacional de Córdoba y Doctor en Ciencias del Centro Brasileiro de Pesquisas Físicas (Río de Janeiro, Brasil). Es Profesor Titular del Departamento de Física de la Facultad de Matemática, Astronomía, Física y Computación de la Universidad Nacional de Córdoba e Investigador Principal del Consejo Nacional de Investigaciones Científicas y Técnicas de Argentina. Ha publicado numerosos trabajos en revistas de circulación internacional, ha dirigido 9 tesis de doctorado y dictado conferencias y cursos de posgrado en prestigiosas instituciones y eventos académicos del mundo. Su trabajo de investigación se centra en estudio de los sistemas complejos en general, con especial énfasis en el modelado de sistemas neuronales.</p>
<p>El Dr. Tamarit fue Decano de la Facultad de Matemática, Astronomía, Física y Computación y luego Rector de la Universidad Nacional de Córdoba entre 2013 y 2016. Actualmente se desempeña como Director del Consejo Nacional de Investigaciones Científicas y Técnicas de Argentina (CONICET), en representación del sistema universitario público y privado de su país.</p>
<p>Desde junio de 2016 es el Coordinador General de la III Conferencia Regional de Educación Superior para América Latina y el Caribe a desarrollarse en la Universidad Nacional de Córdoba, entre el 11 y el 15 de junio de 2018, con motivo de la celebración del primer centenario de la Reforma Universitaria de 1918.</p>
</div><div class="fusion-sep-clear"></div><div class="fusion-separator fusion-full-width-sep" style="margin-left: auto;margin-right: auto;margin-top:10px;margin-bottom:10px;width:100%;"></div><div class="fusion-sep-clear"></div><style type="text/css"></style><div class="fusion-title title fusion-title-2 fusion-title-text fusion-title-size-three" style="margin-top:0%;margin-bottom:30px;"><h3 class="title-heading-left" style="margin:0;">Presenta</h3><div class="title-sep-container"><div class="title-sep sep-single sep-dotted" style="border-color:#5e4aad;"></div></div></div><div class="fusion-text fusion-text-2"><h3><span lang="es-AR"><img loading="lazy" class="size-thumbnail wp-image-1353 alignleft" src="http://www.cse.udelar.edu.uy/jies2017/wp-content/uploads/sites/5/2017/10/47416scr_312e81b25f4a3c4-150x150.jpg" alt="" width="150" height="150" srcset="https://www.cse.udelar.edu.uy/jies2017/wp-content/uploads/sites/5/2017/10/47416scr_312e81b25f4a3c4-66x66.jpg 66w, https://www.cse.udelar.edu.uy/jies2017/wp-content/uploads/sites/5/2017/10/47416scr_312e81b25f4a3c4-150x150.jpg 150w, https://www.cse.udelar.edu.uy/jies2017/wp-content/uploads/sites/5/2017/10/47416scr_312e81b25f4a3c4.jpg 850w" sizes="(max-width: 150px) 100vw, 150px" /></span></h3>
<p><strong>Fernando Peláez. Universidad de la República, Uruguay<br />
</strong></p>
<p>Pro Rector de Enseñanza, Universidad de la República. Licenciado y Magíster en Matemática</p>
</div><div class="fusion-sep-clear"></div><div class="fusion-separator fusion-full-width-sep" style="margin-left: auto;margin-right: auto;margin-top:10px;margin-bottom:10px;width:100%;"><div class="fusion-separator-border sep-single sep-dotted" style="border-color:#adadad;border-top-width:1px;"></div></div><div class="fusion-sep-clear"></div><div class="fusion-clearfix"></div></div></div></div></div>
