{"id":1338,"date":"2017-10-20T19:35:52","date_gmt":"2017-10-20T22:35:52","guid":{"rendered":"http:\/\/jies.cse.udelar.edu.uy\/?page_id=1338"},"modified":"2017-10-20T19:35:52","modified_gmt":"2017-10-20T22:35:52","slug":"en-marcha-siempre-la-reforma-de-cordoba-y-la-universidad-contemporanea","status":"publish","type":"page","link":"https:\/\/www.cse.udelar.edu.uy\/jies2017\/en-marcha-siempre-la-reforma-de-cordoba-y-la-universidad-contemporanea\/","title":{"rendered":"\u201cEn marcha, siempre\u201d. La Reforma de C\u00f3rdoba y la Universidad contempor\u00e1nea"},"content":{"rendered":"<div class=\"fusion-fullwidth fullwidth-box fusion-builder-row-1 nonhundred-percent-fullwidth non-hundred-percent-height-scrolling\" style=\"background-color: rgba(255,255,255,0);background-position: center center;background-repeat: no-repeat;padding-top:0px;padding-right:0px;padding-bottom:0px;padding-left:0px;margin-bottom: 0px;margin-top: 0px;border-width: 0px 0px 0px 0px;border-color:#eaeaea;border-style:solid;\" ><div class=\"fusion-builder-row fusion-row\"><div class=\"fusion-layout-column fusion_builder_column fusion-builder-column-0 fusion_builder_column_1_1 1_1 fusion-one-full fusion-column-first fusion-column-last\" style=\"margin-top:0px;margin-bottom:0px;\"><div class=\"fusion-column-wrapper fusion-flex-column-wrapper-legacy\" style=\"background-position:left top;background-repeat:no-repeat;-webkit-background-size:cover;-moz-background-size:cover;-o-background-size:cover;background-size:cover;padding: 0px 0px 0px 0px;\"><div class=\"fusion-text fusion-text-1\"><style type=\"text\/css\"><\/style><div class=\"fusion-title title fusion-title-1 fusion-title-text fusion-title-size-two\" style=\"margin-top:0%;margin-bottom:30px;\"><h2 class=\"title-heading-left\" style=\"margin:0;\"><\/p>\n<p><span style=\"color: #5e4aad\">26 de octubre | 17:15 a 18:15 hs.<\/span><\/p>\n<p><\/h2><div class=\"title-sep-container\"><div class=\"title-sep sep-single sep-dotted\" style=\"border-color:#5e4aad;\"><\/div><\/div><\/div>\n<p><img loading=\"lazy\" class=\"size-full wp-image-1325 alignleft\" src=\"http:\/\/www.cse.udelar.edu.uy\/jies2017\/wp-content\/uploads\/sites\/5\/2017\/10\/landinelli.jpg\" alt=\"\" width=\"237\" height=\"300\" \/><\/p>\n<h3><em>\u201c&#8217;En marcha, siempre&#8217;. La Reforma de C\u00f3rdoba y la Universidad contempor\u00e1nea\u00bb <\/em><\/h3>\n<p><strong>Jorge Landinelli. Universidad de la Rep\u00fablica<br \/>\n<\/strong><\/p>\n<p>Organizaci\u00f3n Internacional de Universidades y en el Programa de Especializaci\u00f3n en Evaluaci\u00f3n Universitaria de la Uni\u00f3n de Universidades de Am\u00e9rica Latina (UDUAL).<\/p>\n<p>Ha integrado el Comit\u00e9 Cient\u00edfico Regional del Foro Mundial de la UNESCO sobre Universidad, Investigaci\u00f3n y Conocimiento, el Grupo Universidad y Sociedad del Consejo Latinoamericano de Ciencias Sociales (CLACSO) y el Comit\u00e9 Internacional de Direcci\u00f3n del Proyecto Tendencias de la Educaci\u00f3n Superior en Am\u00e9rica Latina y el Caribe (IESALC-UNESCO). Ha sido Conferencista Principal de la Conferencia Regional sobre la Educaci\u00f3n Superior en Am\u00e9rica Latina y el Caribe (CRES, 2008).<\/p>\n<p>Ha sido miembro de los Consejos Editoriales de la Revista Uruguaya de Ciencia Pol\u00edtica (ICP-UdelaR), de la Revista Educaci\u00f3n Superior y Sociedad (IESALC-UNESCO), de la Revista Integraci\u00f3n y Conocimiento (NEIES-Mercosur) y de la Revista Intercambios (CSE-UdelaR).<\/p>\n<p>En su condici\u00f3n de especialista en pol\u00edticas de evaluaci\u00f3n y acreditaci\u00f3n universitaria fue Presidente de la Comisi\u00f3n de Evaluaci\u00f3n Institucional de la Universidad de la Rep\u00fablica, miembro de las Comisiones Nacionales de Uruguay para la Acreditaci\u00f3n de Carreras de Grado Universitario en el Mercosur, asesor del Ministerio de Educaci\u00f3n y Cultura de Uruguay,\u00a0 consultor de entidades de Argentina (CONEAU), Chile (CNA) y M\u00e9xico (CONACYT), representante nacional en la Red Iberoamericana para el Aseguramiento de la Calidad de la Educaci\u00f3n Superior y en la Red de Agencias Nacionales de Acreditaci\u00f3n del Mercosur<\/p>\n<p>Es autor de libros, cap\u00edtulos en libros, art\u00edculos en revistas cient\u00edficas e informes. Algunas de sus publicaciones m\u00e1s recientes son: <em>Perspectivas democr\u00e1ticas de la cooperaci\u00f3n universitaria en el proceso de integraci\u00f3n regional,<\/em> en El derecho a la Universidad en perspectiva regional, CONADU-CLACSO, Buenos Aires, 2017<em>; Propuestas democr\u00e1ticas para la transformaci\u00f3n de la educaci\u00f3n superior en Am\u00e9rica Latina y el Caribe,<\/em> documento de trabajo, UdelaR-AUGM, Montevideo, 2016;\u00a0 <em>Alcances de la autonom\u00eda universitaria en Uruguay: continuidades, perturbaciones y cambios, <\/em>en La autonom\u00eda universitaria: una mirada latinoamericana, UDUAL, M\u00e9xico, 2015, <em>Reforma institucional y diversificaci\u00f3n de los sistemas de Educaci\u00f3n Superior en los pa\u00edses del Mercosur<\/em>, editor y compilador en Revista Integraci\u00f3n y Conocimiento N\u00ba2, NEIES-UNC, C\u00f3rdoba, 2015, <em>Pol\u00edticas de diversificaci\u00f3n institucional y democratizaci\u00f3n de la Universidad latinoamericana,<\/em> en\u00a0 Democratizaci\u00f3n de la Educaci\u00f3n Superior, UNC, C\u00f3rdoba, 2015<\/p>\n<\/div><div class=\"fusion-sep-clear\"><\/div><div class=\"fusion-separator fusion-full-width-sep\" style=\"margin-left: auto;margin-right: auto;margin-top:10px;margin-bottom:10px;width:100%;\"><\/div><div class=\"fusion-sep-clear\"><\/div><style type=\"text\/css\"><\/style><div class=\"fusion-title title fusion-title-2 fusion-title-text fusion-title-size-three\" style=\"margin-top:0%;margin-bottom:30px;\"><h3 class=\"title-heading-left\" style=\"margin:0;\">Presenta<\/h3><div class=\"title-sep-container\"><div class=\"title-sep sep-single sep-dotted\" style=\"border-color:#5e4aad;\"><\/div><\/div><\/div><div class=\"fusion-text fusion-text-2\"><h3><span lang=\"es-AR\"><img loading=\"lazy\" class=\"size-thumbnail wp-image-1366 alignleft\" src=\"http:\/\/www.cse.udelar.edu.uy\/jies2017\/wp-content\/uploads\/sites\/5\/2017\/10\/34727scr_8a24d3e3d277da7-150x150.jpg\" alt=\"\" width=\"150\" height=\"150\" srcset=\"https:\/\/www.cse.udelar.edu.uy\/jies2017\/wp-content\/uploads\/sites\/5\/2017\/10\/34727scr_8a24d3e3d277da7-66x66.jpg 66w, https:\/\/www.cse.udelar.edu.uy\/jies2017\/wp-content\/uploads\/sites\/5\/2017\/10\/34727scr_8a24d3e3d277da7-150x150.jpg 150w, https:\/\/www.cse.udelar.edu.uy\/jies2017\/wp-content\/uploads\/sites\/5\/2017\/10\/34727scr_8a24d3e3d277da7.jpg 850w\" sizes=\"(max-width: 150px) 100vw, 150px\" \/><\/span><\/h3>\n<p><strong>Cecilia Fern\u00e1ndez. Universidad de la Rep\u00fablica, Uruguay<br \/>\n<\/strong><\/p>\n<p>Pro Rectora de Investigaci\u00f3n, Universidad de la Rep\u00fablica. Doctora y Qu\u00edmica Farmac\u00e9utica. Investigadora del Programa de Desarrollo de Ciencias B\u00e1sicas (Pedeciba) y del Sistema Nacional de Investigadores.<\/p>\n<\/div><div class=\"fusion-sep-clear\"><\/div><div class=\"fusion-separator fusion-full-width-sep\" style=\"margin-left: auto;margin-right: auto;margin-top:10px;margin-bottom:10px;width:100%;\"><div class=\"fusion-separator-border sep-single sep-dotted\" style=\"border-color:#adadad;border-top-width:1px;\"><\/div><\/div><div class=\"fusion-sep-clear\"><\/div><div class=\"fusion-clearfix\"><\/div><\/div><\/div><\/div><\/div>\n","protected":false},"excerpt":{"rendered":"","protected":false},"author":2,"featured_media":0,"parent":0,"menu_order":0,"comment_status":"closed","ping_status":"closed","template":"","meta":[],"_links":{"self":[{"href":"https:\/\/www.cse.udelar.edu.uy\/jies2017\/wp-json\/wp\/v2\/pages\/1338"}],"collection":[{"href":"https:\/\/www.cse.udelar.edu.uy\/jies2017\/wp-json\/wp\/v2\/pages"}],"about":[{"href":"https:\/\/www.cse.udelar.edu.uy\/jies2017\/wp-json\/wp\/v2\/types\/page"}],"author":[{"embeddable":true,"href":"https:\/\/www.cse.udelar.edu.uy\/jies2017\/wp-json\/wp\/v2\/users\/2"}],"replies":[{"embeddable":true,"href":"https:\/\/www.cse.udelar.edu.uy\/jies2017\/wp-json\/wp\/v2\/comments?post=1338"}],"version-history":[{"count":0,"href":"https:\/\/www.cse.udelar.edu.uy\/jies2017\/wp-json\/wp\/v2\/pages\/1338\/revisions"}],"wp:attachment":[{"href":"https:\/\/www.cse.udelar.edu.uy\/jies2017\/wp-json\/wp\/v2\/media?parent=1338"}],"curies":[{"name":"wp","href":"https:\/\/api.w.org\/{rel}","templated":true}]}}

“En marcha, siempre”. La Reforma de Córdoba y la Universidad contemporánea

<div class="fusion-fullwidth fullwidth-box fusion-builder-row-1 nonhundred-percent-fullwidth non-hundred-percent-height-scrolling" style="background-color: rgba(255,255,255,0);background-position: center center;background-repeat: no-repeat;padding-top:0px;padding-right:0px;padding-bottom:0px;padding-left:0px;margin-bottom: 0px;margin-top: 0px;border-width: 0px 0px 0px 0px;border-color:#eaeaea;border-style:solid;" ><div class="fusion-builder-row fusion-row"><div class="fusion-layout-column fusion_builder_column fusion-builder-column-0 fusion_builder_column_1_1 1_1 fusion-one-full fusion-column-first fusion-column-last" style="margin-top:0px;margin-bottom:0px;"><div class="fusion-column-wrapper fusion-flex-column-wrapper-legacy" style="background-position:left top;background-repeat:no-repeat;-webkit-background-size:cover;-moz-background-size:cover;-o-background-size:cover;background-size:cover;padding: 0px 0px 0px 0px;"><div class="fusion-text fusion-text-1"><style type="text/css"></style><div class="fusion-title title fusion-title-1 fusion-title-text fusion-title-size-two" style="margin-top:0%;margin-bottom:30px;"><h2 class="title-heading-left" style="margin:0;"></p>
<p><span style="color: #5e4aad">26 de octubre | 17:15 a 18:15 hs.</span></p>
<p></h2><div class="title-sep-container"><div class="title-sep sep-single sep-dotted" style="border-color:#5e4aad;"></div></div></div>
<p><img loading="lazy" class="size-full wp-image-1325 alignleft" src="http://www.cse.udelar.edu.uy/jies2017/wp-content/uploads/sites/5/2017/10/landinelli.jpg" alt="" width="237" height="300" /></p>
<h3><em>“&#8217;En marcha, siempre&#8217;. La Reforma de Córdoba y la Universidad contemporánea» </em></h3>
<p><strong>Jorge Landinelli. Universidad de la República<br />
</strong></p>
<p>Organización Internacional de Universidades y en el Programa de Especialización en Evaluación Universitaria de la Unión de Universidades de América Latina (UDUAL).</p>
<p>Ha integrado el Comité Científico Regional del Foro Mundial de la UNESCO sobre Universidad, Investigación y Conocimiento, el Grupo Universidad y Sociedad del Consejo Latinoamericano de Ciencias Sociales (CLACSO) y el Comité Internacional de Dirección del Proyecto Tendencias de la Educación Superior en América Latina y el Caribe (IESALC-UNESCO). Ha sido Conferencista Principal de la Conferencia Regional sobre la Educación Superior en América Latina y el Caribe (CRES, 2008).</p>
<p>Ha sido miembro de los Consejos Editoriales de la Revista Uruguaya de Ciencia Política (ICP-UdelaR), de la Revista Educación Superior y Sociedad (IESALC-UNESCO), de la Revista Integración y Conocimiento (NEIES-Mercosur) y de la Revista Intercambios (CSE-UdelaR).</p>
<p>En su condición de especialista en políticas de evaluación y acreditación universitaria fue Presidente de la Comisión de Evaluación Institucional de la Universidad de la República, miembro de las Comisiones Nacionales de Uruguay para la Acreditación de Carreras de Grado Universitario en el Mercosur, asesor del Ministerio de Educación y Cultura de Uruguay,  consultor de entidades de Argentina (CONEAU), Chile (CNA) y México (CONACYT), representante nacional en la Red Iberoamericana para el Aseguramiento de la Calidad de la Educación Superior y en la Red de Agencias Nacionales de Acreditación del Mercosur</p>
<p>Es autor de libros, capítulos en libros, artículos en revistas científicas e informes. Algunas de sus publicaciones más recientes son: <em>Perspectivas democráticas de la cooperación universitaria en el proceso de integración regional,</em> en El derecho a la Universidad en perspectiva regional, CONADU-CLACSO, Buenos Aires, 2017<em>; Propuestas democráticas para la transformación de la educación superior en América Latina y el Caribe,</em> documento de trabajo, UdelaR-AUGM, Montevideo, 2016;  <em>Alcances de la autonomía universitaria en Uruguay: continuidades, perturbaciones y cambios, </em>en La autonomía universitaria: una mirada latinoamericana, UDUAL, México, 2015, <em>Reforma institucional y diversificación de los sistemas de Educación Superior en los países del Mercosur</em>, editor y compilador en Revista Integración y Conocimiento Nº2, NEIES-UNC, Córdoba, 2015, <em>Políticas de diversificación institucional y democratización de la Universidad latinoamericana,</em> en  Democratización de la Educación Superior, UNC, Córdoba, 2015</p>
</div><div class="fusion-sep-clear"></div><div class="fusion-separator fusion-full-width-sep" style="margin-left: auto;margin-right: auto;margin-top:10px;margin-bottom:10px;width:100%;"></div><div class="fusion-sep-clear"></div><style type="text/css"></style><div class="fusion-title title fusion-title-2 fusion-title-text fusion-title-size-three" style="margin-top:0%;margin-bottom:30px;"><h3 class="title-heading-left" style="margin:0;">Presenta</h3><div class="title-sep-container"><div class="title-sep sep-single sep-dotted" style="border-color:#5e4aad;"></div></div></div><div class="fusion-text fusion-text-2"><h3><span lang="es-AR"><img loading="lazy" class="size-thumbnail wp-image-1366 alignleft" src="http://www.cse.udelar.edu.uy/jies2017/wp-content/uploads/sites/5/2017/10/34727scr_8a24d3e3d277da7-150x150.jpg" alt="" width="150" height="150" srcset="https://www.cse.udelar.edu.uy/jies2017/wp-content/uploads/sites/5/2017/10/34727scr_8a24d3e3d277da7-66x66.jpg 66w, https://www.cse.udelar.edu.uy/jies2017/wp-content/uploads/sites/5/2017/10/34727scr_8a24d3e3d277da7-150x150.jpg 150w, https://www.cse.udelar.edu.uy/jies2017/wp-content/uploads/sites/5/2017/10/34727scr_8a24d3e3d277da7.jpg 850w" sizes="(max-width: 150px) 100vw, 150px" /></span></h3>
<p><strong>Cecilia Fernández. Universidad de la República, Uruguay<br />
</strong></p>
<p>Pro Rectora de Investigación, Universidad de la República. Doctora y Química Farmacéutica. Investigadora del Programa de Desarrollo de Ciencias Básicas (Pedeciba) y del Sistema Nacional de Investigadores.</p>
</div><div class="fusion-sep-clear"></div><div class="fusion-separator fusion-full-width-sep" style="margin-left: auto;margin-right: auto;margin-top:10px;margin-bottom:10px;width:100%;"><div class="fusion-separator-border sep-single sep-dotted" style="border-color:#adadad;border-top-width:1px;"></div></div><div class="fusion-sep-clear"></div><div class="fusion-clearfix"></div></div></div></div></div>
