{"id":1450,"date":"2017-10-23T15:33:28","date_gmt":"2017-10-23T18:33:28","guid":{"rendered":"http:\/\/jies.cse.udelar.edu.uy\/?page_id=1450"},"modified":"2017-10-23T15:33:28","modified_gmt":"2017-10-23T18:33:28","slug":"hacia-una-universidad-inclusiva-nuevos-escenarios-y-miradas","status":"publish","type":"page","link":"https:\/\/www.cse.udelar.edu.uy\/jies2017\/hacia-una-universidad-inclusiva-nuevos-escenarios-y-miradas\/","title":{"rendered":"\u201cHacia una universidad inclusiva\u201d. Nuevos escenarios y miradas"},"content":{"rendered":"<div class=\"fusion-fullwidth fullwidth-box fusion-builder-row-1 nonhundred-percent-fullwidth non-hundred-percent-height-scrolling\" style=\"background-color: rgba(255,255,255,0);background-position: center center;background-repeat: no-repeat;padding-top:20px;padding-right:0px;padding-bottom:20px;padding-left:0px;margin-bottom: 0px;margin-top: 0px;border-width: 0px 0px 0px 0px;border-color:#eaeaea;border-style:solid;\" ><div class=\"fusion-builder-row fusion-row\"><div class=\"fusion-layout-column fusion_builder_column fusion-builder-column-0 fusion_builder_column_1_1 1_1 fusion-one-full fusion-column-first fusion-column-last\" style=\"margin-top:0px;margin-bottom:20px;\"><div class=\"fusion-column-wrapper fusion-flex-column-wrapper-legacy\" style=\"background-position:left top;background-repeat:no-repeat;-webkit-background-size:cover;-moz-background-size:cover;-o-background-size:cover;background-size:cover;padding: 0px 0px 0px 0px;\"><style type=\"text\/css\"><\/style><div class=\"fusion-title title fusion-title-1 fusion-title-text fusion-title-size-two\" style=\"margin-top:0%;margin-bottom:30px;\"><h2 class=\"title-heading-left\" style=\"margin:0;\"><span style=\"color: #5e4aad\">26 de octubre | 10:45 a 12:45 hs. | Sal\u00f3n 206, Aulario \u00c1rea Social y Art\u00edstica<\/span><\/h2><div class=\"title-sep-container\"><div class=\"title-sep sep-single sep-dotted\" style=\"border-color:#5e4aad;\"><\/div><\/div><\/div><div class=\"fusion-clearfix\"><\/div><\/div><\/div><div class=\"fusion-layout-column fusion_builder_column fusion-builder-column-1 fusion_builder_column_1_4 1_4 fusion-one-fourth fusion-column-first\" style=\"width:25%;width:calc(25% - ( ( 4% ) * 0.25 ) );margin-right: 4%;margin-top:0px;margin-bottom:20px;\"><div class=\"fusion-column-wrapper fusion-flex-column-wrapper-legacy\" style=\"background-position:left top;background-repeat:no-repeat;-webkit-background-size:cover;-moz-background-size:cover;-o-background-size:cover;background-size:cover;padding: 0px 0px 0px 0px;\"><div class=\"imageframe-align-center\"><span class=\" fusion-imageframe imageframe-none imageframe-1 hover-type-none\" style=\"border:1px solid #a0a0a0;\"><img width=\"317\" image_height=\"448\" image_id=\"1396\" title=\"libro1\" src=\"http:\/\/www.cse.udelar.edu.uy\/jies2017\/wp-content\/uploads\/sites\/5\/2017\/10\/libro1.jpg\" class=\"img-responsive wp-image-1396\" srcset=\"https:\/\/www.cse.udelar.edu.uy\/jies2017\/wp-content\/uploads\/sites\/5\/2017\/10\/libro1-200x283.jpg 200w, https:\/\/www.cse.udelar.edu.uy\/jies2017\/wp-content\/uploads\/sites\/5\/2017\/10\/libro1.jpg 317w\" sizes=\"(max-width: 800px) 100vw, 317px\" \/><\/span><\/div><div class=\"fusion-sep-clear\"><\/div><div class=\"fusion-separator fusion-full-width-sep\" style=\"margin-left: auto;margin-right: auto;margin-top:10px;margin-bottom:10px;width:100%;\"><div class=\"fusion-separator-border sep-single sep-dotted\" style=\"border-color:#777777;border-top-width:1px;\"><\/div><\/div><div class=\"fusion-sep-clear\"><\/div><div class=\"fusion-text fusion-text-1\"><p><strong>Autores:<\/strong> Ana Mar\u00eda Cambours de Donini; Jorge Gorostiaga (coordinadores)<\/p>\n<\/div><div class=\"fusion-clearfix\"><\/div><\/div><\/div><div class=\"fusion-layout-column fusion_builder_column fusion-builder-column-2 fusion_builder_column_3_4 3_4 fusion-three-fourth fusion-column-last\" style=\"width:75%;width:calc(75% - ( ( 4% ) * 0.75 ) );margin-top:0px;margin-bottom:20px;\"><div class=\"fusion-column-wrapper fusion-flex-column-wrapper-legacy\" style=\"background-position:left top;background-repeat:no-repeat;-webkit-background-size:cover;-moz-background-size:cover;-o-background-size:cover;background-size:cover;padding: 0px 0px 0px 0px;\"><div class=\"fusion-text fusion-text-2\"><p>El libro se enmarca en la problem\u00e1tica del acceso, la permanencia y el egreso de los estudiantes universitarios en el escenario argentino de las \u00faltimas dos d\u00e9cadas. Para ello, los diferentes autores se proponen repensar la inclusi\u00f3n universitaria y explorar las estrategias institucionales y pedag\u00f3gicas de cuatro universidades del conurbano bonaerense: la Universidad Nacional de General Sarmiento, la Universidad Nacional de Lan\u00fas, la Universidad Nacional de San Mart\u00edn y la Universidad Nacional de Tres de Febrero, que son coincidentes en la fuerte promoci\u00f3n de la permanencia de los ingresantes.<\/p>\n<\/div><div class=\"fusion-sep-clear\"><\/div><div class=\"fusion-separator fusion-full-width-sep\" style=\"margin-left: auto;margin-right: auto;margin-top:10px;margin-bottom:10px;width:100%;\"><div class=\"fusion-separator-border sep-single sep-dotted\" style=\"border-color:#777777;border-top-width:1px;\"><\/div><\/div><div class=\"fusion-sep-clear\"><\/div><style type=\"text\/css\"><\/style><div class=\"fusion-title title fusion-title-2 fusion-sep-none fusion-title-text fusion-title-size-four\" style=\"margin-top:15px;margin-bottom:30px;\"><h4 class=\"title-heading-left\" style=\"margin:0;\">Presenta: Dra. Paula POGR\u00c9:<\/h4><\/div><div class=\"fusion-text fusion-text-3\"><p><strong>Paula Pogr\u00e9<\/strong><br \/>\n<em>Argentina<\/em><\/p>\n<p>Doctora en Educaci\u00f3n por Universidad Aut\u00f3noma de Madrid. Investigadora Docente de la Universidad Nacional de General Sarmiento y Profesora Titular\u00a0 regular de la Universidad Nacional de Tierra del Fuego. Directora del Programa de Apoyo al Sector Educativo del MERCOSUR (PASEM). Consultora internacional de los Ministerios de Educaci\u00f3n de Ecuador, Nicaragua, Uruguay y Per\u00fa. Consultora en temas curriculares en universidades de Chile, Guatemala, Ecuador, entre otras. Consultora del IIPE-Unesco-Buenos Aires y Unesco-OREALC. Se desempe\u00f1a como docente de postgrados en universidades argentina y extranjeras. Es autora de libros, cap\u00edtulos de libros y art\u00edculos en revistas nacionales e internacionales con referato en su \u00e1rea de especialidad: did\u00e1cticas, curriculum, formaci\u00f3n docente y docencia universitaria.<\/p>\n<\/div><div class=\"fusion-sep-clear\"><\/div><div class=\"fusion-separator fusion-full-width-sep\" style=\"margin-left: auto;margin-right: auto;margin-top:10px;margin-bottom:10px;width:100%;\"><div class=\"fusion-separator-border sep-single sep-dotted\" style=\"border-color:#777777;border-top-width:1px;\"><\/div><\/div><div class=\"fusion-sep-clear\"><\/div><div class=\"fusion-clearfix\"><\/div><\/div><\/div><\/div><\/div>\n","protected":false},"excerpt":{"rendered":"","protected":false},"author":2,"featured_media":0,"parent":0,"menu_order":0,"comment_status":"closed","ping_status":"closed","template":"","meta":[],"_links":{"self":[{"href":"https:\/\/www.cse.udelar.edu.uy\/jies2017\/wp-json\/wp\/v2\/pages\/1450"}],"collection":[{"href":"https:\/\/www.cse.udelar.edu.uy\/jies2017\/wp-json\/wp\/v2\/pages"}],"about":[{"href":"https:\/\/www.cse.udelar.edu.uy\/jies2017\/wp-json\/wp\/v2\/types\/page"}],"author":[{"embeddable":true,"href":"https:\/\/www.cse.udelar.edu.uy\/jies2017\/wp-json\/wp\/v2\/users\/2"}],"replies":[{"embeddable":true,"href":"https:\/\/www.cse.udelar.edu.uy\/jies2017\/wp-json\/wp\/v2\/comments?post=1450"}],"version-history":[{"count":0,"href":"https:\/\/www.cse.udelar.edu.uy\/jies2017\/wp-json\/wp\/v2\/pages\/1450\/revisions"}],"wp:attachment":[{"href":"https:\/\/www.cse.udelar.edu.uy\/jies2017\/wp-json\/wp\/v2\/media?parent=1450"}],"curies":[{"name":"wp","href":"https:\/\/api.w.org\/{rel}","templated":true}]}}

<div class="fusion-fullwidth fullwidth-box fusion-builder-row-1 nonhundred-percent-fullwidth non-hundred-percent-height-scrolling" style="background-color: rgba(255,255,255,0);background-position: center center;background-repeat: no-repeat;padding-top:20px;padding-right:0px;padding-bottom:20px;padding-left:0px;margin-bottom: 0px;margin-top: 0px;border-width: 0px 0px 0px 0px;border-color:#eaeaea;border-style:solid;" ><div class="fusion-builder-row fusion-row"><div class="fusion-layout-column fusion_builder_column fusion-builder-column-0 fusion_builder_column_1_1 1_1 fusion-one-full fusion-column-first fusion-column-last" style="margin-top:0px;margin-bottom:20px;"><div class="fusion-column-wrapper fusion-flex-column-wrapper-legacy" style="background-position:left top;background-repeat:no-repeat;-webkit-background-size:cover;-moz-background-size:cover;-o-background-size:cover;background-size:cover;padding: 0px 0px 0px 0px;"><style type="text/css"></style><div class="fusion-title title fusion-title-1 fusion-title-text fusion-title-size-two" style="margin-top:0%;margin-bottom:30px;"><h2 class="title-heading-left" style="margin:0;"><span style="color: #5e4aad">26 de octubre | 10:45 a 12:45 hs. | Salón 206, Aulario Área Social y Artística</span></h2><div class="title-sep-container"><div class="title-sep sep-single sep-dotted" style="border-color:#5e4aad;"></div></div></div><div class="fusion-clearfix"></div></div></div><div class="fusion-layout-column fusion_builder_column fusion-builder-column-1 fusion_builder_column_1_4 1_4 fusion-one-fourth fusion-column-first" style="width:25%;width:calc(25% - ( ( 4% ) * 0.25 ) );margin-right: 4%;margin-top:0px;margin-bottom:20px;"><div class="fusion-column-wrapper fusion-flex-column-wrapper-legacy" style="background-position:left top;background-repeat:no-repeat;-webkit-background-size:cover;-moz-background-size:cover;-o-background-size:cover;background-size:cover;padding: 0px 0px 0px 0px;"><div class="imageframe-align-center"><span class=" fusion-imageframe imageframe-none imageframe-1 hover-type-none" style="border:1px solid #a0a0a0;"><img width="317" image_height="448" image_id="1396" title="libro1" src="http://www.cse.udelar.edu.uy/jies2017/wp-content/uploads/sites/5/2017/10/libro1.jpg" class="img-responsive wp-image-1396" srcset="https://www.cse.udelar.edu.uy/jies2017/wp-content/uploads/sites/5/2017/10/libro1-200x283.jpg 200w, https://www.cse.udelar.edu.uy/jies2017/wp-content/uploads/sites/5/2017/10/libro1.jpg 317w" sizes="(max-width: 800px) 100vw, 317px" /></span></div><div class="fusion-sep-clear"></div><div class="fusion-separator fusion-full-width-sep" style="margin-left: auto;margin-right: auto;margin-top:10px;margin-bottom:10px;width:100%;"><div class="fusion-separator-border sep-single sep-dotted" style="border-color:#777777;border-top-width:1px;"></div></div><div class="fusion-sep-clear"></div><div class="fusion-text fusion-text-1"><p><strong>Autores:</strong> Ana María Cambours de Donini; Jorge Gorostiaga (coordinadores)</p>
</div><div class="fusion-clearfix"></div></div></div><div class="fusion-layout-column fusion_builder_column fusion-builder-column-2 fusion_builder_column_3_4 3_4 fusion-three-fourth fusion-column-last" style="width:75%;width:calc(75% - ( ( 4% ) * 0.75 ) );margin-top:0px;margin-bottom:20px;"><div class="fusion-column-wrapper fusion-flex-column-wrapper-legacy" style="background-position:left top;background-repeat:no-repeat;-webkit-background-size:cover;-moz-background-size:cover;-o-background-size:cover;background-size:cover;padding: 0px 0px 0px 0px;"><div class="fusion-text fusion-text-2"><p>El libro se enmarca en la problemática del acceso, la permanencia y el egreso de los estudiantes universitarios en el escenario argentino de las últimas dos décadas. Para ello, los diferentes autores se proponen repensar la inclusión universitaria y explorar las estrategias institucionales y pedagógicas de cuatro universidades del conurbano bonaerense: la Universidad Nacional de General Sarmiento, la Universidad Nacional de Lanús, la Universidad Nacional de San Martín y la Universidad Nacional de Tres de Febrero, que son coincidentes en la fuerte promoción de la permanencia de los ingresantes.</p>
</div><div class="fusion-sep-clear"></div><div class="fusion-separator fusion-full-width-sep" style="margin-left: auto;margin-right: auto;margin-top:10px;margin-bottom:10px;width:100%;"><div class="fusion-separator-border sep-single sep-dotted" style="border-color:#777777;border-top-width:1px;"></div></div><div class="fusion-sep-clear"></div><style type="text/css"></style><div class="fusion-title title fusion-title-2 fusion-sep-none fusion-title-text fusion-title-size-four" style="margin-top:15px;margin-bottom:30px;"><h4 class="title-heading-left" style="margin:0;">Presenta: Dra. Paula POGRÉ:</h4></div><div class="fusion-text fusion-text-3"><p><strong>Paula Pogré</strong><br />
<em>Argentina</em></p>
<p>Doctora en Educación por Universidad Autónoma de Madrid. Investigadora Docente de la Universidad Nacional de General Sarmiento y Profesora Titular  regular de la Universidad Nacional de Tierra del Fuego. Directora del Programa de Apoyo al Sector Educativo del MERCOSUR (PASEM). Consultora internacional de los Ministerios de Educación de Ecuador, Nicaragua, Uruguay y Perú. Consultora en temas curriculares en universidades de Chile, Guatemala, Ecuador, entre otras. Consultora del IIPE-Unesco-Buenos Aires y Unesco-OREALC. Se desempeña como docente de postgrados en universidades argentina y extranjeras. Es autora de libros, capítulos de libros y artículos en revistas nacionales e internacionales con referato en su área de especialidad: didácticas, curriculum, formación docente y docencia universitaria.</p>
</div><div class="fusion-sep-clear"></div><div class="fusion-separator fusion-full-width-sep" style="margin-left: auto;margin-right: auto;margin-top:10px;margin-bottom:10px;width:100%;"><div class="fusion-separator-border sep-single sep-dotted" style="border-color:#777777;border-top-width:1px;"></div></div><div class="fusion-sep-clear"></div><div class="fusion-clearfix"></div></div></div></div></div>
