{"id":1468,"date":"2017-10-23T15:43:15","date_gmt":"2017-10-23T18:43:15","guid":{"rendered":"http:\/\/jies.cse.udelar.edu.uy\/?page_id=1468"},"modified":"2017-10-23T15:43:15","modified_gmt":"2017-10-23T18:43:15","slug":"los-posgrados-en-argentina-brasil-y-paraguay-aproximaciones-comparadas-en-contextos-de-evaluacion-de-la-calidad-de-la-educacion-superior","status":"publish","type":"page","link":"https:\/\/www.cse.udelar.edu.uy\/jies2017\/los-posgrados-en-argentina-brasil-y-paraguay-aproximaciones-comparadas-en-contextos-de-evaluacion-de-la-calidad-de-la-educacion-superior\/","title":{"rendered":"Los posgrados en Argentina, Brasil y Paraguay. Aproximaciones comparadas en contextos de evaluaci\u00f3n de la calidad de la Educaci\u00f3n Superior"},"content":{"rendered":"<div class=\"fusion-fullwidth fullwidth-box fusion-builder-row-1 nonhundred-percent-fullwidth non-hundred-percent-height-scrolling\" style=\"background-color: rgba(255,255,255,0);background-position: center center;background-repeat: no-repeat;padding-top:20px;padding-right:0px;padding-bottom:20px;padding-left:0px;margin-bottom: 0px;margin-top: 0px;border-width: 0px 0px 0px 0px;border-color:#eaeaea;border-style:solid;\" ><div class=\"fusion-builder-row fusion-row\"><div class=\"fusion-layout-column fusion_builder_column fusion-builder-column-0 fusion_builder_column_1_1 1_1 fusion-one-full fusion-column-first fusion-column-last\" style=\"margin-top:0px;margin-bottom:20px;\"><div class=\"fusion-column-wrapper fusion-flex-column-wrapper-legacy\" style=\"background-position:left top;background-repeat:no-repeat;-webkit-background-size:cover;-moz-background-size:cover;-o-background-size:cover;background-size:cover;padding: 0px 0px 0px 0px;\"><style type=\"text\/css\"><\/style><div class=\"fusion-title title fusion-title-1 fusion-title-text fusion-title-size-two\" style=\"margin-top:0%;margin-bottom:30px;\"><h2 class=\"title-heading-left\" style=\"margin:0;\"><span style=\"color: #5e4aad\">26 de octubre | 10:45 a 12:45 hs. | Sal\u00f3n 206, Aulario \u00c1rea Social y Art\u00edstica<\/span><\/h2><div class=\"title-sep-container\"><div class=\"title-sep sep-single sep-dotted\" style=\"border-color:#5e4aad;\"><\/div><\/div><\/div><div class=\"fusion-clearfix\"><\/div><\/div><\/div><div class=\"fusion-layout-column fusion_builder_column fusion-builder-column-1 fusion_builder_column_1_4 1_4 fusion-one-fourth fusion-column-first\" style=\"width:25%;width:calc(25% - ( ( 4% ) * 0.25 ) );margin-right: 4%;margin-top:0px;margin-bottom:20px;\"><div class=\"fusion-column-wrapper fusion-flex-column-wrapper-legacy\" style=\"background-position:left top;background-repeat:no-repeat;-webkit-background-size:cover;-moz-background-size:cover;-o-background-size:cover;background-size:cover;padding: 0px 0px 0px 0px;\"><div class=\"imageframe-align-center\"><span class=\" fusion-imageframe imageframe-none imageframe-1 hover-type-none\" style=\"border:1px solid #a0a0a0;\"><img width=\"317\" image_height=\"448\" image_id=\"1400\" title=\"libro2\" src=\"http:\/\/www.cse.udelar.edu.uy\/jies2017\/wp-content\/uploads\/sites\/5\/2017\/10\/libro2-1.jpg\" class=\"img-responsive wp-image-1400\" srcset=\"https:\/\/www.cse.udelar.edu.uy\/jies2017\/wp-content\/uploads\/sites\/5\/2017\/10\/libro2-1-200x283.jpg 200w, https:\/\/www.cse.udelar.edu.uy\/jies2017\/wp-content\/uploads\/sites\/5\/2017\/10\/libro2-1.jpg 317w\" sizes=\"(max-width: 800px) 100vw, 317px\" \/><\/span><\/div><div class=\"fusion-sep-clear\"><\/div><div class=\"fusion-separator fusion-full-width-sep\" style=\"margin-left: auto;margin-right: auto;margin-top:10px;margin-bottom:10px;width:100%;\"><div class=\"fusion-separator-border sep-single sep-dotted\" style=\"border-color:#777777;border-top-width:1px;\"><\/div><\/div><div class=\"fusion-sep-clear\"><\/div><div class=\"fusion-text fusion-text-1\"><p><strong>Autor:<\/strong> Nora Z. Lamfri (Organizadora)<\/p>\n<p>Editorial Brujas, C\u00f3rdoba<\/p>\n<\/div><div class=\"fusion-clearfix\"><\/div><\/div><\/div><div class=\"fusion-layout-column fusion_builder_column fusion-builder-column-2 fusion_builder_column_3_4 3_4 fusion-three-fourth fusion-column-last\" style=\"width:75%;width:calc(75% - ( ( 4% ) * 0.75 ) );margin-top:0px;margin-bottom:20px;\"><div class=\"fusion-column-wrapper fusion-flex-column-wrapper-legacy\" style=\"background-position:left top;background-repeat:no-repeat;-webkit-background-size:cover;-moz-background-size:cover;-o-background-size:cover;background-size:cover;padding: 0px 0px 0px 0px;\"><div class=\"fusion-text fusion-text-2\"><p>Los posgrados en la regi\u00f3n han experimentado una fuerte expansi\u00f3n en las \u00faltimas d\u00e9cadas, producto de m\u00faltiples factores y con caracter\u00edsticas particulares en cada pa\u00eds. En ese marco, y en consonancia con tendencias mundiales, los pa\u00edses y las universidades latinoamericanas han impulsado en forma creciente procesos de internacionalizaci\u00f3n de la educaci\u00f3n superior privilegiando, entre otras acciones, la movilidad de acad\u00e9micos y estudiantes de grado y de posgrado, y la constituci\u00f3n de redes de investigadores para el abordaje de problem\u00e1ticas regionales y el fortalecimiento de v\u00ednculos interinstitucionales entre carreras universitarias.<\/p>\n<\/div><div class=\"fusion-sep-clear\"><\/div><div class=\"fusion-separator fusion-full-width-sep\" style=\"margin-left: auto;margin-right: auto;margin-top:10px;margin-bottom:10px;width:100%;\"><div class=\"fusion-separator-border sep-single sep-dotted\" style=\"border-color:#777777;border-top-width:1px;\"><\/div><\/div><div class=\"fusion-sep-clear\"><\/div><style type=\"text\/css\"><\/style><div class=\"fusion-title title fusion-title-2 fusion-sep-none fusion-title-text fusion-title-size-four\" style=\"margin-top:15px;margin-bottom:30px;\"><h4 class=\"title-heading-left\" style=\"margin:0;\"><strong>Presentan: <\/strong>Sonia Marcela Ara\u00fajo, Luc\u00eda Beatriz Garg\u00eda, Nora Zoila Lamfri<\/h4><\/div><div class=\"fusion-text fusion-text-3\"><p><strong>Sonia Marcela Ara\u00fajo<\/strong><\/p>\n<p>Doctora en Filosof\u00eda y Ciencias de la Educaci\u00f3n (UNED). Mag\u00edster y Diploma Superior en Ciencias Sociales con menci\u00f3n en Educaci\u00f3n (FLACSO). Profesora Titular por concurso. Investigadora del N\u00facleo de Estudios Educacionales y Sociales (NEES).\u00a0 Se desempe\u00f1a como docente de posgrado, directora y evaluadora de tesis en carreras de especializaci\u00f3n, maestr\u00eda y doctorado en el \u00e1rea de la Educaci\u00f3n Superior. Es autora de libros, cap\u00edtulos de libros y art\u00edculos en revistas nacionales e internacionales con referato en su \u00e1rea de especialidad: did\u00e1ctica, curr\u00edculum y evaluaci\u00f3n en el campo de la educaci\u00f3n superior universitaria.<\/p>\n<\/div><div class=\"fusion-sep-clear\"><\/div><div class=\"fusion-separator fusion-full-width-sep\" style=\"margin-left: auto;margin-right: auto;margin-top:10px;margin-bottom:10px;width:100%;\"><div class=\"fusion-separator-border sep-single sep-dotted\" style=\"border-color:#777777;border-top-width:1px;\"><\/div><\/div><div class=\"fusion-sep-clear\"><\/div><div class=\"fusion-text fusion-text-4\"><p><strong>Luc\u00eda Beatriz Garc\u00eda<\/strong><\/p>\n<p>Doctora en Ciencias de la Educaci\u00f3n por la Universidad Nacional de C\u00f3rdoba (UNC), Profesora Titular por concurso; investigadora y directora de proyectos en el \u00e1rea de la educaci\u00f3n superior en el N\u00facleo de Estudios Educacionales y Sociales (NEES-FCH-UNCPBA). Ha sido directora del NEES y de la carrera de Ciencias de la Educaci\u00f3n (UNCPBA). Autora de libros, cap\u00edtulos de libro, art\u00edculos, en publicaciones nacionales e internacionales sobre educaci\u00f3n superior y profesi\u00f3n acad\u00e9mica, pol\u00edticas p\u00fablicas, administraci\u00f3n y gesti\u00f3n educativa.<\/p>\n<\/div><div class=\"fusion-sep-clear\"><\/div><div class=\"fusion-separator fusion-full-width-sep\" style=\"margin-left: auto;margin-right: auto;margin-top:10px;margin-bottom:10px;width:100%;\"><div class=\"fusion-separator-border sep-single sep-dotted\" style=\"border-color:#777777;border-top-width:1px;\"><\/div><\/div><div class=\"fusion-sep-clear\"><\/div><div class=\"fusion-text fusion-text-5\"><p><strong>Nora Zoila Lamfri<br \/>\n<\/strong><\/p>\n<p>Es Magister en Investigaci\u00f3n Educativa- Menci\u00f3n Socio-antropol\u00f3gica por la Universidad Nacional de C\u00f3rdoba (UNC). Profesora Adjunta por concurso a cargo de la C\u00e1tedra Planeamiento de la Educaci\u00f3n y como Profesora Adjunta de la C\u00e1tedra Pol\u00edtica Educacional y Legislaci\u00f3n Escolar de la Educaci\u00f3n de la UNC. Co-dirige equipos de investigaci\u00f3n en proyectos radicados en la UNC y es coordinadora general de una red internacional de investigadores. Posee publicaciones en el \u00e1rea de las pol\u00edticas educativas con \u00e9nfasis en Pol\u00edticas P\u00fablicas, estudios comparados en Educaci\u00f3n Superior, evaluaci\u00f3n, gesti\u00f3n y planeamiento de la educaci\u00f3n.<\/p>\n<\/div><div class=\"fusion-clearfix\"><\/div><\/div><\/div><\/div><\/div>\n","protected":false},"excerpt":{"rendered":"","protected":false},"author":2,"featured_media":0,"parent":0,"menu_order":0,"comment_status":"closed","ping_status":"closed","template":"","meta":[],"_links":{"self":[{"href":"https:\/\/www.cse.udelar.edu.uy\/jies2017\/wp-json\/wp\/v2\/pages\/1468"}],"collection":[{"href":"https:\/\/www.cse.udelar.edu.uy\/jies2017\/wp-json\/wp\/v2\/pages"}],"about":[{"href":"https:\/\/www.cse.udelar.edu.uy\/jies2017\/wp-json\/wp\/v2\/types\/page"}],"author":[{"embeddable":true,"href":"https:\/\/www.cse.udelar.edu.uy\/jies2017\/wp-json\/wp\/v2\/users\/2"}],"replies":[{"embeddable":true,"href":"https:\/\/www.cse.udelar.edu.uy\/jies2017\/wp-json\/wp\/v2\/comments?post=1468"}],"version-history":[{"count":0,"href":"https:\/\/www.cse.udelar.edu.uy\/jies2017\/wp-json\/wp\/v2\/pages\/1468\/revisions"}],"wp:attachment":[{"href":"https:\/\/www.cse.udelar.edu.uy\/jies2017\/wp-json\/wp\/v2\/media?parent=1468"}],"curies":[{"name":"wp","href":"https:\/\/api.w.org\/{rel}","templated":true}]}}

Los posgrados en Argentina, Brasil y Paraguay. Aproximaciones comparadas en contextos de evaluación de la calidad de la Educación Superior

<div class="fusion-fullwidth fullwidth-box fusion-builder-row-1 nonhundred-percent-fullwidth non-hundred-percent-height-scrolling" style="background-color: rgba(255,255,255,0);background-position: center center;background-repeat: no-repeat;padding-top:20px;padding-right:0px;padding-bottom:20px;padding-left:0px;margin-bottom: 0px;margin-top: 0px;border-width: 0px 0px 0px 0px;border-color:#eaeaea;border-style:solid;" ><div class="fusion-builder-row fusion-row"><div class="fusion-layout-column fusion_builder_column fusion-builder-column-0 fusion_builder_column_1_1 1_1 fusion-one-full fusion-column-first fusion-column-last" style="margin-top:0px;margin-bottom:20px;"><div class="fusion-column-wrapper fusion-flex-column-wrapper-legacy" style="background-position:left top;background-repeat:no-repeat;-webkit-background-size:cover;-moz-background-size:cover;-o-background-size:cover;background-size:cover;padding: 0px 0px 0px 0px;"><style type="text/css"></style><div class="fusion-title title fusion-title-1 fusion-title-text fusion-title-size-two" style="margin-top:0%;margin-bottom:30px;"><h2 class="title-heading-left" style="margin:0;"><span style="color: #5e4aad">26 de octubre | 10:45 a 12:45 hs. | Salón 206, Aulario Área Social y Artística</span></h2><div class="title-sep-container"><div class="title-sep sep-single sep-dotted" style="border-color:#5e4aad;"></div></div></div><div class="fusion-clearfix"></div></div></div><div class="fusion-layout-column fusion_builder_column fusion-builder-column-1 fusion_builder_column_1_4 1_4 fusion-one-fourth fusion-column-first" style="width:25%;width:calc(25% - ( ( 4% ) * 0.25 ) );margin-right: 4%;margin-top:0px;margin-bottom:20px;"><div class="fusion-column-wrapper fusion-flex-column-wrapper-legacy" style="background-position:left top;background-repeat:no-repeat;-webkit-background-size:cover;-moz-background-size:cover;-o-background-size:cover;background-size:cover;padding: 0px 0px 0px 0px;"><div class="imageframe-align-center"><span class=" fusion-imageframe imageframe-none imageframe-1 hover-type-none" style="border:1px solid #a0a0a0;"><img width="317" image_height="448" image_id="1400" title="libro2" src="http://www.cse.udelar.edu.uy/jies2017/wp-content/uploads/sites/5/2017/10/libro2-1.jpg" class="img-responsive wp-image-1400" srcset="https://www.cse.udelar.edu.uy/jies2017/wp-content/uploads/sites/5/2017/10/libro2-1-200x283.jpg 200w, https://www.cse.udelar.edu.uy/jies2017/wp-content/uploads/sites/5/2017/10/libro2-1.jpg 317w" sizes="(max-width: 800px) 100vw, 317px" /></span></div><div class="fusion-sep-clear"></div><div class="fusion-separator fusion-full-width-sep" style="margin-left: auto;margin-right: auto;margin-top:10px;margin-bottom:10px;width:100%;"><div class="fusion-separator-border sep-single sep-dotted" style="border-color:#777777;border-top-width:1px;"></div></div><div class="fusion-sep-clear"></div><div class="fusion-text fusion-text-1"><p><strong>Autor:</strong> Nora Z. Lamfri (Organizadora)</p>
<p>Editorial Brujas, Córdoba</p>
</div><div class="fusion-clearfix"></div></div></div><div class="fusion-layout-column fusion_builder_column fusion-builder-column-2 fusion_builder_column_3_4 3_4 fusion-three-fourth fusion-column-last" style="width:75%;width:calc(75% - ( ( 4% ) * 0.75 ) );margin-top:0px;margin-bottom:20px;"><div class="fusion-column-wrapper fusion-flex-column-wrapper-legacy" style="background-position:left top;background-repeat:no-repeat;-webkit-background-size:cover;-moz-background-size:cover;-o-background-size:cover;background-size:cover;padding: 0px 0px 0px 0px;"><div class="fusion-text fusion-text-2"><p>Los posgrados en la región han experimentado una fuerte expansión en las últimas décadas, producto de múltiples factores y con características particulares en cada país. En ese marco, y en consonancia con tendencias mundiales, los países y las universidades latinoamericanas han impulsado en forma creciente procesos de internacionalización de la educación superior privilegiando, entre otras acciones, la movilidad de académicos y estudiantes de grado y de posgrado, y la constitución de redes de investigadores para el abordaje de problemáticas regionales y el fortalecimiento de vínculos interinstitucionales entre carreras universitarias.</p>
</div><div class="fusion-sep-clear"></div><div class="fusion-separator fusion-full-width-sep" style="margin-left: auto;margin-right: auto;margin-top:10px;margin-bottom:10px;width:100%;"><div class="fusion-separator-border sep-single sep-dotted" style="border-color:#777777;border-top-width:1px;"></div></div><div class="fusion-sep-clear"></div><style type="text/css"></style><div class="fusion-title title fusion-title-2 fusion-sep-none fusion-title-text fusion-title-size-four" style="margin-top:15px;margin-bottom:30px;"><h4 class="title-heading-left" style="margin:0;"><strong>Presentan: </strong>Sonia Marcela Araújo, Lucía Beatriz Gargía, Nora Zoila Lamfri</h4></div><div class="fusion-text fusion-text-3"><p><strong>Sonia Marcela Araújo</strong></p>
<p>Doctora en Filosofía y Ciencias de la Educación (UNED). Magíster y Diploma Superior en Ciencias Sociales con mención en Educación (FLACSO). Profesora Titular por concurso. Investigadora del Núcleo de Estudios Educacionales y Sociales (NEES).  Se desempeña como docente de posgrado, directora y evaluadora de tesis en carreras de especialización, maestría y doctorado en el área de la Educación Superior. Es autora de libros, capítulos de libros y artículos en revistas nacionales e internacionales con referato en su área de especialidad: didáctica, currículum y evaluación en el campo de la educación superior universitaria.</p>
</div><div class="fusion-sep-clear"></div><div class="fusion-separator fusion-full-width-sep" style="margin-left: auto;margin-right: auto;margin-top:10px;margin-bottom:10px;width:100%;"><div class="fusion-separator-border sep-single sep-dotted" style="border-color:#777777;border-top-width:1px;"></div></div><div class="fusion-sep-clear"></div><div class="fusion-text fusion-text-4"><p><strong>Lucía Beatriz García</strong></p>
<p>Doctora en Ciencias de la Educación por la Universidad Nacional de Córdoba (UNC), Profesora Titular por concurso; investigadora y directora de proyectos en el área de la educación superior en el Núcleo de Estudios Educacionales y Sociales (NEES-FCH-UNCPBA). Ha sido directora del NEES y de la carrera de Ciencias de la Educación (UNCPBA). Autora de libros, capítulos de libro, artículos, en publicaciones nacionales e internacionales sobre educación superior y profesión académica, políticas públicas, administración y gestión educativa.</p>
</div><div class="fusion-sep-clear"></div><div class="fusion-separator fusion-full-width-sep" style="margin-left: auto;margin-right: auto;margin-top:10px;margin-bottom:10px;width:100%;"><div class="fusion-separator-border sep-single sep-dotted" style="border-color:#777777;border-top-width:1px;"></div></div><div class="fusion-sep-clear"></div><div class="fusion-text fusion-text-5"><p><strong>Nora Zoila Lamfri<br />
</strong></p>
<p>Es Magister en Investigación Educativa- Mención Socio-antropológica por la Universidad Nacional de Córdoba (UNC). Profesora Adjunta por concurso a cargo de la Cátedra Planeamiento de la Educación y como Profesora Adjunta de la Cátedra Política Educacional y Legislación Escolar de la Educación de la UNC. Co-dirige equipos de investigación en proyectos radicados en la UNC y es coordinadora general de una red internacional de investigadores. Posee publicaciones en el área de las políticas educativas con énfasis en Políticas Públicas, estudios comparados en Educación Superior, evaluación, gestión y planeamiento de la educación.</p>
</div><div class="fusion-clearfix"></div></div></div></div></div>
