{"id":1474,"date":"2017-10-23T15:57:10","date_gmt":"2017-10-23T18:57:10","guid":{"rendered":"http:\/\/jies.cse.udelar.edu.uy\/?page_id=1474"},"modified":"2017-10-23T15:57:10","modified_gmt":"2017-10-23T18:57:10","slug":"fronteras-universitarias-en-mercosur-debates-sobre-la-evaluacion-en-practicas-en-extension","status":"publish","type":"page","link":"https:\/\/www.cse.udelar.edu.uy\/jies2017\/fronteras-universitarias-en-mercosur-debates-sobre-la-evaluacion-en-practicas-en-extension\/","title":{"rendered":"Fronteras universitarias en Mercosur. Debates sobre la evaluaci\u00f3n en pr\u00e1cticas en extensi\u00f3n"},"content":{"rendered":"<div class=\"fusion-fullwidth fullwidth-box fusion-builder-row-1 nonhundred-percent-fullwidth non-hundred-percent-height-scrolling\" style=\"background-color: rgba(255,255,255,0);background-position: center center;background-repeat: no-repeat;padding-top:20px;padding-right:0px;padding-bottom:20px;padding-left:0px;margin-bottom: 0px;margin-top: 0px;border-width: 0px 0px 0px 0px;border-color:#eaeaea;border-style:solid;\" ><div class=\"fusion-builder-row fusion-row\"><div class=\"fusion-layout-column fusion_builder_column fusion-builder-column-0 fusion_builder_column_1_1 1_1 fusion-one-full fusion-column-first fusion-column-last\" style=\"margin-top:0px;margin-bottom:20px;\"><div class=\"fusion-column-wrapper fusion-flex-column-wrapper-legacy\" style=\"background-position:left top;background-repeat:no-repeat;-webkit-background-size:cover;-moz-background-size:cover;-o-background-size:cover;background-size:cover;padding: 0px 0px 0px 0px;\"><style type=\"text\/css\"><\/style><div class=\"fusion-title title fusion-title-1 fusion-title-text fusion-title-size-two\" style=\"margin-top:0%;margin-bottom:30px;\"><h2 class=\"title-heading-left\" style=\"margin:0;\"><span style=\"color: #5e4aad\">26 de octubre | 10:45 a 12:45 hs. | Sal\u00f3n 206, Aulario \u00c1rea Social y Art\u00edstica<\/span><\/h2><div class=\"title-sep-container\"><div class=\"title-sep sep-single sep-dotted\" style=\"border-color:#5e4aad;\"><\/div><\/div><\/div><div class=\"fusion-clearfix\"><\/div><\/div><\/div><div class=\"fusion-layout-column fusion_builder_column fusion-builder-column-1 fusion_builder_column_1_4 1_4 fusion-one-fourth fusion-column-first\" style=\"width:25%;width:calc(25% - ( ( 4% ) * 0.25 ) );margin-right: 4%;margin-top:0px;margin-bottom:20px;\"><div class=\"fusion-column-wrapper fusion-flex-column-wrapper-legacy\" style=\"background-position:left top;background-repeat:no-repeat;-webkit-background-size:cover;-moz-background-size:cover;-o-background-size:cover;background-size:cover;padding: 0px 0px 0px 0px;\"><div class=\"imageframe-align-center\"><span class=\" fusion-imageframe imageframe-none imageframe-1 hover-type-none\" style=\"border:1px solid #a0a0a0;\"><img width=\"317\" image_height=\"448\" image_id=\"1408\" title=\"libro3\" src=\"http:\/\/www.cse.udelar.edu.uy\/jies2017\/wp-content\/uploads\/sites\/5\/2017\/10\/libro3.jpg\" class=\"img-responsive wp-image-1408\" srcset=\"https:\/\/www.cse.udelar.edu.uy\/jies2017\/wp-content\/uploads\/sites\/5\/2017\/10\/libro3-200x283.jpg 200w, https:\/\/www.cse.udelar.edu.uy\/jies2017\/wp-content\/uploads\/sites\/5\/2017\/10\/libro3.jpg 317w\" sizes=\"(max-width: 800px) 100vw, 317px\" \/><\/span><\/div><div class=\"fusion-sep-clear\"><\/div><div class=\"fusion-separator fusion-full-width-sep\" style=\"margin-left: auto;margin-right: auto;margin-top:10px;margin-bottom:10px;width:100%;\"><div class=\"fusion-separator-border sep-single sep-dotted\" style=\"border-color:#777777;border-top-width:1px;\"><\/div><\/div><div class=\"fusion-sep-clear\"><\/div><div class=\"fusion-text fusion-text-1\"><p><strong>Autores\/as:\u00a0 <\/strong>Carlos Santos; Felipe Stevenazzi; Flavia Romero; Florencia Moratti Serrichio; Humberto Tommasino; Julieta Almada; Karina Tomatis; Lorena Berm\u00fadez; Marcela Carignano;\u00a0 Mar\u00eda Bonicatto; Mar\u00eda In\u00e9s G\u00f3mez; Mar\u00eda Noel Gonz\u00e1lez ; Valeria Grabino; Victoria Calvo<\/p>\n<\/div><div class=\"fusion-clearfix\"><\/div><\/div><\/div><div class=\"fusion-layout-column fusion_builder_column fusion-builder-column-2 fusion_builder_column_3_4 3_4 fusion-three-fourth fusion-column-last\" style=\"width:75%;width:calc(75% - ( ( 4% ) * 0.75 ) );margin-top:0px;margin-bottom:20px;\"><div class=\"fusion-column-wrapper fusion-flex-column-wrapper-legacy\" style=\"background-position:left top;background-repeat:no-repeat;-webkit-background-size:cover;-moz-background-size:cover;-o-background-size:cover;background-size:cover;padding: 0px 0px 0px 0px;\"><div class=\"fusion-text fusion-text-2\"><p>Este trabajo se enmarca en una investigaci\u00f3n denominada \u201cLa evaluaci\u00f3n en proyectos de extensi\u00f3n en las universidades p\u00fablicas de Argentina, Brasil y Uruguay. Escenarios actuales y desaf\u00edos en la construcci\u00f3n del conocimiento\u201d, el cual se realiza en el marco de las redes de investigaci\u00f3n del N\u00facleo de Estudios e Investigaciones en Educaci\u00f3n Superior del MERCOSUR, integrada por las secretar\u00edas de extensi\u00f3n de la Facultad de Filosof\u00eda y Humanidades de la Universidad Nacional de C\u00f3rdoba (UNC) y la Universidad Nacional de La Plata (UNLP) como representantes de Argentina, la Universidad Federal de Pelotas (UFPel) de Brasil, y la Universidad de la Rep\u00fablica (UdelaR) de Uruguay; conflu- yendo as\u00ed investigadores, equipos de gesti\u00f3n universitaria, docentes y extensionistas. Se trata de un conjunto de reflexiones que intentan recuperar desde la praxis extensionista los posicionamientos te\u00f3ricos y pol\u00edticos de la extensi\u00f3n. Se incluye, adem\u00e1s de las re-elaboraciones te\u00f3ricas que a lo largo de este incipiente proceso pudimos construir, un dossier de la primera instancia compartida y p\u00fablica de nuestro equipo de investigaci\u00f3n realizada en diciembre de 2013. Nuestra propuesta de investigaci\u00f3n se replantea el lugar que posee la evaluaci\u00f3n en las pr\u00e1cticas de extensi\u00f3n como espacio de encuentro y di\u00e1logo entre los diversos actores, y como proceso privilegiado de construcci\u00f3n y revisi\u00f3n de conocimientos. Estos cuestionamientos e interpelaciones nos llevan a pensar qu\u00e9 tipo de intervenciones sociales se propician desde la universidad. En este punto, la evaluaci\u00f3n se incorpora como un elemento constitutivo, en tanto que preocuparse por entender c\u00f3mo eval\u00faan quienes llevan adelante sus pr\u00e1cticas extensionistas, implica pensar qu\u00e9 reflexi\u00f3n promovemos desde las pol\u00edticas de gesti\u00f3n de la extensi\u00f3n universitaria.<\/p>\n<\/div><div class=\"fusion-sep-clear\"><\/div><div class=\"fusion-separator fusion-full-width-sep\" style=\"margin-left: auto;margin-right: auto;margin-top:10px;margin-bottom:10px;width:100%;\"><div class=\"fusion-separator-border sep-single sep-dotted\" style=\"border-color:#777777;border-top-width:1px;\"><\/div><\/div><div class=\"fusion-sep-clear\"><\/div><style type=\"text\/css\"><\/style><div class=\"fusion-title title fusion-title-2 fusion-sep-none fusion-title-text fusion-title-size-four\" style=\"margin-top:15px;margin-bottom:30px;\"><h4 class=\"title-heading-left\" style=\"margin:0;\"><strong>Presentadores: <\/strong>Marcela Carignano,\u00a0Mario Barit\u00e9<\/h4><\/div><div class=\"fusion-text fusion-text-3\"><p><strong>Marcela Carignano <\/strong><\/p>\n<p>Licenciada y Profesora en Ciencias de la Educaci\u00f3n. Doctoranda en Estudios Sociales de Am\u00e9rica Latina (Centro de Estudios Avanzados-Universidad Nacional de C\u00f3rdoba). Equipo t\u00e9cnico de la Secretaria de Extensi\u00f3n de la Facultad de Filosof\u00eda y Humanidades, UNC. Extensionista e Investigadora.<\/p>\n<\/div><div class=\"fusion-sep-clear\"><\/div><div class=\"fusion-separator fusion-full-width-sep\" style=\"margin-left: auto;margin-right: auto;margin-top:10px;margin-bottom:10px;width:100%;\"><div class=\"fusion-separator-border sep-single sep-dotted\" style=\"border-color:#777777;border-top-width:1px;\"><\/div><\/div><div class=\"fusion-sep-clear\"><\/div><div class=\"fusion-text fusion-text-4\"><p><strong>Mario Barit\u00e9<\/strong><\/p>\n<p>Pro rector de Extensi\u00f3n y Relaciones con el Medio de la Universidad de la Rep\u00fablica. Profesor Titular de la Facultad de Informaci\u00f3n y Comunicaci\u00f3n. Ex director de la ex Escuela Universitaria de Bibliotecolog\u00eda y Ciencias Afines. Doctor y M\u00e1ster en Informaci\u00f3n Cient\u00edfica (Universidad de Granada, Espa\u00f1a). Licenciado en Bibliotecolog\u00eda y Escribano p\u00fablico.<\/p>\n<\/div><div class=\"fusion-clearfix\"><\/div><\/div><\/div><\/div><\/div>\n","protected":false},"excerpt":{"rendered":"","protected":false},"author":2,"featured_media":0,"parent":0,"menu_order":0,"comment_status":"closed","ping_status":"closed","template":"","meta":[],"_links":{"self":[{"href":"https:\/\/www.cse.udelar.edu.uy\/jies2017\/wp-json\/wp\/v2\/pages\/1474"}],"collection":[{"href":"https:\/\/www.cse.udelar.edu.uy\/jies2017\/wp-json\/wp\/v2\/pages"}],"about":[{"href":"https:\/\/www.cse.udelar.edu.uy\/jies2017\/wp-json\/wp\/v2\/types\/page"}],"author":[{"embeddable":true,"href":"https:\/\/www.cse.udelar.edu.uy\/jies2017\/wp-json\/wp\/v2\/users\/2"}],"replies":[{"embeddable":true,"href":"https:\/\/www.cse.udelar.edu.uy\/jies2017\/wp-json\/wp\/v2\/comments?post=1474"}],"version-history":[{"count":0,"href":"https:\/\/www.cse.udelar.edu.uy\/jies2017\/wp-json\/wp\/v2\/pages\/1474\/revisions"}],"wp:attachment":[{"href":"https:\/\/www.cse.udelar.edu.uy\/jies2017\/wp-json\/wp\/v2\/media?parent=1474"}],"curies":[{"name":"wp","href":"https:\/\/api.w.org\/{rel}","templated":true}]}}

Fronteras universitarias en Mercosur. Debates sobre la evaluación en prácticas en extensión

<div class="fusion-fullwidth fullwidth-box fusion-builder-row-1 nonhundred-percent-fullwidth non-hundred-percent-height-scrolling" style="background-color: rgba(255,255,255,0);background-position: center center;background-repeat: no-repeat;padding-top:20px;padding-right:0px;padding-bottom:20px;padding-left:0px;margin-bottom: 0px;margin-top: 0px;border-width: 0px 0px 0px 0px;border-color:#eaeaea;border-style:solid;" ><div class="fusion-builder-row fusion-row"><div class="fusion-layout-column fusion_builder_column fusion-builder-column-0 fusion_builder_column_1_1 1_1 fusion-one-full fusion-column-first fusion-column-last" style="margin-top:0px;margin-bottom:20px;"><div class="fusion-column-wrapper fusion-flex-column-wrapper-legacy" style="background-position:left top;background-repeat:no-repeat;-webkit-background-size:cover;-moz-background-size:cover;-o-background-size:cover;background-size:cover;padding: 0px 0px 0px 0px;"><style type="text/css"></style><div class="fusion-title title fusion-title-1 fusion-title-text fusion-title-size-two" style="margin-top:0%;margin-bottom:30px;"><h2 class="title-heading-left" style="margin:0;"><span style="color: #5e4aad">26 de octubre | 10:45 a 12:45 hs. | Salón 206, Aulario Área Social y Artística</span></h2><div class="title-sep-container"><div class="title-sep sep-single sep-dotted" style="border-color:#5e4aad;"></div></div></div><div class="fusion-clearfix"></div></div></div><div class="fusion-layout-column fusion_builder_column fusion-builder-column-1 fusion_builder_column_1_4 1_4 fusion-one-fourth fusion-column-first" style="width:25%;width:calc(25% - ( ( 4% ) * 0.25 ) );margin-right: 4%;margin-top:0px;margin-bottom:20px;"><div class="fusion-column-wrapper fusion-flex-column-wrapper-legacy" style="background-position:left top;background-repeat:no-repeat;-webkit-background-size:cover;-moz-background-size:cover;-o-background-size:cover;background-size:cover;padding: 0px 0px 0px 0px;"><div class="imageframe-align-center"><span class=" fusion-imageframe imageframe-none imageframe-1 hover-type-none" style="border:1px solid #a0a0a0;"><img width="317" image_height="448" image_id="1408" title="libro3" src="http://www.cse.udelar.edu.uy/jies2017/wp-content/uploads/sites/5/2017/10/libro3.jpg" class="img-responsive wp-image-1408" srcset="https://www.cse.udelar.edu.uy/jies2017/wp-content/uploads/sites/5/2017/10/libro3-200x283.jpg 200w, https://www.cse.udelar.edu.uy/jies2017/wp-content/uploads/sites/5/2017/10/libro3.jpg 317w" sizes="(max-width: 800px) 100vw, 317px" /></span></div><div class="fusion-sep-clear"></div><div class="fusion-separator fusion-full-width-sep" style="margin-left: auto;margin-right: auto;margin-top:10px;margin-bottom:10px;width:100%;"><div class="fusion-separator-border sep-single sep-dotted" style="border-color:#777777;border-top-width:1px;"></div></div><div class="fusion-sep-clear"></div><div class="fusion-text fusion-text-1"><p><strong>Autores/as:  </strong>Carlos Santos; Felipe Stevenazzi; Flavia Romero; Florencia Moratti Serrichio; Humberto Tommasino; Julieta Almada; Karina Tomatis; Lorena Bermúdez; Marcela Carignano;  María Bonicatto; María Inés Gómez; María Noel González ; Valeria Grabino; Victoria Calvo</p>
</div><div class="fusion-clearfix"></div></div></div><div class="fusion-layout-column fusion_builder_column fusion-builder-column-2 fusion_builder_column_3_4 3_4 fusion-three-fourth fusion-column-last" style="width:75%;width:calc(75% - ( ( 4% ) * 0.75 ) );margin-top:0px;margin-bottom:20px;"><div class="fusion-column-wrapper fusion-flex-column-wrapper-legacy" style="background-position:left top;background-repeat:no-repeat;-webkit-background-size:cover;-moz-background-size:cover;-o-background-size:cover;background-size:cover;padding: 0px 0px 0px 0px;"><div class="fusion-text fusion-text-2"><p>Este trabajo se enmarca en una investigación denominada “La evaluación en proyectos de extensión en las universidades públicas de Argentina, Brasil y Uruguay. Escenarios actuales y desafíos en la construcción del conocimiento”, el cual se realiza en el marco de las redes de investigación del Núcleo de Estudios e Investigaciones en Educación Superior del MERCOSUR, integrada por las secretarías de extensión de la Facultad de Filosofía y Humanidades de la Universidad Nacional de Córdoba (UNC) y la Universidad Nacional de La Plata (UNLP) como representantes de Argentina, la Universidad Federal de Pelotas (UFPel) de Brasil, y la Universidad de la República (UdelaR) de Uruguay; conflu- yendo así investigadores, equipos de gestión universitaria, docentes y extensionistas. Se trata de un conjunto de reflexiones que intentan recuperar desde la praxis extensionista los posicionamientos teóricos y políticos de la extensión. Se incluye, además de las re-elaboraciones teóricas que a lo largo de este incipiente proceso pudimos construir, un dossier de la primera instancia compartida y pública de nuestro equipo de investigación realizada en diciembre de 2013. Nuestra propuesta de investigación se replantea el lugar que posee la evaluación en las prácticas de extensión como espacio de encuentro y diálogo entre los diversos actores, y como proceso privilegiado de construcción y revisión de conocimientos. Estos cuestionamientos e interpelaciones nos llevan a pensar qué tipo de intervenciones sociales se propician desde la universidad. En este punto, la evaluación se incorpora como un elemento constitutivo, en tanto que preocuparse por entender cómo evalúan quienes llevan adelante sus prácticas extensionistas, implica pensar qué reflexión promovemos desde las políticas de gestión de la extensión universitaria.</p>
</div><div class="fusion-sep-clear"></div><div class="fusion-separator fusion-full-width-sep" style="margin-left: auto;margin-right: auto;margin-top:10px;margin-bottom:10px;width:100%;"><div class="fusion-separator-border sep-single sep-dotted" style="border-color:#777777;border-top-width:1px;"></div></div><div class="fusion-sep-clear"></div><style type="text/css"></style><div class="fusion-title title fusion-title-2 fusion-sep-none fusion-title-text fusion-title-size-four" style="margin-top:15px;margin-bottom:30px;"><h4 class="title-heading-left" style="margin:0;"><strong>Presentadores: </strong>Marcela Carignano, Mario Barité</h4></div><div class="fusion-text fusion-text-3"><p><strong>Marcela Carignano </strong></p>
<p>Licenciada y Profesora en Ciencias de la Educación. Doctoranda en Estudios Sociales de América Latina (Centro de Estudios Avanzados-Universidad Nacional de Córdoba). Equipo técnico de la Secretaria de Extensión de la Facultad de Filosofía y Humanidades, UNC. Extensionista e Investigadora.</p>
</div><div class="fusion-sep-clear"></div><div class="fusion-separator fusion-full-width-sep" style="margin-left: auto;margin-right: auto;margin-top:10px;margin-bottom:10px;width:100%;"><div class="fusion-separator-border sep-single sep-dotted" style="border-color:#777777;border-top-width:1px;"></div></div><div class="fusion-sep-clear"></div><div class="fusion-text fusion-text-4"><p><strong>Mario Barité</strong></p>
<p>Pro rector de Extensión y Relaciones con el Medio de la Universidad de la República. Profesor Titular de la Facultad de Información y Comunicación. Ex director de la ex Escuela Universitaria de Bibliotecología y Ciencias Afines. Doctor y Máster en Información Científica (Universidad de Granada, España). Licenciado en Bibliotecología y Escribano público.</p>
</div><div class="fusion-clearfix"></div></div></div></div></div>
