{"id":1480,"date":"2017-10-23T16:17:49","date_gmt":"2017-10-23T19:17:49","guid":{"rendered":"http:\/\/jies.cse.udelar.edu.uy\/?page_id=1480"},"modified":"2017-10-23T16:17:49","modified_gmt":"2017-10-23T19:17:49","slug":"inclusion-de-la-formacion-de-la-educacion-ambiental-para-el-desarrollo-sustentable-en-la-educacion-superior-un-estado-de-la-cuestion-en-la-argentina-y-uruguay","status":"publish","type":"page","link":"https:\/\/www.cse.udelar.edu.uy\/jies2017\/inclusion-de-la-formacion-de-la-educacion-ambiental-para-el-desarrollo-sustentable-en-la-educacion-superior-un-estado-de-la-cuestion-en-la-argentina-y-uruguay\/","title":{"rendered":"Inclusi\u00f3n de la formaci\u00f3n de la Educaci\u00f3n Ambiental para el Desarrollo Sustentable en la Educaci\u00f3n Superior. Un estado de la cuesti\u00f3n en la Argentina y Uruguay"},"content":{"rendered":"<div class=\"fusion-fullwidth fullwidth-box fusion-builder-row-1 nonhundred-percent-fullwidth non-hundred-percent-height-scrolling\" style=\"background-color: rgba(255,255,255,0);background-position: center center;background-repeat: no-repeat;padding-top:20px;padding-right:0px;padding-bottom:20px;padding-left:0px;margin-bottom: 0px;margin-top: 0px;border-width: 0px 0px 0px 0px;border-color:#eaeaea;border-style:solid;\" ><div class=\"fusion-builder-row fusion-row\"><div class=\"fusion-layout-column fusion_builder_column fusion-builder-column-0 fusion_builder_column_1_1 1_1 fusion-one-full fusion-column-first fusion-column-last\" style=\"margin-top:0px;margin-bottom:20px;\"><div class=\"fusion-column-wrapper fusion-flex-column-wrapper-legacy\" style=\"background-position:left top;background-repeat:no-repeat;-webkit-background-size:cover;-moz-background-size:cover;-o-background-size:cover;background-size:cover;padding: 0px 0px 0px 0px;\"><style type=\"text\/css\"><\/style><div class=\"fusion-title title fusion-title-1 fusion-title-text fusion-title-size-two\" style=\"margin-top:0%;margin-bottom:30px;\"><h2 class=\"title-heading-left\" style=\"margin:0;\"><span style=\"color: #5e4aad\">26 de octubre | 10:45 a 12:45 hs. | Sal\u00f3n 206, Aulario \u00c1rea Social y Art\u00edstica<\/span><\/h2><div class=\"title-sep-container\"><div class=\"title-sep sep-single sep-dotted\" style=\"border-color:#5e4aad;\"><\/div><\/div><\/div><div class=\"fusion-clearfix\"><\/div><\/div><\/div><div class=\"fusion-layout-column fusion_builder_column fusion-builder-column-1 fusion_builder_column_1_4 1_4 fusion-one-fourth fusion-column-first\" style=\"width:25%;width:calc(25% - ( ( 4% ) * 0.25 ) );margin-right: 4%;margin-top:0px;margin-bottom:20px;\"><div class=\"fusion-column-wrapper fusion-flex-column-wrapper-legacy\" style=\"background-position:left top;background-repeat:no-repeat;-webkit-background-size:cover;-moz-background-size:cover;-o-background-size:cover;background-size:cover;padding: 0px 0px 0px 0px;\"><div class=\"imageframe-align-center\"><span class=\" fusion-imageframe imageframe-none imageframe-1 hover-type-none\" style=\"border:1px solid #a0a0a0;\"><img width=\"317\" image_height=\"448\" image_id=\"1395\" title=\"libro4\" src=\"http:\/\/www.cse.udelar.edu.uy\/jies2017\/wp-content\/uploads\/sites\/5\/2017\/10\/libro4.jpg\" class=\"img-responsive wp-image-1395\" srcset=\"https:\/\/www.cse.udelar.edu.uy\/jies2017\/wp-content\/uploads\/sites\/5\/2017\/10\/libro4-200x283.jpg 200w, https:\/\/www.cse.udelar.edu.uy\/jies2017\/wp-content\/uploads\/sites\/5\/2017\/10\/libro4.jpg 317w\" sizes=\"(max-width: 800px) 100vw, 317px\" \/><\/span><\/div><div class=\"fusion-sep-clear\"><\/div><div class=\"fusion-separator fusion-full-width-sep\" style=\"margin-left: auto;margin-right: auto;margin-top:10px;margin-bottom:10px;width:100%;\"><div class=\"fusion-separator-border sep-single sep-dotted\" style=\"border-color:#777777;border-top-width:1px;\"><\/div><\/div><div class=\"fusion-sep-clear\"><\/div><div class=\"fusion-text fusion-text-1\"><p><strong>Autores:<\/strong> Nancy Fern\u00e1ndez Marchesi (comp.), Pablo Blanco, Silvina Corbetta, Isabel Dol, Daniela Franco, Carlos Galano, Daniela Garc\u00eda, Karina Giomi, Daniela Guerra, Roc\u00edo Guevara, Javier Taks, Pablo Sessano<\/p>\n<\/div><div class=\"fusion-clearfix\"><\/div><\/div><\/div><div class=\"fusion-layout-column fusion_builder_column fusion-builder-column-2 fusion_builder_column_3_4 3_4 fusion-three-fourth fusion-column-last\" style=\"width:75%;width:calc(75% - ( ( 4% ) * 0.75 ) );margin-top:0px;margin-bottom:20px;\"><div class=\"fusion-column-wrapper fusion-flex-column-wrapper-legacy\" style=\"background-position:left top;background-repeat:no-repeat;-webkit-background-size:cover;-moz-background-size:cover;-o-background-size:cover;background-size:cover;padding: 0px 0px 0px 0px;\"><div class=\"fusion-text fusion-text-2\"><p>Desde mediados del siglo XX se ha puesto de manifiesto una generalizada y creciente preocupaci\u00f3n por los graves deterioros amb ientales que se producen en el mundo, a escala local, regional y global. La gran significatividad social que poseen las cuestiones ambientales en la actualidad puede percibirse en los numerosos materiales publicados en diversos medios period\u00edsticos y de di vulgaci\u00f3n, y en las importantes reuniones y acciones realizadas por organismos internacionales y gobiernos de la mayor\u00eda de los pa\u00edses del mundo.<\/p>\n<p>El libro presenta reflexiones sobre la experiencia de trabajo de la red conformada por la Universidad Nacional de Tierra del Fuego, Ant\u00e1rtida e Islas del Atl\u00e1ntico Sur de Argentina y el Grupo de Educaci\u00f3n Ambiental de la Red Tem\u00e1tica de Medio Ambiente de UdelaR, en el marco del programa: \u201c N\u00facleo de Estudios e Investigaci\u00f3n en Educaci\u00f3n Superior del MERCOSUR (NEIES &#8211; MERCOSUR)\u201d. El proyecto apunta a repensar el papel de las u niversidades del MERCOSUR ante la actual crisis ambiental, en el cruce problem\u00e1tico entre los procesos de globalizaci\u00f3n y el desarrollo sustentable. El objetivo general es poder comprender las relaciones entre los procesos de configuraci\u00f3n de la epistemolo g\u00eda ambiental y la educaci\u00f3n ambiental, los enfoques metodol\u00f3gicos y los dise\u00f1os curriculares, en ambas instituciones. En el desarrollo de este escrito se exponen referencias al proceso de institucionalizaci\u00f3n de la educaci\u00f3n ambiental en la Educaci\u00f3n Supe rior de la Rep\u00fablica Argentina y en la Rep\u00fablica del Uruguay, enmarcado en el contexto de reflexi\u00f3n de la educaci\u00f3n universitaria en el MERCOSUR. Luego se exponen reflexiones sobre la conformaci\u00f3n de la red y los diversos intercambios y movilidades efectua das. Finalmente se hace hincapi\u00e9 en la experiencia colaborativa del trabajo en red que apunta a la visi\u00f3n de interdisciplina puesta en juego. Estamos interesados en contextualizar la reflexi\u00f3n sobre nuestras pr\u00e1cticas en un proceso de integraci\u00f3n creciente a nivel de la Educaci\u00f3n Superior en el MERCOSUR, en este caso espec\u00edfico, referido a la educaci\u00f3n ambiental.<\/p>\n<\/div><div class=\"fusion-sep-clear\"><\/div><div class=\"fusion-separator fusion-full-width-sep\" style=\"margin-left: auto;margin-right: auto;margin-top:10px;margin-bottom:10px;width:100%;\"><div class=\"fusion-separator-border sep-single sep-dotted\" style=\"border-color:#777777;border-top-width:1px;\"><\/div><\/div><div class=\"fusion-sep-clear\"><\/div><style type=\"text\/css\"><\/style><div class=\"fusion-title title fusion-title-2 fusion-sep-none fusion-title-text fusion-title-size-four\" style=\"margin-top:15px;margin-bottom:30px;\"><h4 class=\"title-heading-left\" style=\"margin:0;\">Presenta: Isabel Dol<\/h4><\/div><div class=\"fusion-text fusion-text-3\"><p>Ingeniera Qu\u00edmica, Profesor Titular de la Facultad de Qu\u00edmica de Universidad de la Rep\u00fablica, Uruguay<br \/>\nIntegrante de la Red Tem\u00e1tica de Medio Ambiente.<\/p>\n<\/div><div class=\"fusion-clearfix\"><\/div><\/div><\/div><\/div><\/div>\n","protected":false},"excerpt":{"rendered":"","protected":false},"author":2,"featured_media":0,"parent":0,"menu_order":0,"comment_status":"closed","ping_status":"closed","template":"","meta":[],"_links":{"self":[{"href":"https:\/\/www.cse.udelar.edu.uy\/jies2017\/wp-json\/wp\/v2\/pages\/1480"}],"collection":[{"href":"https:\/\/www.cse.udelar.edu.uy\/jies2017\/wp-json\/wp\/v2\/pages"}],"about":[{"href":"https:\/\/www.cse.udelar.edu.uy\/jies2017\/wp-json\/wp\/v2\/types\/page"}],"author":[{"embeddable":true,"href":"https:\/\/www.cse.udelar.edu.uy\/jies2017\/wp-json\/wp\/v2\/users\/2"}],"replies":[{"embeddable":true,"href":"https:\/\/www.cse.udelar.edu.uy\/jies2017\/wp-json\/wp\/v2\/comments?post=1480"}],"version-history":[{"count":0,"href":"https:\/\/www.cse.udelar.edu.uy\/jies2017\/wp-json\/wp\/v2\/pages\/1480\/revisions"}],"wp:attachment":[{"href":"https:\/\/www.cse.udelar.edu.uy\/jies2017\/wp-json\/wp\/v2\/media?parent=1480"}],"curies":[{"name":"wp","href":"https:\/\/api.w.org\/{rel}","templated":true}]}}

Inclusión de la formación de la Educación Ambiental para el Desarrollo Sustentable en la Educación Superior. Un estado de la cuestión en la Argentina y Uruguay

<div class="fusion-fullwidth fullwidth-box fusion-builder-row-1 nonhundred-percent-fullwidth non-hundred-percent-height-scrolling" style="background-color: rgba(255,255,255,0);background-position: center center;background-repeat: no-repeat;padding-top:20px;padding-right:0px;padding-bottom:20px;padding-left:0px;margin-bottom: 0px;margin-top: 0px;border-width: 0px 0px 0px 0px;border-color:#eaeaea;border-style:solid;" ><div class="fusion-builder-row fusion-row"><div class="fusion-layout-column fusion_builder_column fusion-builder-column-0 fusion_builder_column_1_1 1_1 fusion-one-full fusion-column-first fusion-column-last" style="margin-top:0px;margin-bottom:20px;"><div class="fusion-column-wrapper fusion-flex-column-wrapper-legacy" style="background-position:left top;background-repeat:no-repeat;-webkit-background-size:cover;-moz-background-size:cover;-o-background-size:cover;background-size:cover;padding: 0px 0px 0px 0px;"><style type="text/css"></style><div class="fusion-title title fusion-title-1 fusion-title-text fusion-title-size-two" style="margin-top:0%;margin-bottom:30px;"><h2 class="title-heading-left" style="margin:0;"><span style="color: #5e4aad">26 de octubre | 10:45 a 12:45 hs. | Salón 206, Aulario Área Social y Artística</span></h2><div class="title-sep-container"><div class="title-sep sep-single sep-dotted" style="border-color:#5e4aad;"></div></div></div><div class="fusion-clearfix"></div></div></div><div class="fusion-layout-column fusion_builder_column fusion-builder-column-1 fusion_builder_column_1_4 1_4 fusion-one-fourth fusion-column-first" style="width:25%;width:calc(25% - ( ( 4% ) * 0.25 ) );margin-right: 4%;margin-top:0px;margin-bottom:20px;"><div class="fusion-column-wrapper fusion-flex-column-wrapper-legacy" style="background-position:left top;background-repeat:no-repeat;-webkit-background-size:cover;-moz-background-size:cover;-o-background-size:cover;background-size:cover;padding: 0px 0px 0px 0px;"><div class="imageframe-align-center"><span class=" fusion-imageframe imageframe-none imageframe-1 hover-type-none" style="border:1px solid #a0a0a0;"><img width="317" image_height="448" image_id="1395" title="libro4" src="http://www.cse.udelar.edu.uy/jies2017/wp-content/uploads/sites/5/2017/10/libro4.jpg" class="img-responsive wp-image-1395" srcset="https://www.cse.udelar.edu.uy/jies2017/wp-content/uploads/sites/5/2017/10/libro4-200x283.jpg 200w, https://www.cse.udelar.edu.uy/jies2017/wp-content/uploads/sites/5/2017/10/libro4.jpg 317w" sizes="(max-width: 800px) 100vw, 317px" /></span></div><div class="fusion-sep-clear"></div><div class="fusion-separator fusion-full-width-sep" style="margin-left: auto;margin-right: auto;margin-top:10px;margin-bottom:10px;width:100%;"><div class="fusion-separator-border sep-single sep-dotted" style="border-color:#777777;border-top-width:1px;"></div></div><div class="fusion-sep-clear"></div><div class="fusion-text fusion-text-1"><p><strong>Autores:</strong> Nancy Fernández Marchesi (comp.), Pablo Blanco, Silvina Corbetta, Isabel Dol, Daniela Franco, Carlos Galano, Daniela García, Karina Giomi, Daniela Guerra, Rocío Guevara, Javier Taks, Pablo Sessano</p>
</div><div class="fusion-clearfix"></div></div></div><div class="fusion-layout-column fusion_builder_column fusion-builder-column-2 fusion_builder_column_3_4 3_4 fusion-three-fourth fusion-column-last" style="width:75%;width:calc(75% - ( ( 4% ) * 0.75 ) );margin-top:0px;margin-bottom:20px;"><div class="fusion-column-wrapper fusion-flex-column-wrapper-legacy" style="background-position:left top;background-repeat:no-repeat;-webkit-background-size:cover;-moz-background-size:cover;-o-background-size:cover;background-size:cover;padding: 0px 0px 0px 0px;"><div class="fusion-text fusion-text-2"><p>Desde mediados del siglo XX se ha puesto de manifiesto una generalizada y creciente preocupación por los graves deterioros amb ientales que se producen en el mundo, a escala local, regional y global. La gran significatividad social que poseen las cuestiones ambientales en la actualidad puede percibirse en los numerosos materiales publicados en diversos medios periodísticos y de di vulgación, y en las importantes reuniones y acciones realizadas por organismos internacionales y gobiernos de la mayoría de los países del mundo.</p>
<p>El libro presenta reflexiones sobre la experiencia de trabajo de la red conformada por la Universidad Nacional de Tierra del Fuego, Antártida e Islas del Atlántico Sur de Argentina y el Grupo de Educación Ambiental de la Red Temática de Medio Ambiente de UdelaR, en el marco del programa: “ Núcleo de Estudios e Investigación en Educación Superior del MERCOSUR (NEIES &#8211; MERCOSUR)”. El proyecto apunta a repensar el papel de las u niversidades del MERCOSUR ante la actual crisis ambiental, en el cruce problemático entre los procesos de globalización y el desarrollo sustentable. El objetivo general es poder comprender las relaciones entre los procesos de configuración de la epistemolo gía ambiental y la educación ambiental, los enfoques metodológicos y los diseños curriculares, en ambas instituciones. En el desarrollo de este escrito se exponen referencias al proceso de institucionalización de la educación ambiental en la Educación Supe rior de la República Argentina y en la República del Uruguay, enmarcado en el contexto de reflexión de la educación universitaria en el MERCOSUR. Luego se exponen reflexiones sobre la conformación de la red y los diversos intercambios y movilidades efectua das. Finalmente se hace hincapié en la experiencia colaborativa del trabajo en red que apunta a la visión de interdisciplina puesta en juego. Estamos interesados en contextualizar la reflexión sobre nuestras prácticas en un proceso de integración creciente a nivel de la Educación Superior en el MERCOSUR, en este caso específico, referido a la educación ambiental.</p>
</div><div class="fusion-sep-clear"></div><div class="fusion-separator fusion-full-width-sep" style="margin-left: auto;margin-right: auto;margin-top:10px;margin-bottom:10px;width:100%;"><div class="fusion-separator-border sep-single sep-dotted" style="border-color:#777777;border-top-width:1px;"></div></div><div class="fusion-sep-clear"></div><style type="text/css"></style><div class="fusion-title title fusion-title-2 fusion-sep-none fusion-title-text fusion-title-size-four" style="margin-top:15px;margin-bottom:30px;"><h4 class="title-heading-left" style="margin:0;">Presenta: Isabel Dol</h4></div><div class="fusion-text fusion-text-3"><p>Ingeniera Química, Profesor Titular de la Facultad de Química de Universidad de la República, Uruguay<br />
Integrante de la Red Temática de Medio Ambiente.</p>
</div><div class="fusion-clearfix"></div></div></div></div></div>
