{"id":960,"date":"2016-11-04T01:59:02","date_gmt":"2016-11-04T04:59:02","guid":{"rendered":"http:\/\/jies.cse.udelar.edu.uy\/?page_id=960"},"modified":"2016-11-04T01:59:02","modified_gmt":"2016-11-04T04:59:02","slug":"960-2","status":"publish","type":"page","link":"https:\/\/www.cse.udelar.edu.uy\/jies2017\/960-2\/","title":{"rendered":"Presentaci\u00f3n"},"content":{"rendered":"<div class=\"fusion-fullwidth fullwidth-box fusion-builder-row-1 hundred-percent-fullwidth non-hundred-percent-height-scrolling\" style=\"background-color: rgba(255,255,255,0);background-position: center center;background-repeat: no-repeat;padding-top:0px;padding-right:0px;padding-bottom:0px;padding-left:0px;margin-bottom: 0px;margin-top: 0px;border-width: 0px 0px 0px 0px;border-color:#eaeaea;border-style:solid;\" ><div class=\"fusion-builder-row fusion-row\"><div class=\"fusion-layout-column fusion_builder_column fusion-builder-column-0 fusion_builder_column_1_1 1_1 fusion-one-full fusion-column-first fusion-column-last fusion-column-no-min-height\" style=\"margin-top:0px;margin-bottom:0px;\"><div class=\"fusion-column-wrapper fusion-flex-column-wrapper-legacy\" style=\"background-position:left top;background-repeat:no-repeat;-webkit-background-size:cover;-moz-background-size:cover;-o-background-size:cover;background-size:cover;padding: 0px 0px 0px 0px;\"><div class=\"imageframe-align-center\"><div class=\"fusion-image-frame-bottomshadow image-frame-shadow-1\"><style>.fusion-image-frame-bottomshadow.image-frame-shadow-1{display:inline-block}.element-bottomshadow.imageframe-1:before, .element-bottomshadow.imageframe-1:after{-webkit-box-shadow: 0 17px 10px rgba(25,25,25,0.4);box-shadow: 0 17px 10px rgba(25,25,25,0.4);}<\/style><span class=\" fusion-imageframe imageframe-bottomshadow imageframe-1 element-bottomshadow hover-type-none\"><img width=\"1500\" image_height=\"354\" image_id=\"1068\" title=\"jies2\" src=\"http:\/\/www.cse.udelar.edu.uy\/jies2017\/wp-content\/uploads\/sites\/5\/2016\/11\/jies2.jpg\" class=\"img-responsive wp-image-1068\" srcset=\"https:\/\/www.cse.udelar.edu.uy\/jies2017\/wp-content\/uploads\/sites\/5\/2016\/11\/jies2-200x47.jpg 200w, https:\/\/www.cse.udelar.edu.uy\/jies2017\/wp-content\/uploads\/sites\/5\/2016\/11\/jies2-400x94.jpg 400w, https:\/\/www.cse.udelar.edu.uy\/jies2017\/wp-content\/uploads\/sites\/5\/2016\/11\/jies2-600x142.jpg 600w, https:\/\/www.cse.udelar.edu.uy\/jies2017\/wp-content\/uploads\/sites\/5\/2016\/11\/jies2-800x189.jpg 800w, https:\/\/www.cse.udelar.edu.uy\/jies2017\/wp-content\/uploads\/sites\/5\/2016\/11\/jies2-1200x283.jpg 1200w, https:\/\/www.cse.udelar.edu.uy\/jies2017\/wp-content\/uploads\/sites\/5\/2016\/11\/jies2.jpg 1500w\" sizes=\"(max-width: 800px) 100vw, 1500px\" \/><\/span><\/div><\/div><div class=\"fusion-sep-clear\"><\/div><div class=\"fusion-separator fusion-full-width-sep\" style=\"margin-left: auto;margin-right: auto;margin-top:10px;width:100%;\"><\/div><div class=\"fusion-sep-clear\"><\/div><div class=\"fusion-text fusion-text-1\"><p>La educaci\u00f3n superior\u00a0 se reconoce como un objeto espec\u00edfico de investigaci\u00f3n y reflexi\u00f3n, dinamizado por la necesidad de clarificar el papel estrat\u00e9gico que cumplen en las sociedades actuales los\u00a0 procesos de generaci\u00f3n, difusi\u00f3n, apropiaci\u00f3n y empleo eficaz del conocimiento como determinantes de la construcci\u00f3n del desarrollo y el bienestar colectivo. En particular, el cumplimiento de los cometidos acad\u00e9micos y\u00a0 las experiencias organizacionales de las instituciones universitarias configuran dimensiones de un campo de estudio complejo, en el que se\u00a0 relacionan los aportes de distintas estructuraciones te\u00f3ricas y formulaciones metodol\u00f3gicas provenientes de la convergencia de una variedad de enfoques disciplinarios.<br \/>\nEsta nueva convocatoria busca retomar la iniciativa de socializaci\u00f3n de los avances y desaf\u00edos de la producci\u00f3n nacional en materia de investigaci\u00f3n en educaci\u00f3n superior, a la vez que ampliarla a una contribuci\u00f3n regional que permita profundizar las miradas comparadas en temas clave para el desarrollo de nuestras universidades.<br \/>\nDe este modo, a iniciativa de la Comisi\u00f3n Sectorial de Ense\u00f1anza, la Universidad de la Rep\u00fablica y la Administraci\u00f3n Nacional de Educaci\u00f3n P\u00fablica organizan las Terceras Jornadas Nacionales, continuaci\u00f3n de las realizadas en los a\u00f1os 2013 y 2015; y convocan junto al\u00a0 N\u00facleo de Estudios e Investigaciones en Educaci\u00f3n Superior del MERCOSUR, a las Primeras Jornadas Regionales. En ese marco,\u00a0 se realizar\u00e1n algunas acciones preparatorias de la Conmemoraci\u00f3n de los 100 a\u00f1os de la Reforma de C\u00f3rdoba y de la\u00a0 Conferencia Regional de la UNESCO sobre la Educaci\u00f3n Superior en\u00a0 Am\u00e9rica Latina y el Caribe, eventos que se desarrollar\u00e1n en el a\u00f1o 2018 en la Universidad Nacional de C\u00f3rdoba (Argentina).<\/p>\n<\/div><div class=\"fusion-clearfix\"><\/div><\/div><\/div><\/div><style type=\"text\/css\">.fusion-fullwidth.fusion-builder-row-1 { overflow:visible; }<\/style><\/div>\n","protected":false},"excerpt":{"rendered":"","protected":false},"author":2,"featured_media":0,"parent":0,"menu_order":0,"comment_status":"closed","ping_status":"closed","template":"","meta":[],"_links":{"self":[{"href":"https:\/\/www.cse.udelar.edu.uy\/jies2017\/wp-json\/wp\/v2\/pages\/960"}],"collection":[{"href":"https:\/\/www.cse.udelar.edu.uy\/jies2017\/wp-json\/wp\/v2\/pages"}],"about":[{"href":"https:\/\/www.cse.udelar.edu.uy\/jies2017\/wp-json\/wp\/v2\/types\/page"}],"author":[{"embeddable":true,"href":"https:\/\/www.cse.udelar.edu.uy\/jies2017\/wp-json\/wp\/v2\/users\/2"}],"replies":[{"embeddable":true,"href":"https:\/\/www.cse.udelar.edu.uy\/jies2017\/wp-json\/wp\/v2\/comments?post=960"}],"version-history":[{"count":0,"href":"https:\/\/www.cse.udelar.edu.uy\/jies2017\/wp-json\/wp\/v2\/pages\/960\/revisions"}],"wp:attachment":[{"href":"https:\/\/www.cse.udelar.edu.uy\/jies2017\/wp-json\/wp\/v2\/media?parent=960"}],"curies":[{"name":"wp","href":"https:\/\/api.w.org\/{rel}","templated":true}]}}

Presentación

<div class="fusion-fullwidth fullwidth-box fusion-builder-row-1 hundred-percent-fullwidth non-hundred-percent-height-scrolling" style="background-color: rgba(255,255,255,0);background-position: center center;background-repeat: no-repeat;padding-top:0px;padding-right:0px;padding-bottom:0px;padding-left:0px;margin-bottom: 0px;margin-top: 0px;border-width: 0px 0px 0px 0px;border-color:#eaeaea;border-style:solid;" ><div class="fusion-builder-row fusion-row"><div class="fusion-layout-column fusion_builder_column fusion-builder-column-0 fusion_builder_column_1_1 1_1 fusion-one-full fusion-column-first fusion-column-last fusion-column-no-min-height" style="margin-top:0px;margin-bottom:0px;"><div class="fusion-column-wrapper fusion-flex-column-wrapper-legacy" style="background-position:left top;background-repeat:no-repeat;-webkit-background-size:cover;-moz-background-size:cover;-o-background-size:cover;background-size:cover;padding: 0px 0px 0px 0px;"><div class="imageframe-align-center"><div class="fusion-image-frame-bottomshadow image-frame-shadow-1"><style>.fusion-image-frame-bottomshadow.image-frame-shadow-1{display:inline-block}.element-bottomshadow.imageframe-1:before, .element-bottomshadow.imageframe-1:after{-webkit-box-shadow: 0 17px 10px rgba(25,25,25,0.4);box-shadow: 0 17px 10px rgba(25,25,25,0.4);}</style><span class=" fusion-imageframe imageframe-bottomshadow imageframe-1 element-bottomshadow hover-type-none"><img width="1500" image_height="354" image_id="1068" title="jies2" src="http://www.cse.udelar.edu.uy/jies2017/wp-content/uploads/sites/5/2016/11/jies2.jpg" class="img-responsive wp-image-1068" srcset="https://www.cse.udelar.edu.uy/jies2017/wp-content/uploads/sites/5/2016/11/jies2-200x47.jpg 200w, https://www.cse.udelar.edu.uy/jies2017/wp-content/uploads/sites/5/2016/11/jies2-400x94.jpg 400w, https://www.cse.udelar.edu.uy/jies2017/wp-content/uploads/sites/5/2016/11/jies2-600x142.jpg 600w, https://www.cse.udelar.edu.uy/jies2017/wp-content/uploads/sites/5/2016/11/jies2-800x189.jpg 800w, https://www.cse.udelar.edu.uy/jies2017/wp-content/uploads/sites/5/2016/11/jies2-1200x283.jpg 1200w, https://www.cse.udelar.edu.uy/jies2017/wp-content/uploads/sites/5/2016/11/jies2.jpg 1500w" sizes="(max-width: 800px) 100vw, 1500px" /></span></div></div><div class="fusion-sep-clear"></div><div class="fusion-separator fusion-full-width-sep" style="margin-left: auto;margin-right: auto;margin-top:10px;width:100%;"></div><div class="fusion-sep-clear"></div><div class="fusion-text fusion-text-1"><p>La educación superior  se reconoce como un objeto específico de investigación y reflexión, dinamizado por la necesidad de clarificar el papel estratégico que cumplen en las sociedades actuales los  procesos de generación, difusión, apropiación y empleo eficaz del conocimiento como determinantes de la construcción del desarrollo y el bienestar colectivo. En particular, el cumplimiento de los cometidos académicos y  las experiencias organizacionales de las instituciones universitarias configuran dimensiones de un campo de estudio complejo, en el que se  relacionan los aportes de distintas estructuraciones teóricas y formulaciones metodológicas provenientes de la convergencia de una variedad de enfoques disciplinarios.<br />
Esta nueva convocatoria busca retomar la iniciativa de socialización de los avances y desafíos de la producción nacional en materia de investigación en educación superior, a la vez que ampliarla a una contribución regional que permita profundizar las miradas comparadas en temas clave para el desarrollo de nuestras universidades.<br />
De este modo, a iniciativa de la Comisión Sectorial de Enseñanza, la Universidad de la República y la Administración Nacional de Educación Pública organizan las Terceras Jornadas Nacionales, continuación de las realizadas en los años 2013 y 2015; y convocan junto al  Núcleo de Estudios e Investigaciones en Educación Superior del MERCOSUR, a las Primeras Jornadas Regionales. En ese marco,  se realizarán algunas acciones preparatorias de la Conmemoración de los 100 años de la Reforma de Córdoba y de la  Conferencia Regional de la UNESCO sobre la Educación Superior en  América Latina y el Caribe, eventos que se desarrollarán en el año 2018 en la Universidad Nacional de Córdoba (Argentina).</p>
</div><div class="fusion-clearfix"></div></div></div></div><style type="text/css">.fusion-fullwidth.fusion-builder-row-1 { overflow:visible; }</style></div>
