{"id":28,"date":"2019-07-09T18:05:23","date_gmt":"2019-07-09T16:05:23","guid":{"rendered":"https:\/\/www.cse.udelar.edu.uy\/jies2020\/?page_id=28"},"modified":"2021-04-29T22:07:29","modified_gmt":"2021-04-29T20:07:29","slug":"autoridades","status":"publish","type":"page","link":"https:\/\/www.cse.udelar.edu.uy\/jies2020\/autoridades\/","title":{"rendered":"Autoridades"},"content":{"rendered":"\n<ul><li>\u00c1lvaro Rico (Presidente Servicio de Relaciones Internacionales, Universidad de la Rep\u00fablica &#8211; Uruguay)<\/li><li>Ana Donini (Universidad Nacional de San Mart\u00edn &#8211; Argentina)<\/li><li>Ana Frega (Decana Facultad de Humanidades y Ciencias de la Educaci\u00f3n, Universidad de la Rep\u00fablica &#8211; Uruguay)<\/li><li>Anah\u00ed M. Astur (MEC y T \u2013 Secretar\u00eda de Pol\u00edticas Universitarias &#8211; Argentina)<\/li><li>Carolina Cabrera (Asistente Acad\u00e9mica Rectorado, Udelar, Universidad de la Rep\u00fablica &#8211; Uruguay)<\/li><li>Cecilia Fern\u00e1ndez (Pro Rectorado de Investigaci\u00f3n, Universidad de la Rep\u00fablica &#8211; Uruguay)<\/li><li>C\u00e9lio da Cunha (Universidad Cat\u00f3lica de Brasilia &#8211; Brasil)<\/li><li>Enrico Irraz\u00e1bal Juanicotenea (Decano de la Facultad de Psicolog\u00eda, Universidad de la Rep\u00fablica &#8211; Uruguay)<\/li><li>Estela Miranda (NEIES MERCOSUR, Universidad Nacional de C\u00f3rdoba &#8211; Argentina)<\/li><li>Gabriela Isasmendi (MEC y T \u2013 Secretar\u00eda de Pol\u00edticas Universitarias &#8211; Argentina)<\/li><li>Gerda Palacios (NEIES MERCOSUR, Ministerio de Educaci\u00f3n y Cultura &#8211; Paraguay)<\/li><li>Gladys Ceretta (Decana Facultad de Informaci\u00f3n y Comunicaci\u00f3n, Universidad de la Rep\u00fablica &#8211; Uruguay)<\/li><li>Jorge Landinelli (Ex Decano Facultad de Ciencias Sociales, Universidad de la Rep\u00fablica &#8211; Uruguay)<\/li><li>Juan Cristina (Pro Rectorado de Ense\u00f1anza, Universidad de la Rep\u00fablica &#8211; Uruguay)<\/li><li>Luis Leopold (Pro Rectorado de Gesti\u00f3n, Universidad de la Rep\u00fablica &#8211; Uruguay)<\/li><li>Marcos Coelho (NEIES MERCOSUR, Ministerio de Educaci\u00f3n &#8211; Brasil)<\/li><li>Mar\u00eda Dibarboure (Consejo de Formaci\u00f3n en Educaci\u00f3n, Administraci\u00f3n Nacional de Educaci\u00f3n P\u00fablica &#8211; Uruguay)<\/li><li>Mariana Gonz\u00e1lez Guyer (Pro Rectorado de Extensi\u00f3n, Universidad de la Rep\u00fablica &#8211; Uruguay)<\/li><li>Mercedes Collazo (NEIES MERCOSUR, Universidad de la Rep\u00fablica &#8211; Uruguay)<\/li><li>Rodrigo Arocena (Ex Rector de la Universidad de la Rep\u00fablica &#8211; Uruguay)<\/li><li>Rodrigo Br\u00edtez (NEIES MERCOSUR, Ministerio de Educaci\u00f3n y Cultura &#8211; Paraguay)<\/li><\/ul>\n\n\n\n<h3><strong>Comit\u00e9 Evaluador<\/strong><\/h3>\n\n\n\n<ul><li>Adriana Fern\u00e1ndez \u00c1lvarez (Universidad de la Rep\u00fablica \u2013 Uruguay)<\/li><li>Alejandra Capocasale (Administraci\u00f3n Nacional de Educaci\u00f3n P\u00fablica &#8211; Uruguay)<\/li><li>Alejandro Amaya (Universidad de la Rep\u00fablica &#8211; Uruguay)<\/li><li>Alicia G\u00f3mez (Universidad de la Rep\u00fablica &#8211; Uruguay)<\/li><li>Alicia Villagra (Universidad Nacional de Tucum\u00e1n &#8211; Argentina)<\/li><li>Am\u00edlcar Davyt (Universidad de la Rep\u00fablica &#8211; Uruguay)<\/li><li>Antonio Romano (Universidad de la Rep\u00fablica &#8211; Uruguay)<\/li><li>Beatriz Diconca (Universidad de la Rep\u00fablica &#8211; Uruguay)<\/li><li>Carolina Cabrera (Universidad de la Rep\u00fablica &#8211; Uruguay)<\/li><li>Carolina Rodr\u00edguez (Universidad de la Rep\u00fablica &#8211; Uruguay)<\/li><li>Claudia Finkelstein (Universidad de Buenas Aires &#8211; Argentina)<\/li><li>Elisa Lucarelli (Universidad de Buenas Aires &#8211; Argentina)<\/li><li>Elizabeth Garc\u00eda (Universidad de la Rep\u00fablica &#8211; Uruguay)<\/li><li>Estela Miranda (Universidad Nacional de C\u00f3rdoba &#8211; Argentina)<\/li><li>Ernesto Dom\u00ednguez (Universidad de la Rep\u00fablica &#8211; Uruguay)<\/li><li>Fany Rocha (Universidad de la Rep\u00fablica &#8211; Uruguay)<\/li><li>Fernando Miranda (Universidad de la Rep\u00fablica &#8211; Uruguay)<\/li><li>Gabriel Errandonea (Universidad de la Rep\u00fablica &#8211; Uruguay)<\/li><li>Gabriel Freitas (Universidad de la Rep\u00fablica &#8211; Uruguay)<\/li><li>Gabriela Esteva (Universidad de la Rep\u00fablica &#8211; Uruguay)<\/li><li>Gonzalo Vicci (Universidad de la Rep\u00fablica &#8211; Uruguay)<\/li><li>Graciela Plachot (Universidad de la Rep\u00fablica &#8211; Uruguay)<\/li><li>Gustavo Marisquirena (Universidad de la Rep\u00fablica &#8211; Uruguay)<\/li><li>Jorge Landinelli (Universidad de la Rep\u00fablica &#8211; Uruguay)<\/li><li>Jos\u00e9 Passarini (Universidad de la Rep\u00fablica &#8211; Uruguay)<\/li><li>Julio Siciliano (Universidad de la Rep\u00fablica &#8211; Uruguay)<\/li><li>Luciana Azn\u00e1rez (Universidad de la Rep\u00fablica &#8211; Uruguay)<\/li><li>Luciana Chiavone (Universidad de la Rep\u00fablica &#8211; Uruguay)<\/li><li>Mabel da Cunha (Universidad Federal de Pelotas &#8211; Brasil)<\/li><li>Mabel Ruiz (Universidad de la Rep\u00fablica &#8211; Uruguay)<\/li><li>Marcela Vigna (Universidad de la Rep\u00fablica &#8211; Uruguay)<\/li><li>Mar\u00eda Dibarboure (Administraci\u00f3n Nacional de Educaci\u00f3n P\u00fablica &#8211; Uruguay)<\/li><li>Mar\u00eda Simon (Universidad de la Rep\u00fablica &#8211; Uruguay)<\/li><li>Mariana Gonz\u00e1lez Guyer (Universidad de la Rep\u00fablica &#8211; Uruguay)<\/li><li>Mariana Seoane (Universidad de la Rep\u00fablica &#8211; Uruguay)<\/li><li>Mari\u00e1ngeles Caneiro (Universidad de la Rep\u00fablica &#8211; Uruguay)<\/li><li>Mario Jaso (Pro Rectorado de Ense\u00f1anza, Universidad de la Rep\u00fablica &#8211; Uruguay)<\/li><li>Mercedes Collazo (Universidad de la Rep\u00fablica &#8211; Uruguay)<\/li><li>Nancy Per\u00e9 (Universidad de la Rep\u00fablica &#8211; Uruguay)<\/li><li>Natalia Anzuate (Universidad de la Rep\u00fablica &#8211; Uruguay)<\/li><li>Natalia Mallada (Universidad de la Rep\u00fablica &#8211; Uruguay)<\/li><li>Paola Dogliotti (Universidad de la Rep\u00fablica &#8211; Uruguay)<\/li><li>Patricia Manzoni (Universidad de la Rep\u00fablica &#8211; Uruguay)<\/li><li>Pilar Rodr\u00edguez (Universidad de la Rep\u00fablica &#8211; Uruguay)<\/li><li>Raquel S\u00e1nchez (Universidad de la Rep\u00fablica &#8211; Uruguay)<\/li><li>Sof\u00eda Ramos (Universidad de la Rep\u00fablica &#8211; Uruguay)<\/li><li>Susana Kanovich (Universidad de la Rep\u00fablica &#8211; Uruguay)<\/li><li>Sylvia De Bellis (Universidad de la Rep\u00fablica &#8211; Uruguay)<\/li><li>Valentina Torre (Universidad de la Rep\u00fablica &#8211; Uruguay)<\/li><li>Vanesa Sanguinetti (Universidad de la Rep\u00fablica &#8211; Uruguay)<\/li><li>Varenka Parentelli (Universidad de la Rep\u00fablica &#8211; Uruguay)<\/li><li>Virginia Fachinetti (Universidad de la Rep\u00fablica &#8211; Uruguay)<\/li><li>Ximena Otegui (Universidad de la Rep\u00fablica &#8211; Uruguay)<\/li><\/ul>\n\n\n\n<h3><strong>Comit\u00e9 Organizador<\/strong><\/h3>\n\n\n\n<p><strong>Unidad Acad\u00e9mica Pro Rectorado de Ense\u00f1anza<\/strong><\/p>\n\n\n\n<ul><li>Mercedes Collazo (Universidad de la Rep\u00fablica &#8211; Uruguay)<\/li><li>Beatriz Diconca (Universidad de la Rep\u00fablica &#8211; Uruguay)<\/li><li>Nancy Per\u00e9 (Universidad de la Rep\u00fablica &#8211; Uruguay)<\/li><li>Carolina Cabrera (Universidad de la Rep\u00fablica &#8211; Uruguay)<\/li><li>Sylvia De Bellis (Universidad de la Rep\u00fablica &#8211; Uruguay)<\/li><li>Virginia Fachinetti (Universidad de la Rep\u00fablica &#8211; Uruguay)<\/li><li>Vanesa Sanguinetti (Universidad de la Rep\u00fablica &#8211; Uruguay)<\/li><li>Leroy Deniz (Universidad de la Rep\u00fablica &#8211; Uruguay)<\/li><li>Elena Parentini (Universidad de la Rep\u00fablica &#8211; Uruguay)<\/li><li>Gabriela P\u00e9rez Caviglia (Universidad de la Rep\u00fablica &#8211; Uruguay)<\/li><li>Sebasti\u00e1n Sas\u00edas (Universidad de la Rep\u00fablica &#8211; Uruguay)<\/li><\/ul>\n\n\n\n<p><strong>Unidad Administrativa<\/strong><\/p>\n\n\n\n<ul><li>Ana Cavallo (Universidad de la Rep\u00fablica &#8211; Uruguay)<\/li><li>Jacira \u00c1lvarez (Universidad de la Rep\u00fablica &#8211; Uruguay)<\/li><li>Diana Turri\u00f3n (Universidad de la Rep\u00fablica &#8211; Uruguay)<\/li><li>Nicol\u00e1s Noble (Universidad de la Rep\u00fablica &#8211; Uruguay)<\/li><li>Rosana Montiel (Universidad de la Rep\u00fablica &#8211; Uruguay)<\/li><li>Ver\u00f3nica Mallo (Universidad de la Rep\u00fablica &#8211; Uruguay)<\/li><li>Andrea Figueroa (Universidad de la Rep\u00fablica &#8211; Uruguay)<\/li><li>Elvira Assis (Universidad de la Rep\u00fablica &#8211; Uruguay)<\/li><\/ul>\n\n\n\n<p><strong>Secretar\u00eda<\/strong><\/p>\n\n\n\n<ul><li>Easy Planners<\/li><\/ul>\n","protected":false},"excerpt":{"rendered":"<p>\u00c1lvaro Rico (Presidente Servicio de Relaciones Internacionales, Universidad de la Rep\u00fablica &#8211; Uruguay) Ana Donini (Universidad Nacional de San Mart\u00edn &#8211; Argentina) Ana Frega (Decana Facultad de Humanidades y Ciencias de la Educaci\u00f3n, Universidad de la Rep\u00fablica &#8211; Uruguay) Anah\u00ed M. Astur (MEC y T \u2013 Secretar\u00eda de Pol\u00edticas Universitarias &#8211; Argentina) Carolina Cabrera (Asistente Acad\u00e9mica Rectorado, Udelar, Universidad de la Rep\u00fablica &#8211; Uruguay) Cecilia Fern\u00e1ndez (Pro Rectorado de Investigaci\u00f3n, Universidad de la Rep\u00fablica &#8211; Uruguay) C\u00e9lio da Cunha (Universidad &#8230; <\/p>\n<p class=\"read-more-container\"><a title=\"Autoridades\" class=\"read-more button\" href=\"https:\/\/www.cse.udelar.edu.uy\/jies2020\/autoridades\/#more-28\">Read More<span class=\"screen-reader-text\">Autoridades<\/span><\/a><\/p>\n","protected":false},"author":10,"featured_media":0,"parent":0,"menu_order":0,"comment_status":"closed","ping_status":"closed","template":"","meta":[],"_links":{"self":[{"href":"https:\/\/www.cse.udelar.edu.uy\/jies2020\/wp-json\/wp\/v2\/pages\/28"}],"collection":[{"href":"https:\/\/www.cse.udelar.edu.uy\/jies2020\/wp-json\/wp\/v2\/pages"}],"about":[{"href":"https:\/\/www.cse.udelar.edu.uy\/jies2020\/wp-json\/wp\/v2\/types\/page"}],"author":[{"embeddable":true,"href":"https:\/\/www.cse.udelar.edu.uy\/jies2020\/wp-json\/wp\/v2\/users\/10"}],"replies":[{"embeddable":true,"href":"https:\/\/www.cse.udelar.edu.uy\/jies2020\/wp-json\/wp\/v2\/comments?post=28"}],"version-history":[{"count":12,"href":"https:\/\/www.cse.udelar.edu.uy\/jies2020\/wp-json\/wp\/v2\/pages\/28\/revisions"}],"predecessor-version":[{"id":342,"href":"https:\/\/www.cse.udelar.edu.uy\/jies2020\/wp-json\/wp\/v2\/pages\/28\/revisions\/342"}],"wp:attachment":[{"href":"https:\/\/www.cse.udelar.edu.uy\/jies2020\/wp-json\/wp\/v2\/media?parent=28"}],"curies":[{"name":"wp","href":"https:\/\/api.w.org\/{rel}","templated":true}]}}