{"id":12302,"date":"2015-08-30T07:28:50","date_gmt":"2015-08-30T07:28:50","guid":{"rendered":"http:\/\/www.cse.csic.edu.uy\/?page_id=12302"},"modified":"2015-08-30T07:28:50","modified_gmt":"2015-08-30T07:28:50","slug":"comision-academica-de-grado","status":"publish","type":"page","link":"https:\/\/www.cse.udelar.edu.uy\/jornadas\/comision-academica-de-grado\/","title":{"rendered":"Comisi\u00f3n Acad\u00e9mica de Grado"},"content":{"rendered":"<div class=\"fusion-fullwidth fullwidth-box fusion-builder-row-1 hundred-percent-fullwidth non-hundred-percent-height-scrolling\" style=\"background-color: rgba(255,255,255,0);background-position: center center;background-repeat: no-repeat;padding-top:0px;padding-right:0px;padding-bottom:0px;padding-left:0px;margin-bottom: 0px;margin-top: 0px;border-width: 0px 0px 0px 0px;border-color:#eae9e9;border-style:solid;\" ><div class=\"fusion-builder-row fusion-row\"><div class=\"fusion-layout-column fusion_builder_column fusion-builder-column-0 fusion_builder_column_1_1 1_1 fusion-one-full fusion-column-first fusion-column-last fusion-column-no-min-height\" style=\"margin-top:0px;margin-bottom:0px;\"><div class=\"fusion-column-wrapper fusion-flex-column-wrapper-legacy\" style=\"background-position:left top;background-repeat:no-repeat;-webkit-background-size:cover;-moz-background-size:cover;-o-background-size:cover;background-size:cover;padding: 0px 0px 0px 0px;\"><div class=\"fusion-text fusion-text-1\"><p>La Comisi\u00f3n Acad\u00e9mica de Grado (CAG), creada a partir de la<em> Ordenanza de estudios de grado<\/em>, dependiente de la CSE y adjunta al CDC, es el \u00f3rgano que asesora acad\u00e9micamente a nivel central sobre propuestas de nuevos planes de estudios y sus procesos de implementaci\u00f3n. Asimismo, realiza el seguimiento y evaluaci\u00f3n de todos los programas de formaci\u00f3n de la Udelar, atendiendo a la aplicaci\u00f3n de la Ordenanza.<\/p>\n<p><strong>Secci\u00f3n I &#8211; La Comisi\u00f3n Acad\u00e9mica de Grado<\/strong><\/p>\n<p>Art\u00edculo14.- En la orientaci\u00f3n y coordinaci\u00f3n de los estudios comprendidos en esta Ordenanza, los respectivos \u00f3rganos de cogobierno contar\u00e1n con el asesoramiento de la Comisi\u00f3n Acad\u00e9mica de Grado, que depender\u00e1 de la Comisi\u00f3n Sectorial de Ense\u00f1anza, sin perjuicio del asesoramiento de las comisiones de co-gobierno que se definan en cada caso y el respaldo de estructuras de apoyo a la ense\u00f1anza.<\/p>\n<p>Art\u00edculo15.- Cometidos:<\/p>\n<ol>\n<li>Asesorar desde el punto de vista acad\u00e9mico a la Comisi\u00f3n Sectorial de Ense\u00f1anza y al Consejo Directivo Central sobre las propuestas de nuevos planes de estudios y los procesos de implementaci\u00f3n de los mismos.<\/li>\n<li>Realizar el seguimiento y evaluaci\u00f3n de los programas de formaci\u00f3n de la Universidad de la Rep\u00fablica en coordinaci\u00f3n con los servicios involucrados, incluyendo aquellos especiales, tales como Ciclos Iniciales Optativos u otros.<\/li>\n<li>Proponer a la Comisi\u00f3n Sectorial de Ense\u00f1anza y al Consejo Directivo Central las modificaciones a la presente Ordenanza que entienda pertinente.<\/li>\n<\/ol>\n<p>Art\u00edculo16.- La Comisi\u00f3n Acad\u00e9mica de Grado estar\u00e1 integrada por ocho miembros y sus respectivos suplentes: cinco personas con trayectoria acad\u00e9mica y profesional destacada, que contemplen diferentes \u00e1reas del conocimiento; un egresado, un docente y un estudiante. Sus miembros ser\u00e1n designados por el Consejo Directivo Central a propuesta de la Comisi\u00f3n Sectorial de Ense\u00f1anza, por per\u00edodos de tres a\u00f1os, pudiendo ser renovados.<\/p>\n<p style=\"text-align: justify\"><strong>El Consejo Directivo Central de la Universidad de la Rep\u00fablica en sesi\u00f3n ordinaria de fecha 23 de octubre de 2012, adopt\u00f3 las siguiente resoluci\u00f3n:<\/strong><\/p>\n<p style=\"text-align: justify\">N\u00ba14: Atento a lo dispuesto por el art\u00edculo 16 de la Ordenanza de Grado y otros Programas de Formaci\u00f3n Terciaria de 20\/12\/11 y a lo propuesto en consecuencia por la Comisi\u00f3n Sectorial de Ense\u00f1anza, designar a las siguientes personas para integrar a la Comisi\u00f3n Acad\u00e9mica de Grado por un per\u00edodo de tres a\u00f1os:<\/p>\n<\/div><div class=\"fusion-clearfix\"><\/div><\/div><\/div><\/div><style type=\"text\/css\">.fusion-fullwidth.fusion-builder-row-1 { overflow:visible; }<\/style><\/div>\n","protected":false},"excerpt":{"rendered":"","protected":false},"author":2,"featured_media":0,"parent":0,"menu_order":0,"comment_status":"closed","ping_status":"closed","template":"","meta":[],"_links":{"self":[{"href":"https:\/\/www.cse.udelar.edu.uy\/jornadas\/wp-json\/wp\/v2\/pages\/12302"}],"collection":[{"href":"https:\/\/www.cse.udelar.edu.uy\/jornadas\/wp-json\/wp\/v2\/pages"}],"about":[{"href":"https:\/\/www.cse.udelar.edu.uy\/jornadas\/wp-json\/wp\/v2\/types\/page"}],"author":[{"embeddable":true,"href":"https:\/\/www.cse.udelar.edu.uy\/jornadas\/wp-json\/wp\/v2\/users\/2"}],"replies":[{"embeddable":true,"href":"https:\/\/www.cse.udelar.edu.uy\/jornadas\/wp-json\/wp\/v2\/comments?post=12302"}],"version-history":[{"count":0,"href":"https:\/\/www.cse.udelar.edu.uy\/jornadas\/wp-json\/wp\/v2\/pages\/12302\/revisions"}],"wp:attachment":[{"href":"https:\/\/www.cse.udelar.edu.uy\/jornadas\/wp-json\/wp\/v2\/media?parent=12302"}],"curies":[{"name":"wp","href":"https:\/\/api.w.org\/{rel}","templated":true}]}}