{"id":12320,"date":"2015-08-30T07:46:42","date_gmt":"2015-08-30T07:46:42","guid":{"rendered":"http:\/\/www.cse.csic.edu.uy\/?page_id=12320"},"modified":"2015-08-30T07:46:42","modified_gmt":"2015-08-30T07:46:42","slug":"comision-sectorial-de-educacion-permanente","status":"publish","type":"page","link":"https:\/\/www.cse.udelar.edu.uy\/jornadas\/comision-sectorial-de-educacion-permanente\/","title":{"rendered":"Comisi\u00f3n Sectorial de Educaci\u00f3n Permanente"},"content":{"rendered":"<div class=\"fusion-fullwidth fullwidth-box fusion-builder-row-1 nonhundred-percent-fullwidth non-hundred-percent-height-scrolling\" style=\"background-color: rgba(255,255,255,0);background-position: center center;background-repeat: no-repeat;padding-top:0px;padding-right:0px;padding-bottom:0px;padding-left:0px;margin-bottom: 0px;margin-top: 0px;border-width: 0px 0px 0px 0px;border-color:#eae9e9;border-style:solid;\" ><div class=\"fusion-builder-row fusion-row\"><div class=\"fusion-layout-column fusion_builder_column fusion-builder-column-0 fusion_builder_column_1_1 1_1 fusion-one-full fusion-column-first fusion-column-last\" style=\"margin-top:0px;margin-bottom:0px;\"><div class=\"fusion-column-wrapper fusion-flex-column-wrapper-legacy\" style=\"background-position:left top;background-repeat:no-repeat;-webkit-background-size:cover;-moz-background-size:cover;-o-background-size:cover;background-size:cover;padding: 0px 0px 0px 0px;\"><div class=\"fusion-text fusion-text-1\"><p>La <a href=\"http:\/\/www.eduper.edu.uy\/\" target=\"_blank\" rel=\"noopener noreferrer\">Comisi\u00f3n Sectorial de Educaci\u00f3n Permanente (CSEP)<\/a> constituye el \u00f3rgano de discusi\u00f3n, canalizaci\u00f3n y elaboraci\u00f3n de criterios y propuestas, asesorando para las decisiones al Consejo Directivo Central.<\/p>\n<p>Presidente:\u00a0<strong>Vacante.<\/strong><\/p>\n<p>Director UCEP:\u00a0<strong>Ing. Agr. Mario Jaso.<\/strong><\/p>\n<p>Delegada Area Social y Art\u00edstica: Titular\u00a0<strong>Silvana Maubrigades<\/strong>. Suplente:\u00a0<strong>Antonio Fraga.<br \/>\n<\/strong><\/p>\n<p>Delegada \u00c1rea Salud: Titular\u00a0<strong>Luisa Saravia.\u00a0<\/strong>Suplente:<strong>\u00a0Agustina Craviotto.<br \/>\n<\/strong><\/p>\n<p>Delegado \u00c1rea Tecnolog\u00edas, Ciencias de la Naturaleza y H\u00e1bitat: Titular\u00a0<strong>Soledad Pati\u00f1o.\u00a0<\/strong>Suplentes:<strong>\u00a0Teresita Alonso, Omar Casanova, Soledad Pati\u00f1o, Enrique Morelli, Sergio Nesmachnow y Alicia Calzolari.<br \/>\n<\/strong><\/p>\n<p>Delegado Centros del Interior:\u00a0<strong>Jose Luis \u00c1lvarez<\/strong>.<\/p>\n<p>Delegada Orden Docente: Titular<strong>\u00a0Beatriz Go\u00f1i.\u00a0<\/strong>Suplente:<strong>\u00a0Sylvia Corte.<br \/>\n<\/strong><\/p>\n<p>Delegado Orden Egresados: Titular<strong>\u00a0Mario Piaggio.\u00a0<\/strong>Suplente<strong>:\u00a0<b>Alba Bentos<\/b><\/strong><\/p>\n<p>Secretario:\u00a0<strong>Roberto Langwagen.<\/strong><br \/>\nSeg\u00fan la ordenanza respectiva,la Comisi\u00f3n Sectorial de Educaci\u00f3n Permanente para\u00a0 graduados tendr\u00e1 a su cargo la organizaci\u00f3n, promoci\u00f3n y estimulo de la Educaci\u00f3n Permanente de la Universidad de la Rep\u00fablica y estar\u00e1 integrada por:<\/p>\n<ul>\n<li>Un delegado de cada una de las areas Agraria, Art\u00edstica, Cient\u00edfico \u2013 Tecnol\u00f3gica, Salud y Social.<\/li>\n<li>Un delegado de Regional Norte.<\/li>\n<li>Un delegado de cada uno de los Ordenes del Cogobierno Univesitario, docentes, estudiantes y egresados.<\/li>\n<li>Un delegado del C.D.C designado a propuesta del Rector.<\/li>\n<li>El director de la Unidad Central de Educaci\u00f3n Permanente.<\/li>\n<\/ul>\n<p><strong>Sitio Oficial<\/strong>: <a href=\"http:\/\/www.eduper.edu.uy\/\" target=\"_blank\" rel=\"noopener noreferrer\">www.eduper.edu.uy<\/a><\/p>\n<\/div><div class=\"fusion-clearfix\"><\/div><\/div><\/div><\/div><\/div>\n","protected":false},"excerpt":{"rendered":"","protected":false},"author":2,"featured_media":0,"parent":0,"menu_order":0,"comment_status":"closed","ping_status":"closed","template":"","meta":[],"_links":{"self":[{"href":"https:\/\/www.cse.udelar.edu.uy\/jornadas\/wp-json\/wp\/v2\/pages\/12320"}],"collection":[{"href":"https:\/\/www.cse.udelar.edu.uy\/jornadas\/wp-json\/wp\/v2\/pages"}],"about":[{"href":"https:\/\/www.cse.udelar.edu.uy\/jornadas\/wp-json\/wp\/v2\/types\/page"}],"author":[{"embeddable":true,"href":"https:\/\/www.cse.udelar.edu.uy\/jornadas\/wp-json\/wp\/v2\/users\/2"}],"replies":[{"embeddable":true,"href":"https:\/\/www.cse.udelar.edu.uy\/jornadas\/wp-json\/wp\/v2\/comments?post=12320"}],"version-history":[{"count":0,"href":"https:\/\/www.cse.udelar.edu.uy\/jornadas\/wp-json\/wp\/v2\/pages\/12320\/revisions"}],"wp:attachment":[{"href":"https:\/\/www.cse.udelar.edu.uy\/jornadas\/wp-json\/wp\/v2\/media?parent=12320"}],"curies":[{"name":"wp","href":"https:\/\/api.w.org\/{rel}","templated":true}]}}

Comisión Sectorial de Educación Permanente

<div class="fusion-fullwidth fullwidth-box fusion-builder-row-1 nonhundred-percent-fullwidth non-hundred-percent-height-scrolling" style="background-color: rgba(255,255,255,0);background-position: center center;background-repeat: no-repeat;padding-top:0px;padding-right:0px;padding-bottom:0px;padding-left:0px;margin-bottom: 0px;margin-top: 0px;border-width: 0px 0px 0px 0px;border-color:#eae9e9;border-style:solid;" ><div class="fusion-builder-row fusion-row"><div class="fusion-layout-column fusion_builder_column fusion-builder-column-0 fusion_builder_column_1_1 1_1 fusion-one-full fusion-column-first fusion-column-last" style="margin-top:0px;margin-bottom:0px;"><div class="fusion-column-wrapper fusion-flex-column-wrapper-legacy" style="background-position:left top;background-repeat:no-repeat;-webkit-background-size:cover;-moz-background-size:cover;-o-background-size:cover;background-size:cover;padding: 0px 0px 0px 0px;"><div class="fusion-text fusion-text-1"><p>La <a href="http://www.eduper.edu.uy/" target="_blank" rel="noopener noreferrer">Comisión Sectorial de Educación Permanente (CSEP)</a> constituye el órgano de discusión, canalización y elaboración de criterios y propuestas, asesorando para las decisiones al Consejo Directivo Central.</p>
<p>Presidente: <strong>Vacante.</strong></p>
<p>Director UCEP: <strong>Ing. Agr. Mario Jaso.</strong></p>
<p>Delegada Area Social y Artística: Titular <strong>Silvana Maubrigades</strong>. Suplente: <strong>Antonio Fraga.<br />
</strong></p>
<p>Delegada Área Salud: Titular <strong>Luisa Saravia. </strong>Suplente:<strong> Agustina Craviotto.<br />
</strong></p>
<p>Delegado Área Tecnologías, Ciencias de la Naturaleza y Hábitat: Titular <strong>Soledad Patiño. </strong>Suplentes:<strong> Teresita Alonso, Omar Casanova, Soledad Patiño, Enrique Morelli, Sergio Nesmachnow y Alicia Calzolari.<br />
</strong></p>
<p>Delegado Centros del Interior: <strong>Jose Luis Álvarez</strong>.</p>
<p>Delegada Orden Docente: Titular<strong> Beatriz Goñi. </strong>Suplente:<strong> Sylvia Corte.<br />
</strong></p>
<p>Delegado Orden Egresados: Titular<strong> Mario Piaggio. </strong>Suplente<strong>: <b>Alba Bentos</b></strong></p>
<p>Secretario: <strong>Roberto Langwagen.</strong><br />
Según la ordenanza respectiva,la Comisión Sectorial de Educación Permanente para  graduados tendrá a su cargo la organización, promoción y estimulo de la Educación Permanente de la Universidad de la República y estará integrada por:</p>
<ul>
<li>Un delegado de cada una de las areas Agraria, Artística, Científico – Tecnológica, Salud y Social.</li>
<li>Un delegado de Regional Norte.</li>
<li>Un delegado de cada uno de los Ordenes del Cogobierno Univesitario, docentes, estudiantes y egresados.</li>
<li>Un delegado del C.D.C designado a propuesta del Rector.</li>
<li>El director de la Unidad Central de Educación Permanente.</li>
</ul>
<p><strong>Sitio Oficial</strong>: <a href="http://www.eduper.edu.uy/" target="_blank" rel="noopener noreferrer">www.eduper.edu.uy</a></p>
</div><div class="fusion-clearfix"></div></div></div></div></div>
