{"id":12323,"date":"2015-08-30T07:49:02","date_gmt":"2015-08-30T07:49:02","guid":{"rendered":"http:\/\/www.cse.csic.edu.uy\/?page_id=12323"},"modified":"2015-08-30T07:49:02","modified_gmt":"2015-08-30T07:49:02","slug":"unidad-central-de-educacion-permanete","status":"publish","type":"page","link":"https:\/\/www.cse.udelar.edu.uy\/jornadas\/unidad-central-de-educacion-permanete\/","title":{"rendered":"Unidad Central de Educaci\u00f3n Permanente"},"content":{"rendered":"<div class=\"fusion-fullwidth fullwidth-box fusion-builder-row-1 nonhundred-percent-fullwidth non-hundred-percent-height-scrolling\" style=\"background-color: rgba(255,255,255,0);background-position: center center;background-repeat: no-repeat;padding-top:0px;padding-right:0px;padding-bottom:0px;padding-left:0px;margin-bottom: 0px;margin-top: 0px;border-width: 0px 0px 0px 0px;border-color:#eae9e9;border-style:solid;\" ><div class=\"fusion-builder-row fusion-row\"><div class=\"fusion-layout-column fusion_builder_column fusion-builder-column-0 fusion_builder_column_1_1 1_1 fusion-one-full fusion-column-first fusion-column-last\" style=\"margin-top:0px;margin-bottom:0px;\"><div class=\"fusion-column-wrapper fusion-flex-column-wrapper-legacy\" style=\"background-position:left top;background-repeat:no-repeat;-webkit-background-size:cover;-moz-background-size:cover;-o-background-size:cover;background-size:cover;padding: 0px 0px 0px 0px;\"><div class=\"fusion-text fusion-text-1\"><p>La <a href=\"http:\/\/www.eduper.edu.uy\/\" target=\"_blank\" rel=\"noopener noreferrer\">Unidad Central de Educaci\u00f3n Permanente<\/a> constituye la unidad ejecutora de apoyo central del programa.<br \/>\nDependiente del\u00a0Pro Rectorado de Ense\u00f1anza, coordina su accionar con la Comisi\u00f3n Sectorial de Educaci\u00f3n Permanente y los diferentes centros y servicios universitarios, promoviendo el desarrollo de actividades en toda la Universidad.<\/p>\n<p><strong>Integrantes Docentes<\/strong><\/p>\n<p>Director: Mg. Ing. Agr. Mario Jaso<\/p>\n<p>Profesor Adjunto: Mag. Arq. Roberto Langwagen<\/p>\n<p>Asistente en Comunicaci\u00f3n: Mg. Lic. en Ciencias de la Comunicaci\u00f3n Fernando Harreguy<\/p>\n<p>Asistente en Estad\u00edsticas Sociales: Mag. Lic. en Sociolog\u00eda Santiago Escuder<\/p>\n<p>Ayudante: Lic. en Relaciones Laborales Florencia Zeballos<\/p>\n<p>Ayudante: Br. Victoria M\u00e9ndez<\/p>\n<p><strong>Integrantes Administrativos:<\/strong><\/p>\n<p>Mariela Wilkins<br \/>\nMariana Cammarano<\/p>\n<\/div><div class=\"fusion-clearfix\"><\/div><\/div><\/div><\/div><\/div>\n","protected":false},"excerpt":{"rendered":"","protected":false},"author":2,"featured_media":0,"parent":0,"menu_order":0,"comment_status":"closed","ping_status":"closed","template":"","meta":[],"_links":{"self":[{"href":"https:\/\/www.cse.udelar.edu.uy\/jornadas\/wp-json\/wp\/v2\/pages\/12323"}],"collection":[{"href":"https:\/\/www.cse.udelar.edu.uy\/jornadas\/wp-json\/wp\/v2\/pages"}],"about":[{"href":"https:\/\/www.cse.udelar.edu.uy\/jornadas\/wp-json\/wp\/v2\/types\/page"}],"author":[{"embeddable":true,"href":"https:\/\/www.cse.udelar.edu.uy\/jornadas\/wp-json\/wp\/v2\/users\/2"}],"replies":[{"embeddable":true,"href":"https:\/\/www.cse.udelar.edu.uy\/jornadas\/wp-json\/wp\/v2\/comments?post=12323"}],"version-history":[{"count":0,"href":"https:\/\/www.cse.udelar.edu.uy\/jornadas\/wp-json\/wp\/v2\/pages\/12323\/revisions"}],"wp:attachment":[{"href":"https:\/\/www.cse.udelar.edu.uy\/jornadas\/wp-json\/wp\/v2\/media?parent=12323"}],"curies":[{"name":"wp","href":"https:\/\/api.w.org\/{rel}","templated":true}]}}

Unidad Central de Educación Permanente

<div class="fusion-fullwidth fullwidth-box fusion-builder-row-1 nonhundred-percent-fullwidth non-hundred-percent-height-scrolling" style="background-color: rgba(255,255,255,0);background-position: center center;background-repeat: no-repeat;padding-top:0px;padding-right:0px;padding-bottom:0px;padding-left:0px;margin-bottom: 0px;margin-top: 0px;border-width: 0px 0px 0px 0px;border-color:#eae9e9;border-style:solid;" ><div class="fusion-builder-row fusion-row"><div class="fusion-layout-column fusion_builder_column fusion-builder-column-0 fusion_builder_column_1_1 1_1 fusion-one-full fusion-column-first fusion-column-last" style="margin-top:0px;margin-bottom:0px;"><div class="fusion-column-wrapper fusion-flex-column-wrapper-legacy" style="background-position:left top;background-repeat:no-repeat;-webkit-background-size:cover;-moz-background-size:cover;-o-background-size:cover;background-size:cover;padding: 0px 0px 0px 0px;"><div class="fusion-text fusion-text-1"><p>La <a href="http://www.eduper.edu.uy/" target="_blank" rel="noopener noreferrer">Unidad Central de Educación Permanente</a> constituye la unidad ejecutora de apoyo central del programa.<br />
Dependiente del Pro Rectorado de Enseñanza, coordina su accionar con la Comisión Sectorial de Educación Permanente y los diferentes centros y servicios universitarios, promoviendo el desarrollo de actividades en toda la Universidad.</p>
<p><strong>Integrantes Docentes</strong></p>
<p>Director: Mg. Ing. Agr. Mario Jaso</p>
<p>Profesor Adjunto: Mag. Arq. Roberto Langwagen</p>
<p>Asistente en Comunicación: Mg. Lic. en Ciencias de la Comunicación Fernando Harreguy</p>
<p>Asistente en Estadísticas Sociales: Mag. Lic. en Sociología Santiago Escuder</p>
<p>Ayudante: Lic. en Relaciones Laborales Florencia Zeballos</p>
<p>Ayudante: Br. Victoria Méndez</p>
<p><strong>Integrantes Administrativos:</strong></p>
<p>Mariela Wilkins<br />
Mariana Cammarano</p>
</div><div class="fusion-clearfix"></div></div></div></div></div>
