{"id":1027,"date":"2020-05-28T19:08:17","date_gmt":"2020-05-28T22:08:17","guid":{"rendered":"https:\/\/www.cse.udelar.edu.uy\/progresa\/?page_id=1027"},"modified":"2020-07-31T02:46:15","modified_gmt":"2020-07-31T05:46:15","slug":"lectura-en-tiempos-de-pandemia-textos-digitales-y-en-papel-solos-y-acompanados","status":"publish","type":"page","link":"https:\/\/www.cse.udelar.edu.uy\/progresa\/lectura-en-tiempos-de-pandemia-textos-digitales-y-en-papel-solos-y-acompanados\/","title":{"rendered":"Lectura en tiempos de pandemia: textos digitales y en papel, solos y acompa\u00f1ados"},"content":{"rendered":"\t\t<div data-elementor-type=\"wp-page\" data-elementor-id=\"1027\" class=\"elementor elementor-1027\" data-elementor-settings=\"[]\">\n\t\t\t\t\t\t<div class=\"elementor-inner\">\n\t\t\t\t\t\t\t<div class=\"elementor-section-wrap\">\n\t\t\t\t\t\t\t<section class=\"elementor-section elementor-top-section elementor-element elementor-element-8897a7f elementor-section-boxed elementor-section-height-default elementor-section-height-default\" data-id=\"8897a7f\" data-element_type=\"section\">\n\t\t\t\t\t\t<div class=\"elementor-container elementor-column-gap-default\">\n\t\t\t\t\t\t\t<div class=\"elementor-row\">\n\t\t\t\t\t<div class=\"elementor-column elementor-col-66 elementor-top-column elementor-element elementor-element-0a15ef5\" data-id=\"0a15ef5\" data-element_type=\"column\">\n\t\t\t<div class=\"elementor-column-wrap elementor-element-populated\">\n\t\t\t\t\t\t\t<div class=\"elementor-widget-wrap\">\n\t\t\t\t\t\t<div class=\"elementor-element elementor-element-160cc18 elementor-widget elementor-widget-text-editor\" data-id=\"160cc18\" data-element_type=\"widget\" data-widget_type=\"text-editor.default\">\n\t\t\t\t<div class=\"elementor-widget-container\">\n\t\t\t\t\t<div class=\"elementor-text-editor elementor-clearfix\"><p style=\"font-style: normal;font-weight: 300;font-size: 16px;font-family: Lato;text-indent: 0px;color: #555555\"><span style=\"color: #333333\">En estos d\u00edas de pandemia, estamos recibiendo muchos materiales de estudio digitalizados. Algunos tendr\u00e1n oportunidad de imprimir esos materiales en la casa o de conseguir en papel el libro original de donde fueron tomados.\u00a0Est\u00e1 estudiado que la lectura sobre papel es m\u00e1s efectiva que la lectura en pantalla\u00a0(Clinton, 2019). Los textos en papel se pueden subrayar y anotar m\u00e1s f\u00e1cilmente o volver a encontrar r\u00e1pidamente una referencia cuando uno se pierde. Tambi\u00e9n permiten tomar una mejor dimensi\u00f3n del tama\u00f1o del texto y adelantar unas p\u00e1ginas si es necesario o volver para atr\u00e1s.\u00a0Por su parte, los textos en pantalla suelen venir acompa\u00f1ados de distractores\u00a0(si es una computadora, existe la posibilidad de abrir otras pesta\u00f1as o ponerse a hacer otras cosas como revisar redes sociales o jugar; si es un tel\u00e9fono, es posible recibir mensajes o llamadas, adem\u00e1s de diversas notificaciones)\u00a0y adem\u00e1s cansan la vista.<\/span><\/p><p style=\"font-style: normal;font-weight: 300;font-size: 16px;font-family: Lato;text-indent: 0px;color: #555555\"><span style=\"color: #333333\">Para aquellos que s\u00f3lo tienen la oportunidad de leer en pantalla, algunos consejos:<\/span><\/p><p style=\"font-style: normal;font-weight: 300;font-size: 16px;font-family: Lato;text-indent: 0px;color: #555555\"><span style=\"color: #333333\">\u2013\u00a0Lo mejor es preferir siempre la pantalla de la computadora a la del tel\u00e9fono. Los programas de computadora permiten hacer anotaciones y subrayados en los textos y, por lo tanto, permiten un mejor manejo del texto. Si tenemos conexi\u00f3n a internet solo en el tel\u00e9fono (en estos d\u00edas varios operadores como<\/span>\u00a0<a href=\"https:\/\/www.antel.com.uy\/personas-y-hogares\/novedades\/te-regalamos-5-gigas-y-extendemos-la-recarga\"><em>Antel<\/em><\/a>\u00a0<span style=\"color: #333333\">y<\/span>\u00a0<em><a href=\"https:\/\/www.movistar.com.uy\/servicios\/otros\/novedades\/cuidemonos-entre-todos\/\">Movistar<\/a><\/em><span style=\"color: #333333\">\u00a0est\u00e1n distribuyendo gigas gratis), la mayor\u00eda de los tel\u00e9fonos inteligentes permiten compartir la conexi\u00f3n de internet con una computadora (<\/span><a href=\"https:\/\/support.google.com\/android\/answer\/9059108?hl=es-419&amp;visit_id=637237077079470371-1130847328&amp;rd=1\">a trav\u00e9s un cable USB, o a trav\u00e9s de\u00a0<em>Bluetooth<\/em>\u00a0o\u00a0<em>Hotspot<\/em><\/a><span style=\"color: #333333\">) y descargar los textos all\u00ed. Tambi\u00e9n est\u00e1 la posibilidad de descargarlos en el tel\u00e9fono y pasarlos a la computadora v\u00eda cable usb o bluetooth. Recuerda tambi\u00e9n que Antel no cobra la conexi\u00f3n a sitios edu.uy<\/span><\/p><p style=\"font-style: normal;font-weight: 300;font-size: 16px;font-family: Lato;text-indent: 0px;color: #555555\"><span style=\"color: #333333\">\u2013\u00a0Si usamos un dispositivo electr\u00f3nico, bloquear internet mientras estamos leyendo,\u00a0ya sea desconectando la computadora de la red o poniendo el celular en<\/span>\u00a0<a href=\"https:\/\/androidspain.es\/modo-avion\/\"><em>modo avi\u00f3n<\/em><\/a>.\u00a0<span style=\"color: #333333\">Eso evita que nos lleguen mensajes que nos distraigan (tambi\u00e9n evita las llamadas y sms).<\/span><\/p><p style=\"font-style: normal;font-weight: 300;font-size: 16px;font-family: Lato;text-indent: 0px;color: #555555\"><span style=\"color: #333333\">\u2013\u00a0Una buena estrategia es tomar notas en papel, aunque el texto sea le\u00eddo en pantalla. Permite llevar un registro r\u00e1pido de lo le\u00eddo, de las dudas que puedan surgir, de cosas a mirar en otro lado. Llevar una gu\u00eda escrita de lo que dice el texto permite evitar ir todo el tiempo hacia otras p\u00e1ginas, lo que al final puede perturbar la concentraci\u00f3n.\u00a0<\/span><\/p><p style=\"font-style: normal;font-weight: 300;font-size: 16px;font-family: Lato;text-indent: 0px;color: #555555\"><span style=\"color: #333333\">\u2013 A\u00fan mejor que realizar notas es\u00a0hacer s\u00edntesis, esquemas, res\u00famenes, es decir organizadores gr\u00e1ficos de la informaci\u00f3n escrita. Todo eso se puede hacer en la pantalla pero hacerlo en un cuaderno seguramente sea m\u00e1s r\u00e1pido y es algo que se pueda hacer sin necesidad de aplicaciones.<\/span><\/p><p style=\"font-style: normal;font-weight: 300;font-size: 16px;font-family: Lato;text-indent: 0px;color: #555555\"><span style=\"color: #333333\">\u2013\u00a0Leer en formato PDF tiene algunas ventajas: la posibilidad de buscar palabras en el documento (cliquear a la vez Ctrl + F, eso abre un espacio de b\u00fasqueda; no funciona en todos los PDF sobre todo no en los que son escaneados de papel, pero vale la pena intentar), algunos lectores de PDF permiten poner notas y hacer subrayados (<a style=\"color: #333333\" href=\"https:\/\/www.apowersoft.es\/resaltar-texto-en-pdf.html\">aqu\u00ed algunas sugerencias<\/a>), se puede enviar por correo lo que le\u00edste con tus notas a otro estudiante, o\u00a0hacer una conferencia por videollamada para leer el material con uno o con varios compa\u00f1eros.<\/span><\/p><h4 class=\"fusion-responsive-typography-calculated\" style=\"font-style: normal\" data-fontsize=\"36.48\" data-lineheight=\"47.424px\">El estudio en grupo<\/h4><p style=\"font-style: normal;font-weight: 300;font-size: 16px;font-family: Lato;text-indent: 0px;color: #555555\"><span style=\"color: #333333\">Como ya dijimos, estudiar es tambi\u00e9n revisar qu\u00e9 entendimos, qu\u00e9 parte se nos hizo dif\u00edcil, volver al texto y releer con paciencia las veces que sea necesario.\u00a0El trabajo con otros suele ser muy \u00fatil para esto, pero si est\u00e1s solo o sola, pod\u00e9s intentar contarle sobre lo que le\u00edste a alguien que viva contigo y que no sepa nada del tema (\u00a1se aprende mucho explicando!). Otra opci\u00f3n es marcar los pasajes m\u00e1s complicados y\u00a0consultar en un foro de EVA\u00a0o con tus compa\u00f1eros m\u00e1s cercanos. Es importante revisar si eso que no entendiste resulta fundamental para la comprensi\u00f3n en el contexto de ese curso en particular, si no lo es segu\u00ed adelante con las lecturas.<\/span><\/p><p style=\"font-style: normal;font-weight: 300;font-size: 16px;font-family: Lato;text-indent: 0px;color: #555555\"><span style=\"color: #333333\">Un consejo muy b\u00e1sico pero que no est\u00e1 de m\u00e1s recordar\u00a0es pedir ayuda si no entiendo.\u00a0Para esto\u00a0armar grupos de estudio virtuales puede ser una soluci\u00f3n. Todos sabemos que el trabajo en grupo favorece el aprendizaje y el ver a compa\u00f1eros, aunque sea a la distancia, seguro que tambi\u00e9n mejora tu d\u00eda. Usar la tecnolog\u00eda para comunicarse (a trav\u00e9s de video llamadas de<\/span>\u00a0<a href=\"https:\/\/www.whatsapp.com\/\"><em>WhatsApp<\/em><\/a><em>,\u00a0<a href=\"https:\/\/meet.google.com\/\">Meet<\/a>,\u00a0<a href=\"https:\/\/www.zoom.us\/\">Zoom<\/a>,\u00a0<a href=\"https:\/\/jitsi.org\/\">Jitsi<\/a><\/em><span style=\"color: #333333\">, etc,), compartir trabajo y lecturas usando<\/span>\u00a0<em><a href=\"https:\/\/www.google.com\/drive\/\">Google Drive<\/a><\/em>\u00a0<span style=\"color: #333333\">(y otros), repartir tareas utilizando\u00a0<\/span><em><a href=\"https:\/\/trello.com\/\">Trello<\/a><\/em>\u00a0<span style=\"color: #333333\">u otras aplicaciones puede permitir aunque sea de manera diferente, mantener el estudio grupal. Trabajar con otros es importante en estos momentos para motivarse, no dejarse estar y ayudar a aquellos que se est\u00e1n quedando para atr\u00e1s.<\/span><\/p><\/div>\n\t\t\t\t<\/div>\n\t\t\t\t<\/div>\n\t\t\t\t\t\t<\/div>\n\t\t\t\t\t<\/div>\n\t\t<\/div>\n\t\t\t\t<div class=\"elementor-column elementor-col-33 elementor-top-column elementor-element elementor-element-da8af2b\" data-id=\"da8af2b\" data-element_type=\"column\">\n\t\t\t<div class=\"elementor-column-wrap elementor-element-populated\">\n\t\t\t\t\t\t\t<div class=\"elementor-widget-wrap\">\n\t\t\t\t\t\t<div class=\"elementor-element elementor-element-0b7d55b elementor-widget elementor-widget-image\" data-id=\"0b7d55b\" data-element_type=\"widget\" data-widget_type=\"image.default\">\n\t\t\t\t<div class=\"elementor-widget-container\">\n\t\t\t\t\t<div class=\"elementor-image\">\n\t\t\t\t\t\t\t\t\t\t<img width=\"726\" height=\"1024\" src=\"https:\/\/www.cse.udelar.edu.uy\/progresa\/wp-content\/uploads\/sites\/11\/2020\/05\/web-progresaMesa-de-trabajo-7-copia-2-726x1024.jpg\" class=\"attachment-large size-large\" alt=\"\" loading=\"lazy\" srcset=\"https:\/\/www.cse.udelar.edu.uy\/progresa\/wp-content\/uploads\/sites\/11\/2020\/05\/web-progresaMesa-de-trabajo-7-copia-2-142x200.jpg 142w, https:\/\/www.cse.udelar.edu.uy\/progresa\/wp-content\/uploads\/sites\/11\/2020\/05\/web-progresaMesa-de-trabajo-7-copia-2-213x300.jpg 213w, https:\/\/www.cse.udelar.edu.uy\/progresa\/wp-content\/uploads\/sites\/11\/2020\/05\/web-progresaMesa-de-trabajo-7-copia-2-726x1024.jpg 726w, https:\/\/www.cse.udelar.edu.uy\/progresa\/wp-content\/uploads\/sites\/11\/2020\/05\/web-progresaMesa-de-trabajo-7-copia-2-768x1083.jpg 768w, https:\/\/www.cse.udelar.edu.uy\/progresa\/wp-content\/uploads\/sites\/11\/2020\/05\/web-progresaMesa-de-trabajo-7-copia-2-1090x1536.jpg 1090w, https:\/\/www.cse.udelar.edu.uy\/progresa\/wp-content\/uploads\/sites\/11\/2020\/05\/web-progresaMesa-de-trabajo-7-copia-2-1453x2048.jpg 1453w, https:\/\/www.cse.udelar.edu.uy\/progresa\/wp-content\/uploads\/sites\/11\/2020\/05\/web-progresaMesa-de-trabajo-7-copia-2.jpg 1816w\" sizes=\"(max-width: 726px) 100vw, 726px\" \/>\t\t\t\t\t\t\t\t\t\t\t<\/div>\n\t\t\t\t<\/div>\n\t\t\t\t<\/div>\n\t\t\t\t\t\t<\/div>\n\t\t\t\t\t<\/div>\n\t\t<\/div>\n\t\t\t\t\t\t\t\t<\/div>\n\t\t\t\t\t<\/div>\n\t\t<\/section>\n\t\t\t\t\t\t<\/div>\n\t\t\t\t\t\t<\/div>\n\t\t\t\t\t<\/div>\n\t\t","protected":false},"excerpt":{"rendered":"<p>En estos d\u00edas de pandemia, estamos recibiendo muchos materiales de estudio digitalizados. Algunos tendr\u00e1n oportunidad de imprimir esos materiales en la casa o de conseguir en papel el libro original de donde fueron tomados.\u00a0Est\u00e1 estudiado que la lectura sobre papel es m\u00e1s efectiva que la lectura en pantalla\u00a0(Clinton, 2019). Los &hellip;<\/p>\n","protected":false},"author":5,"featured_media":0,"parent":0,"menu_order":0,"comment_status":"closed","ping_status":"closed","template":"","meta":[],"_links":{"self":[{"href":"https:\/\/www.cse.udelar.edu.uy\/progresa\/wp-json\/wp\/v2\/pages\/1027"}],"collection":[{"href":"https:\/\/www.cse.udelar.edu.uy\/progresa\/wp-json\/wp\/v2\/pages"}],"about":[{"href":"https:\/\/www.cse.udelar.edu.uy\/progresa\/wp-json\/wp\/v2\/types\/page"}],"author":[{"embeddable":true,"href":"https:\/\/www.cse.udelar.edu.uy\/progresa\/wp-json\/wp\/v2\/users\/5"}],"replies":[{"embeddable":true,"href":"https:\/\/www.cse.udelar.edu.uy\/progresa\/wp-json\/wp\/v2\/comments?post=1027"}],"version-history":[{"count":7,"href":"https:\/\/www.cse.udelar.edu.uy\/progresa\/wp-json\/wp\/v2\/pages\/1027\/revisions"}],"predecessor-version":[{"id":1301,"href":"https:\/\/www.cse.udelar.edu.uy\/progresa\/wp-json\/wp\/v2\/pages\/1027\/revisions\/1301"}],"wp:attachment":[{"href":"https:\/\/www.cse.udelar.edu.uy\/progresa\/wp-json\/wp\/v2\/media?parent=1027"}],"curies":[{"name":"wp","href":"https:\/\/api.w.org\/{rel}","templated":true}]}}