{"id":1415,"date":"2020-08-05T17:14:18","date_gmt":"2020-08-05T20:14:18","guid":{"rendered":"https:\/\/www.cse.udelar.edu.uy\/progresa\/?page_id=1415"},"modified":"2020-08-11T12:04:03","modified_gmt":"2020-08-11T15:04:03","slug":"tutorias-para-funcionarias-os-de-la-universidad-de-la-republica","status":"publish","type":"page","link":"https:\/\/www.cse.udelar.edu.uy\/progresa\/tutorias-para-funcionarias-os-de-la-universidad-de-la-republica\/","title":{"rendered":"Tutor\u00edas para funcionarias\/os de la Universidad de la Rep\u00fablica"},"content":{"rendered":"\t\t<div data-elementor-type=\"wp-page\" data-elementor-id=\"1415\" class=\"elementor elementor-1415\" data-elementor-settings=\"[]\">\n\t\t\t\t\t\t<div class=\"elementor-inner\">\n\t\t\t\t\t\t\t<div class=\"elementor-section-wrap\">\n\t\t\t\t\t\t\t<section class=\"elementor-section elementor-top-section elementor-element elementor-element-d2e0667 elementor-section-boxed elementor-section-height-default elementor-section-height-default\" data-id=\"d2e0667\" data-element_type=\"section\">\n\t\t\t\t\t\t<div class=\"elementor-container elementor-column-gap-default\">\n\t\t\t\t\t\t\t<div class=\"elementor-row\">\n\t\t\t\t\t<div class=\"elementor-column elementor-col-66 elementor-top-column elementor-element elementor-element-ac55a4d\" data-id=\"ac55a4d\" data-element_type=\"column\">\n\t\t\t<div class=\"elementor-column-wrap elementor-element-populated\">\n\t\t\t\t\t\t\t<div class=\"elementor-widget-wrap\">\n\t\t\t\t\t\t<div class=\"elementor-element elementor-element-53d7113 elementor-widget elementor-widget-text-editor\" data-id=\"53d7113\" data-element_type=\"widget\" data-widget_type=\"text-editor.default\">\n\t\t\t\t<div class=\"elementor-widget-container\">\n\t\t\t\t\t<div class=\"elementor-text-editor elementor-clearfix\"><p>A trav\u00e9s de esta propuesta, las y los funcionarios TAS de la Universidad de la Rep\u00fablica tienen acceso libre al curso de Tutor\u00edas Entre Pares para acompa\u00f1ar a sus pares a culminar sus estudios secundarios. Este curso se creditiza como electiva u optativa para aquellos que est\u00e9n estudiando en la Universidad de la Rep\u00fablica. Para quienes no estudian en la Udelar, se lo valorar\u00e1 para los concursos.<\/p><p>Esta l\u00ednea ha sido posible a trav\u00e9s de un acuerdo firmado entre los pro rectorados de Gesti\u00f3n y Ense\u00f1anza de la Udelar. <strong>El curso se brindar\u00eda los d\u00edas jueves, entre las 18 y las 20 horas, y en principio se realizar\u00e1 en modalidad online.<\/strong><\/p><h4>Las Tutor\u00edas<\/h4><p><span style=\"text-indent: 0em;text-align: inherit\">Las Tutor\u00edas Entre Pares (TEP) son una estrategia en la cual estudiantes acompa\u00f1an y apoyan a otros estudiantes en su trayectoria educativa. El objetivo: apuntar a la inserci\u00f3n plena en la vida universitaria. La propuesta de formaci\u00f3n involucra un nivel te\u00f3rico y un nivel pr\u00e1ctico, donde a los contenidos centrales y transversales se incorporan otros espec\u00edficos para el abordaje de n\u00facleos tem\u00e1ticos vinculados a la diversidad de caracter\u00edsticas y contextos en que se desarrolla la acci\u00f3n tutorial.<\/span><\/p><h4>Los objetivos<\/h4><p>El objetivo general es generar un espacio de reflexi\u00f3n y formaci\u00f3n te\u00f3rico-pr\u00e1ctico, que proporcione herramientas para el desarrollo de propuestas de tutor\u00edas en el marco del proyecto educativo personal y de las instituciones de procedencia de los participantes.<\/p><p>Los objetivos espec\u00edficos son propender a la construcci\u00f3n de herramientas que faciliten y promuevan los v\u00ednculos interpersonales entre estudiantes y el manejo de peque\u00f1os grupos; desarrollar herramientas para el dise\u00f1o de estrategias de acci\u00f3n tutorial; acompa\u00f1ar a los tutores en el ejercicio de su actividad pr\u00e1ctica y promover que los estudiantes identifiquen, reconozcan y fortalezcan sus recursos personales, como parte del proceso de construcci\u00f3n del rol tutor.<\/p><h4><span style=\"text-indent: 0em;text-align: inherit\">Inscripciones\u00a0<\/span><\/h4><p><strong><a href=\"https:\/\/encuestas.cse.udelar.edu.uy\/index.php\/149252?lang=es\">Las personas interesadas pueden completar el formulario disponible aqu\u00ed.\u00a0<\/a><\/strong>El equipo de Progresa te contactar\u00e1 luego para confirmar la inscripci\u00f3n.<\/p><p><strong>#MuchoM\u00e1sCercadeVos<\/strong><\/p><\/div>\n\t\t\t\t<\/div>\n\t\t\t\t<\/div>\n\t\t\t\t\t\t<\/div>\n\t\t\t\t\t<\/div>\n\t\t<\/div>\n\t\t\t\t<div class=\"elementor-column elementor-col-33 elementor-top-column elementor-element elementor-element-665b583\" data-id=\"665b583\" data-element_type=\"column\">\n\t\t\t<div class=\"elementor-column-wrap elementor-element-populated\">\n\t\t\t\t\t\t\t<div class=\"elementor-widget-wrap\">\n\t\t\t\t\t\t<div class=\"elementor-element elementor-element-2119a2a elementor-widget elementor-widget-image\" data-id=\"2119a2a\" data-element_type=\"widget\" data-widget_type=\"image.default\">\n\t\t\t\t<div class=\"elementor-widget-container\">\n\t\t\t\t\t<div class=\"elementor-image\">\n\t\t\t\t\t\t\t\t\t\t<img width=\"576\" height=\"1024\" src=\"https:\/\/www.cse.udelar.edu.uy\/progresa\/wp-content\/uploads\/sites\/11\/2020\/07\/Story-576x1024.png\" class=\"attachment-large size-large\" alt=\"\" loading=\"lazy\" srcset=\"https:\/\/www.cse.udelar.edu.uy\/progresa\/wp-content\/uploads\/sites\/11\/2020\/07\/Story-113x200.png 113w, https:\/\/www.cse.udelar.edu.uy\/progresa\/wp-content\/uploads\/sites\/11\/2020\/07\/Story-169x300.png 169w, https:\/\/www.cse.udelar.edu.uy\/progresa\/wp-content\/uploads\/sites\/11\/2020\/07\/Story-576x1024.png 576w, https:\/\/www.cse.udelar.edu.uy\/progresa\/wp-content\/uploads\/sites\/11\/2020\/07\/Story-768x1365.png 768w, https:\/\/www.cse.udelar.edu.uy\/progresa\/wp-content\/uploads\/sites\/11\/2020\/07\/Story-864x1536.png 864w, https:\/\/www.cse.udelar.edu.uy\/progresa\/wp-content\/uploads\/sites\/11\/2020\/07\/Story.png 1080w\" sizes=\"(max-width: 576px) 100vw, 576px\" \/>\t\t\t\t\t\t\t\t\t\t\t<\/div>\n\t\t\t\t<\/div>\n\t\t\t\t<\/div>\n\t\t\t\t\t\t<\/div>\n\t\t\t\t\t<\/div>\n\t\t<\/div>\n\t\t\t\t\t\t\t\t<\/div>\n\t\t\t\t\t<\/div>\n\t\t<\/section>\n\t\t\t\t\t\t<\/div>\n\t\t\t\t\t\t<\/div>\n\t\t\t\t\t<\/div>\n\t\t","protected":false},"excerpt":{"rendered":"<p>A trav\u00e9s de esta propuesta, las y los funcionarios TAS de la Universidad de la Rep\u00fablica tienen acceso libre al curso de Tutor\u00edas Entre Pares para acompa\u00f1ar a sus pares a culminar sus estudios secundarios. Este curso se creditiza como electiva u optativa para aquellos que est\u00e9n estudiando en la &hellip;<\/p>\n","protected":false},"author":5,"featured_media":0,"parent":0,"menu_order":0,"comment_status":"closed","ping_status":"closed","template":"","meta":[],"_links":{"self":[{"href":"https:\/\/www.cse.udelar.edu.uy\/progresa\/wp-json\/wp\/v2\/pages\/1415"}],"collection":[{"href":"https:\/\/www.cse.udelar.edu.uy\/progresa\/wp-json\/wp\/v2\/pages"}],"about":[{"href":"https:\/\/www.cse.udelar.edu.uy\/progresa\/wp-json\/wp\/v2\/types\/page"}],"author":[{"embeddable":true,"href":"https:\/\/www.cse.udelar.edu.uy\/progresa\/wp-json\/wp\/v2\/users\/5"}],"replies":[{"embeddable":true,"href":"https:\/\/www.cse.udelar.edu.uy\/progresa\/wp-json\/wp\/v2\/comments?post=1415"}],"version-history":[{"count":11,"href":"https:\/\/www.cse.udelar.edu.uy\/progresa\/wp-json\/wp\/v2\/pages\/1415\/revisions"}],"predecessor-version":[{"id":1426,"href":"https:\/\/www.cse.udelar.edu.uy\/progresa\/wp-json\/wp\/v2\/pages\/1415\/revisions\/1426"}],"wp:attachment":[{"href":"https:\/\/www.cse.udelar.edu.uy\/progresa\/wp-json\/wp\/v2\/media?parent=1415"}],"curies":[{"name":"wp","href":"https:\/\/api.w.org\/{rel}","templated":true}]}}