{"id":1950,"date":"2021-03-22T11:59:11","date_gmt":"2021-03-22T14:59:11","guid":{"rendered":"https:\/\/www.cse.udelar.edu.uy\/progresa\/?page_id=1950"},"modified":"2024-03-15T17:09:19","modified_gmt":"2024-03-15T20:09:19","slug":"amulector-justificacion","status":"publish","type":"page","link":"https:\/\/www.cse.udelar.edu.uy\/progresa\/amulector-justificacion\/","title":{"rendered":"Amulector | Justificaci\u00f3n"},"content":{"rendered":"\t\t<div data-elementor-type=\"wp-page\" data-elementor-id=\"1950\" class=\"elementor elementor-1950\" data-elementor-settings=\"[]\">\n\t\t\t\t\t\t<div class=\"elementor-inner\">\n\t\t\t\t\t\t\t<div class=\"elementor-section-wrap\">\n\t\t\t\t\t\t\t<section class=\"elementor-section elementor-top-section elementor-element elementor-element-7945c7b elementor-section-boxed elementor-section-height-default elementor-section-height-default\" data-id=\"7945c7b\" data-element_type=\"section\">\n\t\t\t\t\t\t<div class=\"elementor-container elementor-column-gap-default\">\n\t\t\t\t\t\t\t<div class=\"elementor-row\">\n\t\t\t\t\t<div class=\"elementor-column elementor-col-66 elementor-top-column elementor-element elementor-element-b4def53\" data-id=\"b4def53\" data-element_type=\"column\">\n\t\t\t<div class=\"elementor-column-wrap elementor-element-populated\">\n\t\t\t\t\t\t\t<div class=\"elementor-widget-wrap\">\n\t\t\t\t\t\t<div class=\"elementor-element elementor-element-d4d3a70 elementor-widget elementor-widget-text-editor\" data-id=\"d4d3a70\" data-element_type=\"widget\" data-widget_type=\"text-editor.default\">\n\t\t\t\t<div class=\"elementor-widget-container\">\n\t\t\t\t\t<div class=\"elementor-text-editor elementor-clearfix\"><h4>Sensibilizar a la generaci\u00f3n 2021 sobre la cultura de lectura universitaria<\/h4><p>La lectura y la escritura en el nivel universitario conforman pr\u00e1cticas comunicativas singulares, es decir, diferentes a las de otros sistemas educativos previos y\/o terciarios. Por lo tanto, el estudiante de ingreso vivir\u00e1 un proceso normal de tensi\u00f3n para adaptarse a esta nueva cultura acad\u00e9mica. Sin embargo, la forma en la que se apropie de estas herramientas de lectura, esenciales para desarrollar aprendizajes, determinar\u00e1 su inserci\u00f3n exitosa o bien lo enfrentar\u00e1 a un elemento potencial de exclusi\u00f3n. Por esta raz\u00f3n, el conocimiento y la comprensi\u00f3n de las caracter\u00edsticas propias de la lectura y la escritura universitarias son un primer paso para adaptarse a la nueva cultura.\u00a0<\/p><p>La universidad transmite los saberes en diversos soportes, aunque el m\u00e1s com\u00fan, junto con la clase oral, es la palabra escrita. Durante la declaraci\u00f3n de emergencia sanitaria en el Uruguay (2020 &#8211; 2021), la Universidad de la Rep\u00fablica (Udelar) dispuso optar por la no presencialidad en la mayor\u00eda de sus cursos. En este contexto, es esperable que el volumen de lecturas no se acompa\u00f1e de manera suficiente por espacios de gu\u00eda, intercambio con compa\u00f1eros y docentes y la resoluci\u00f3n de dudas que se producen en el contacto cara a cara.\u00a0<\/p><p>Casco (2008) plantea que la disonancia entre las pr\u00e1cticas comunicativas que trae el estudiante y los saberes legitimados por la instituci\u00f3n universitaria pueden dejar al descubierto dos universos cognitivo-culturales diferenciados. Esta disonancia puede verse, por ejemplo, en la falta de familiarizaci\u00f3n de los estudiantes de ingreso con los diversos tipos o g\u00e9neros textuales que se manejan a este nivel. En esos casos, la lectura se transforma en una de las principales barreras para incorporarse en la vida universitaria o, como plantea esta autora, se conforma en un obst\u00e1culo para la <i>afiliaci\u00f3n intelectual<\/i> del ingresante (Casco, 2008).\u00a0<\/p><p>La l\u00ednea LEA &#8211; estudiantes (Lectura y Escritura Acad\u00e9mica) se inserta en Progresa (Programa de Respaldo al Aprendizaje), en el marco de la Comisi\u00f3n Sectorial de Ense\u00f1anza (CSE) de la Udelar desde la idea que el desarrollo de la alfabetizaci\u00f3n acad\u00e9mica es clave en el logro de trayectorias educativas continuas y completas, que garanticen el derecho a la educaci\u00f3n para todos los estudiantes. En este sentido, se propone hacer visible y comunicar a todos los actores universitarios que la dificultad que enfrentan los estudiantes de ingreso cuando se disponen a la lectura de textos universitarios es una realidad de la que participa toda la comunidad universitaria.\u00a0<\/p><p>Esta campa\u00f1a de sensibilizaci\u00f3n sobre la cultura de lectura universitaria tiene como prop\u00f3sito que el estudiante comprenda que ingresa a un universo nuevo, que se construye sobre las pr\u00e1cticas previas que trae de otras experiencias de lectura formales o informales. El hacer p\u00fablico y colectivizar uno de los principales obst\u00e1culos con los que se enfrentan los estudiantes de ingreso es reconocer desde la instituci\u00f3n una problem\u00e1tica que est\u00e1 parcialmente invisibilizada en nuestro pa\u00eds. Asimismo, al generar comunidad e identidad entre los estudiantes de ingreso a partir de las redes sociales, permitir\u00e1 al estudiante reconocerse con otros y entre otros en una posible dificultad o fortaleza y, por lo tanto, saber que no est\u00e1 solo. La colectivizaci\u00f3n l\u00fadica de las estrategias con las que los<strong> <a href=\"https:\/\/www.cse.udelar.edu.uy\/progresa\/amulector-el-lector-universitario\/\">lectores universitarios<\/a><\/strong> enfrentan los textos de mayor dificultad significa tambi\u00e9n empoderar al estudiante respecto de sus pr\u00e1cticas y mostrarle otras posibles \u201cbuenas pr\u00e1cticas de lectura\u201d que ir\u00e1 adquiriendo en esta nueva etapa.<\/p><\/div>\n\t\t\t\t<\/div>\n\t\t\t\t<\/div>\n\t\t\t\t\t\t<\/div>\n\t\t\t\t\t<\/div>\n\t\t<\/div>\n\t\t\t\t<div class=\"elementor-column elementor-col-33 elementor-top-column elementor-element elementor-element-5804d72\" data-id=\"5804d72\" data-element_type=\"column\">\n\t\t\t<div class=\"elementor-column-wrap elementor-element-populated\">\n\t\t\t\t\t\t\t<div class=\"elementor-widget-wrap\">\n\t\t\t\t\t\t<div class=\"elementor-element elementor-element-10b5ec8 elementor-widget elementor-widget-spacer\" data-id=\"10b5ec8\" data-element_type=\"widget\" data-widget_type=\"spacer.default\">\n\t\t\t\t<div class=\"elementor-widget-container\">\n\t\t\t\t\t<div class=\"elementor-spacer\">\n\t\t\t<div class=\"elementor-spacer-inner\"><\/div>\n\t\t<\/div>\n\t\t\t\t<\/div>\n\t\t\t\t<\/div>\n\t\t\t\t<div class=\"elementor-element elementor-element-3e2bc8b animated-slow elementor-invisible elementor-widget elementor-widget-image\" data-id=\"3e2bc8b\" data-element_type=\"widget\" data-settings=\"{&quot;_animation&quot;:&quot;bounceInRight&quot;}\" data-widget_type=\"image.default\">\n\t\t\t\t<div class=\"elementor-widget-container\">\n\t\t\t\t\t<div class=\"elementor-image\">\n\t\t\t\t\t\t\t\t\t\t<img width=\"150\" height=\"150\" src=\"https:\/\/www.cse.udelar.edu.uy\/progresa\/wp-content\/uploads\/sites\/11\/2021\/03\/Hola-6Mesa-de-trabajo-2.png\" class=\"attachment-thumbnail size-thumbnail\" alt=\"\" loading=\"lazy\" \/>\t\t\t\t\t\t\t\t\t\t\t<\/div>\n\t\t\t\t<\/div>\n\t\t\t\t<\/div>\n\t\t\t\t<div class=\"elementor-element elementor-element-31c7984 elementor-widget elementor-widget-spacer\" data-id=\"31c7984\" data-element_type=\"widget\" data-widget_type=\"spacer.default\">\n\t\t\t\t<div class=\"elementor-widget-container\">\n\t\t\t\t\t<div class=\"elementor-spacer\">\n\t\t\t<div class=\"elementor-spacer-inner\"><\/div>\n\t\t<\/div>\n\t\t\t\t<\/div>\n\t\t\t\t<\/div>\n\t\t\t\t<div class=\"elementor-element elementor-element-2f1c223 animated-slow elementor-invisible elementor-widget elementor-widget-image\" data-id=\"2f1c223\" data-element_type=\"widget\" data-settings=\"{&quot;_animation&quot;:&quot;bounceInRight&quot;}\" data-widget_type=\"image.default\">\n\t\t\t\t<div class=\"elementor-widget-container\">\n\t\t\t\t\t<div class=\"elementor-image\">\n\t\t\t\t\t\t\t\t\t\t<img width=\"150\" height=\"150\" src=\"https:\/\/www.cse.udelar.edu.uy\/progresa\/wp-content\/uploads\/sites\/11\/2021\/03\/Hola-6Mesa-de-trabajo-11.png\" class=\"attachment-thumbnail size-thumbnail\" alt=\"\" loading=\"lazy\" \/>\t\t\t\t\t\t\t\t\t\t\t<\/div>\n\t\t\t\t<\/div>\n\t\t\t\t<\/div>\n\t\t\t\t<div class=\"elementor-element elementor-element-350e8c2 elementor-widget elementor-widget-spacer\" data-id=\"350e8c2\" data-element_type=\"widget\" data-widget_type=\"spacer.default\">\n\t\t\t\t<div class=\"elementor-widget-container\">\n\t\t\t\t\t<div class=\"elementor-spacer\">\n\t\t\t<div class=\"elementor-spacer-inner\"><\/div>\n\t\t<\/div>\n\t\t\t\t<\/div>\n\t\t\t\t<\/div>\n\t\t\t\t<div class=\"elementor-element elementor-element-77a19b2 animated-slow elementor-invisible elementor-widget elementor-widget-image\" data-id=\"77a19b2\" data-element_type=\"widget\" data-settings=\"{&quot;_animation&quot;:&quot;bounceInRight&quot;}\" data-widget_type=\"image.default\">\n\t\t\t\t<div class=\"elementor-widget-container\">\n\t\t\t\t\t<div class=\"elementor-image\">\n\t\t\t\t\t\t\t\t\t\t<img width=\"150\" height=\"150\" src=\"https:\/\/www.cse.udelar.edu.uy\/progresa\/wp-content\/uploads\/sites\/11\/2021\/03\/Hola-6Mesa-de-trabajo-10.png\" class=\"attachment-thumbnail size-thumbnail\" alt=\"\" loading=\"lazy\" \/>\t\t\t\t\t\t\t\t\t\t\t<\/div>\n\t\t\t\t<\/div>\n\t\t\t\t<\/div>\n\t\t\t\t<div class=\"elementor-element elementor-element-e00df1a elementor-widget elementor-widget-spacer\" data-id=\"e00df1a\" data-element_type=\"widget\" data-widget_type=\"spacer.default\">\n\t\t\t\t<div class=\"elementor-widget-container\">\n\t\t\t\t\t<div class=\"elementor-spacer\">\n\t\t\t<div class=\"elementor-spacer-inner\"><\/div>\n\t\t<\/div>\n\t\t\t\t<\/div>\n\t\t\t\t<\/div>\n\t\t\t\t<div class=\"elementor-element elementor-element-05a4bc3 animated-slow elementor-invisible elementor-widget elementor-widget-image\" data-id=\"05a4bc3\" data-element_type=\"widget\" data-settings=\"{&quot;_animation&quot;:&quot;bounceInRight&quot;}\" data-widget_type=\"image.default\">\n\t\t\t\t<div class=\"elementor-widget-container\">\n\t\t\t\t\t<div class=\"elementor-image\">\n\t\t\t\t\t\t\t\t\t\t<img width=\"150\" height=\"150\" src=\"https:\/\/www.cse.udelar.edu.uy\/progresa\/wp-content\/uploads\/sites\/11\/2021\/03\/Hola-6Mesa-de-trabajo-8.png\" class=\"attachment-thumbnail size-thumbnail\" alt=\"\" loading=\"lazy\" \/>\t\t\t\t\t\t\t\t\t\t\t<\/div>\n\t\t\t\t<\/div>\n\t\t\t\t<\/div>\n\t\t\t\t<div class=\"elementor-element elementor-element-8c35fc3 elementor-widget elementor-widget-spacer\" data-id=\"8c35fc3\" data-element_type=\"widget\" data-widget_type=\"spacer.default\">\n\t\t\t\t<div class=\"elementor-widget-container\">\n\t\t\t\t\t<div class=\"elementor-spacer\">\n\t\t\t<div class=\"elementor-spacer-inner\"><\/div>\n\t\t<\/div>\n\t\t\t\t<\/div>\n\t\t\t\t<\/div>\n\t\t\t\t<div class=\"elementor-element elementor-element-9635a2d animated-slow elementor-invisible elementor-widget elementor-widget-image\" data-id=\"9635a2d\" data-element_type=\"widget\" data-settings=\"{&quot;_animation&quot;:&quot;bounceInRight&quot;}\" data-widget_type=\"image.default\">\n\t\t\t\t<div class=\"elementor-widget-container\">\n\t\t\t\t\t<div class=\"elementor-image\">\n\t\t\t\t\t\t\t\t\t\t<img width=\"150\" height=\"150\" src=\"https:\/\/www.cse.udelar.edu.uy\/progresa\/wp-content\/uploads\/sites\/11\/2021\/03\/Hola-6Mesa-de-trabajo-4.png\" class=\"attachment-thumbnail size-thumbnail\" alt=\"\" loading=\"lazy\" \/>\t\t\t\t\t\t\t\t\t\t\t<\/div>\n\t\t\t\t<\/div>\n\t\t\t\t<\/div>\n\t\t\t\t\t\t<\/div>\n\t\t\t\t\t<\/div>\n\t\t<\/div>\n\t\t\t\t\t\t\t\t<\/div>\n\t\t\t\t\t<\/div>\n\t\t<\/section>\n\t\t\t\t\t\t<\/div>\n\t\t\t\t\t\t<\/div>\n\t\t\t\t\t<\/div>\n\t\t","protected":false},"excerpt":{"rendered":"<p>Sensibilizar a la generaci\u00f3n 2021 sobre la cultura de lectura universitaria La lectura y la escritura en el nivel universitario conforman pr\u00e1cticas comunicativas singulares, es decir, diferentes a las de otros sistemas educativos previos y\/o terciarios. Por lo tanto, el estudiante de ingreso vivir\u00e1 un proceso normal de tensi\u00f3n para &hellip;<\/p>\n","protected":false},"author":5,"featured_media":0,"parent":0,"menu_order":0,"comment_status":"closed","ping_status":"closed","template":"","meta":[],"_links":{"self":[{"href":"https:\/\/www.cse.udelar.edu.uy\/progresa\/wp-json\/wp\/v2\/pages\/1950"}],"collection":[{"href":"https:\/\/www.cse.udelar.edu.uy\/progresa\/wp-json\/wp\/v2\/pages"}],"about":[{"href":"https:\/\/www.cse.udelar.edu.uy\/progresa\/wp-json\/wp\/v2\/types\/page"}],"author":[{"embeddable":true,"href":"https:\/\/www.cse.udelar.edu.uy\/progresa\/wp-json\/wp\/v2\/users\/5"}],"replies":[{"embeddable":true,"href":"https:\/\/www.cse.udelar.edu.uy\/progresa\/wp-json\/wp\/v2\/comments?post=1950"}],"version-history":[{"count":9,"href":"https:\/\/www.cse.udelar.edu.uy\/progresa\/wp-json\/wp\/v2\/pages\/1950\/revisions"}],"predecessor-version":[{"id":2183,"href":"https:\/\/www.cse.udelar.edu.uy\/progresa\/wp-json\/wp\/v2\/pages\/1950\/revisions\/2183"}],"wp:attachment":[{"href":"https:\/\/www.cse.udelar.edu.uy\/progresa\/wp-json\/wp\/v2\/media?parent=1950"}],"curies":[{"name":"wp","href":"https:\/\/api.w.org\/{rel}","templated":true}]}}