{"id":2291,"date":"2021-05-13T22:54:36","date_gmt":"2021-05-14T01:54:36","guid":{"rendered":"https:\/\/www.cse.udelar.edu.uy\/progresa\/?page_id=2291"},"modified":"2024-05-29T11:44:15","modified_gmt":"2024-05-29T14:44:15","slug":"ciclolea","status":"publish","type":"page","link":"https:\/\/www.cse.udelar.edu.uy\/progresa\/ciclolea\/","title":{"rendered":"LEA | Ciclo de charlas"},"content":{"rendered":"\t\t<div data-elementor-type=\"wp-page\" data-elementor-id=\"2291\" class=\"elementor elementor-2291\" data-elementor-settings=\"[]\">\n\t\t\t\t\t\t<div class=\"elementor-inner\">\n\t\t\t\t\t\t\t<div class=\"elementor-section-wrap\">\n\t\t\t\t\t\t\t<section class=\"elementor-section elementor-top-section elementor-element elementor-element-f0f8a14 elementor-section-boxed elementor-section-height-default elementor-section-height-default\" data-id=\"f0f8a14\" data-element_type=\"section\">\n\t\t\t\t\t\t<div class=\"elementor-container elementor-column-gap-default\">\n\t\t\t\t\t\t\t<div class=\"elementor-row\">\n\t\t\t\t\t<div class=\"elementor-column elementor-col-100 elementor-top-column elementor-element elementor-element-b414778\" data-id=\"b414778\" data-element_type=\"column\">\n\t\t\t<div class=\"elementor-column-wrap elementor-element-populated\">\n\t\t\t\t\t\t\t<div class=\"elementor-widget-wrap\">\n\t\t\t\t\t\t<div class=\"elementor-element elementor-element-721fd66 elementor-widget elementor-widget-image\" data-id=\"721fd66\" data-element_type=\"widget\" data-widget_type=\"image.default\">\n\t\t\t\t<div class=\"elementor-widget-container\">\n\t\t\t\t\t<div class=\"elementor-image\">\n\t\t\t\t\t\t\t\t\t\t<img width=\"1563\" height=\"250\" src=\"https:\/\/www.cse.udelar.edu.uy\/progresa\/wp-content\/uploads\/sites\/11\/2024\/05\/1000-x-200-1563x250.png\" class=\"attachment-fluida-header size-fluida-header\" alt=\"\" loading=\"lazy\" \/>\t\t\t\t\t\t\t\t\t\t\t<\/div>\n\t\t\t\t<\/div>\n\t\t\t\t<\/div>\n\t\t\t\t\t\t<\/div>\n\t\t\t\t\t<\/div>\n\t\t<\/div>\n\t\t\t\t\t\t\t\t<\/div>\n\t\t\t\t\t<\/div>\n\t\t<\/section>\n\t\t\t\t<section class=\"elementor-section elementor-top-section elementor-element elementor-element-7121c47 elementor-section-boxed elementor-section-height-default elementor-section-height-default\" data-id=\"7121c47\" data-element_type=\"section\">\n\t\t\t\t\t\t<div class=\"elementor-container elementor-column-gap-default\">\n\t\t\t\t\t\t\t<div class=\"elementor-row\">\n\t\t\t\t\t<div class=\"elementor-column elementor-col-66 elementor-top-column elementor-element elementor-element-14dd99d\" data-id=\"14dd99d\" data-element_type=\"column\">\n\t\t\t<div class=\"elementor-column-wrap elementor-element-populated\">\n\t\t\t\t\t\t\t<div class=\"elementor-widget-wrap\">\n\t\t\t\t\t\t<div class=\"elementor-element elementor-element-6e2c234 elementor-widget elementor-widget-text-editor\" data-id=\"6e2c234\" data-element_type=\"widget\" data-widget_type=\"text-editor.default\">\n\t\t\t\t<div class=\"elementor-widget-container\">\n\t\t\t\t\t<div class=\"elementor-text-editor elementor-clearfix\"><h4>Como enfrentar las evaluaciones: piques para estudiar y responder consignas<\/h4>\n<p><font face=\"arial, sans-serif\" style=\"font-size: small;font-style: normal;font-weight: 400;letter-spacing: normal;text-align: start;text-indent: 0px;text-transform: none\"><\/font><\/p>\n<div style=\"text-align: start;text-indent: 0px\"><span style=\"font-family: Arial, Helvetica, sans-serif;font-size: 15.2px;letter-spacing: normal;text-transform: none;font-style: normal;font-weight: 400;text-indent: 0em;text-align: inherit\">En este ciclo de charlas, abordaremos los obst\u00e1culos comunes que enfrentan los estudiantes al estudiar. Cada sesi\u00f3n se centrar\u00e1 en una etapa clave del proceso de preparaci\u00f3n para las evaluaciones.&nbsp;<\/span><span style=\"font-family: Arial, Helvetica, sans-serif;font-size: 15.2px;letter-spacing: normal;text-transform: none;font-style: normal;font-weight: 400;text-indent: 0em;text-align: inherit\">Si bien puedes elegir la sesi\u00f3n que m\u00e1s te interese, te recomendamos participar en todas para obtener una visi\u00f3n completa y articulada del proceso evaluativo universitario.&nbsp;<\/span><span style=\"font-family: Arial, Helvetica, sans-serif;font-size: 15.2px;letter-spacing: normal;text-transform: none;font-style: normal;font-weight: 400;text-indent: 0em;text-align: inherit\"><br><\/span><br><span style=\"font-family: Arial, Helvetica, sans-serif;font-size: 15.2px;letter-spacing: normal;text-transform: none;font-style: normal;font-weight: 400;text-indent: 0em;text-align: inherit\">Adem\u00e1s, se emitir\u00e1 un certificado de asistencia para cada charla. \u00a1No dejes pasar esta oportunidad para potenciar tus habilidades de estudio!<\/span><br><br><i style=\"font-family: Arial, Helvetica, sans-serif;font-size: small;letter-spacing: normal;text-transform: none\"><b><span style=\"font-size: 15.2px;text-indent: 0em;text-align: inherit\">Fechas y temas:&nbsp;<\/span><br><\/b><\/i><span style=\"font-family: Arial, Helvetica, sans-serif;font-size: 15.2px;letter-spacing: normal;text-transform: none;font-style: normal;font-weight: 400;text-indent: 0em;text-align: inherit\">Mi\u00e9rcoles, 29 de mayo: \u00abEstudiar en la universidad: \u00bfaprender o repetir?\u00bb&nbsp;<\/span><br><span style=\"font-family: Arial, Helvetica, sans-serif;font-size: 15.2px;letter-spacing: normal;text-transform: none;font-style: normal;font-weight: 400;text-indent: 0em;text-align: inherit\">Viernes, 31 de mayo: \u00ab\u00bfQu\u00e9 esperan los docentes de una evaluaci\u00f3n? y c\u00f3mo me preparo para enfrentar el desaf\u00edo.\u00bb&nbsp;<\/span><br><span style=\"font-family: Arial, Helvetica, sans-serif;font-size: 15.2px;letter-spacing: normal;text-transform: none;font-style: normal;font-weight: 400;text-indent: 0em;text-align: inherit\">Mi\u00e9rcoles, 5 de junio: \u00abLas distintas formas de leer en la Universidad, \u00bfcu\u00e1les te tocan?\u00bb&nbsp;<\/span><br><span style=\"font-family: Arial, Helvetica, sans-serif;font-size: 15.2px;letter-spacing: normal;text-transform: none;font-style: normal;font-weight: 400\">Viernes, 7 de junio: \u00abConsignas de evaluaci\u00f3n abiertas: individuales y grupales.\u00bb<\/span><br><span style=\"font-family: Arial, Helvetica, sans-serif;font-size: 15.2px;letter-spacing: normal;text-transform: none;font-style: normal;font-weight: 400;text-indent: 0em;text-align: inherit\"><br><\/span><span style=\"font-family: Arial, Helvetica, sans-serif;font-size: 15.2px;letter-spacing: normal;text-transform: none;text-indent: 0em;text-align: inherit\"><i><b>Horario:<\/b><\/i><\/span><span style=\"font-family: Arial, Helvetica, sans-serif;font-size: 15.2px;letter-spacing: normal;text-transform: none;font-style: normal;font-weight: 400;text-indent: 0em;text-align: inherit\"> De 10:30 a 12:00 horas.&nbsp;<\/span><br><br><span style=\"font-family: Arial, Helvetica, sans-serif;font-size: 15.2px;letter-spacing: normal;text-transform: none;font-style: normal;font-weight: 400;text-indent: 0em;text-align: inherit\">Las charlas se llevar\u00e1n a cabo por <\/span><span style=\"font-family: Arial, Helvetica, sans-serif;font-size: 15.2px;letter-spacing: normal;text-transform: none;font-style: normal;text-indent: 0em;text-align: inherit\"><b>Zoom<\/b><\/span><span style=\"font-family: Arial, Helvetica, sans-serif;font-size: 15.2px;letter-spacing: normal;text-transform: none;font-style: normal;font-weight: 400;text-indent: 0em;text-align: inherit\">. Por consultas, cont\u00e1ctanos en&nbsp;<\/span><font face=\"Arial, Helvetica, sans-serif\"><span style=\"font-size: 15.2px\">leamateriales@gmail.com<\/span><\/font><\/div><\/div>\n\t\t\t\t<\/div>\n\t\t\t\t<\/div>\n\t\t\t\t<div class=\"elementor-element elementor-element-d0c113f elementor-button-info elementor-align-left elementor-widget elementor-widget-button\" data-id=\"d0c113f\" data-element_type=\"widget\" data-widget_type=\"button.default\">\n\t\t\t\t<div class=\"elementor-widget-container\">\n\t\t\t\t\t<div class=\"elementor-button-wrapper\">\n\t\t\t<a href=\"https:\/\/salavirtual-udelar.zoom.us\/j\/2318282918\" class=\"elementor-button-link elementor-button elementor-size-sm\" role=\"button\">\n\t\t\t\t\t\t<span class=\"elementor-button-content-wrapper\">\n\t\t\t\t\t\t<span class=\"elementor-button-text\">Unirse a la reuni\u00f3n ZOOM<\/span>\n\t\t<\/span>\n\t\t\t\t\t<\/a>\n\t\t<\/div>\n\t\t\t\t<\/div>\n\t\t\t\t<\/div>\n\t\t\t\t\t\t<\/div>\n\t\t\t\t\t<\/div>\n\t\t<\/div>\n\t\t\t\t<div class=\"elementor-column elementor-col-33 elementor-top-column elementor-element elementor-element-64ef746\" data-id=\"64ef746\" data-element_type=\"column\">\n\t\t\t<div class=\"elementor-column-wrap elementor-element-populated\">\n\t\t\t\t\t\t\t<div class=\"elementor-widget-wrap\">\n\t\t\t\t\t\t\t\t<\/div>\n\t\t\t\t\t<\/div>\n\t\t<\/div>\n\t\t\t\t\t\t\t\t<\/div>\n\t\t\t\t\t<\/div>\n\t\t<\/section>\n\t\t\t\t<section class=\"elementor-section elementor-top-section elementor-element elementor-element-79cbac8 elementor-section-boxed elementor-section-height-default elementor-section-height-default\" data-id=\"79cbac8\" data-element_type=\"section\">\n\t\t\t\t\t\t<div class=\"elementor-container elementor-column-gap-default\">\n\t\t\t\t\t\t\t<div class=\"elementor-row\">\n\t\t\t\t\t<div class=\"elementor-column elementor-col-100 elementor-top-column elementor-element elementor-element-fbc587f\" data-id=\"fbc587f\" data-element_type=\"column\">\n\t\t\t<div class=\"elementor-column-wrap elementor-element-populated\">\n\t\t\t\t\t\t\t<div class=\"elementor-widget-wrap\">\n\t\t\t\t\t\t<div class=\"elementor-element elementor-element-b4cb806 elementor-widget elementor-widget-text-editor\" data-id=\"b4cb806\" data-element_type=\"widget\" data-widget_type=\"text-editor.default\">\n\t\t\t\t<div class=\"elementor-widget-container\">\n\t\t\t\t\t<div class=\"elementor-text-editor elementor-clearfix\"><p><b>\u00a0<\/b><\/p><p><b>#CicloLEA<\/b><\/p><\/div>\n\t\t\t\t<\/div>\n\t\t\t\t<\/div>\n\t\t\t\t\t\t<\/div>\n\t\t\t\t\t<\/div>\n\t\t<\/div>\n\t\t\t\t\t\t\t\t<\/div>\n\t\t\t\t\t<\/div>\n\t\t<\/section>\n\t\t\t\t\t\t<\/div>\n\t\t\t\t\t\t<\/div>\n\t\t\t\t\t<\/div>\n\t\t","protected":false},"excerpt":{"rendered":"<p>Como enfrentar las evaluaciones: piques para estudiar y responder consignas En este ciclo de charlas, abordaremos los obst\u00e1culos comunes que enfrentan los estudiantes al estudiar. Cada sesi\u00f3n se centrar\u00e1 en una etapa clave del proceso de preparaci\u00f3n para las evaluaciones.&nbsp;Si bien puedes elegir la sesi\u00f3n que m\u00e1s te interese, te &hellip;<\/p>\n","protected":false},"author":5,"featured_media":0,"parent":0,"menu_order":0,"comment_status":"closed","ping_status":"closed","template":"","meta":[],"_links":{"self":[{"href":"https:\/\/www.cse.udelar.edu.uy\/progresa\/wp-json\/wp\/v2\/pages\/2291"}],"collection":[{"href":"https:\/\/www.cse.udelar.edu.uy\/progresa\/wp-json\/wp\/v2\/pages"}],"about":[{"href":"https:\/\/www.cse.udelar.edu.uy\/progresa\/wp-json\/wp\/v2\/types\/page"}],"author":[{"embeddable":true,"href":"https:\/\/www.cse.udelar.edu.uy\/progresa\/wp-json\/wp\/v2\/users\/5"}],"replies":[{"embeddable":true,"href":"https:\/\/www.cse.udelar.edu.uy\/progresa\/wp-json\/wp\/v2\/comments?post=2291"}],"version-history":[{"count":45,"href":"https:\/\/www.cse.udelar.edu.uy\/progresa\/wp-json\/wp\/v2\/pages\/2291\/revisions"}],"predecessor-version":[{"id":3446,"href":"https:\/\/www.cse.udelar.edu.uy\/progresa\/wp-json\/wp\/v2\/pages\/2291\/revisions\/3446"}],"wp:attachment":[{"href":"https:\/\/www.cse.udelar.edu.uy\/progresa\/wp-json\/wp\/v2\/media?parent=2291"}],"curies":[{"name":"wp","href":"https:\/\/api.w.org\/{rel}","templated":true}]}}

<div data-elementor-type="wp-page" data-elementor-id="2291" class="elementor elementor-2291" data-elementor-settings="[]">
						<div class="elementor-inner">
							<div class="elementor-section-wrap">
							<section class="elementor-section elementor-top-section elementor-element elementor-element-f0f8a14 elementor-section-boxed elementor-section-height-default elementor-section-height-default" data-id="f0f8a14" data-element_type="section">
						<div class="elementor-container elementor-column-gap-default">
							<div class="elementor-row">
					<div class="elementor-column elementor-col-100 elementor-top-column elementor-element elementor-element-b414778" data-id="b414778" data-element_type="column">
			<div class="elementor-column-wrap elementor-element-populated">
							<div class="elementor-widget-wrap">
						<div class="elementor-element elementor-element-721fd66 elementor-widget elementor-widget-image" data-id="721fd66" data-element_type="widget" data-widget_type="image.default">
				<div class="elementor-widget-container">
					<div class="elementor-image">
										<img width="1563" height="250" src="https://www.cse.udelar.edu.uy/progresa/wp-content/uploads/sites/11/2024/05/1000-x-200-1563x250.png" class="attachment-fluida-header size-fluida-header" alt="" loading="lazy" />											</div>
				</div>
				</div>
						</div>
					</div>
		</div>
								</div>
					</div>
		</section>
				<section class="elementor-section elementor-top-section elementor-element elementor-element-7121c47 elementor-section-boxed elementor-section-height-default elementor-section-height-default" data-id="7121c47" data-element_type="section">
						<div class="elementor-container elementor-column-gap-default">
							<div class="elementor-row">
					<div class="elementor-column elementor-col-66 elementor-top-column elementor-element elementor-element-14dd99d" data-id="14dd99d" data-element_type="column">
			<div class="elementor-column-wrap elementor-element-populated">
							<div class="elementor-widget-wrap">
						<div class="elementor-element elementor-element-6e2c234 elementor-widget elementor-widget-text-editor" data-id="6e2c234" data-element_type="widget" data-widget_type="text-editor.default">
				<div class="elementor-widget-container">
					<div class="elementor-text-editor elementor-clearfix"><h4>Como enfrentar las evaluaciones: piques para estudiar y responder consignas</h4>
<p><font face="arial, sans-serif" style="font-size: small;font-style: normal;font-weight: 400;letter-spacing: normal;text-align: start;text-indent: 0px;text-transform: none"></font></p>
<div style="text-align: start;text-indent: 0px"><span style="font-family: Arial, Helvetica, sans-serif;font-size: 15.2px;letter-spacing: normal;text-transform: none;font-style: normal;font-weight: 400;text-indent: 0em;text-align: inherit">En este ciclo de charlas, abordaremos los obstáculos comunes que enfrentan los estudiantes al estudiar. Cada sesión se centrará en una etapa clave del proceso de preparación para las evaluaciones.&nbsp;</span><span style="font-family: Arial, Helvetica, sans-serif;font-size: 15.2px;letter-spacing: normal;text-transform: none;font-style: normal;font-weight: 400;text-indent: 0em;text-align: inherit">Si bien puedes elegir la sesión que más te interese, te recomendamos participar en todas para obtener una visión completa y articulada del proceso evaluativo universitario.&nbsp;</span><span style="font-family: Arial, Helvetica, sans-serif;font-size: 15.2px;letter-spacing: normal;text-transform: none;font-style: normal;font-weight: 400;text-indent: 0em;text-align: inherit"><br></span><br><span style="font-family: Arial, Helvetica, sans-serif;font-size: 15.2px;letter-spacing: normal;text-transform: none;font-style: normal;font-weight: 400;text-indent: 0em;text-align: inherit">Además, se emitirá un certificado de asistencia para cada charla. ¡No dejes pasar esta oportunidad para potenciar tus habilidades de estudio!</span><br><br><i style="font-family: Arial, Helvetica, sans-serif;font-size: small;letter-spacing: normal;text-transform: none"><b><span style="font-size: 15.2px;text-indent: 0em;text-align: inherit">Fechas y temas:&nbsp;</span><br></b></i><span style="font-family: Arial, Helvetica, sans-serif;font-size: 15.2px;letter-spacing: normal;text-transform: none;font-style: normal;font-weight: 400;text-indent: 0em;text-align: inherit">Miércoles, 29 de mayo: «Estudiar en la universidad: ¿aprender o repetir?»&nbsp;</span><br><span style="font-family: Arial, Helvetica, sans-serif;font-size: 15.2px;letter-spacing: normal;text-transform: none;font-style: normal;font-weight: 400;text-indent: 0em;text-align: inherit">Viernes, 31 de mayo: «¿Qué esperan los docentes de una evaluación? y cómo me preparo para enfrentar el desafío.»&nbsp;</span><br><span style="font-family: Arial, Helvetica, sans-serif;font-size: 15.2px;letter-spacing: normal;text-transform: none;font-style: normal;font-weight: 400;text-indent: 0em;text-align: inherit">Miércoles, 5 de junio: «Las distintas formas de leer en la Universidad, ¿cuáles te tocan?»&nbsp;</span><br><span style="font-family: Arial, Helvetica, sans-serif;font-size: 15.2px;letter-spacing: normal;text-transform: none;font-style: normal;font-weight: 400">Viernes, 7 de junio: «Consignas de evaluación abiertas: individuales y grupales.»</span><br><span style="font-family: Arial, Helvetica, sans-serif;font-size: 15.2px;letter-spacing: normal;text-transform: none;font-style: normal;font-weight: 400;text-indent: 0em;text-align: inherit"><br></span><span style="font-family: Arial, Helvetica, sans-serif;font-size: 15.2px;letter-spacing: normal;text-transform: none;text-indent: 0em;text-align: inherit"><i><b>Horario:</b></i></span><span style="font-family: Arial, Helvetica, sans-serif;font-size: 15.2px;letter-spacing: normal;text-transform: none;font-style: normal;font-weight: 400;text-indent: 0em;text-align: inherit"> De 10:30 a 12:00 horas.&nbsp;</span><br><br><span style="font-family: Arial, Helvetica, sans-serif;font-size: 15.2px;letter-spacing: normal;text-transform: none;font-style: normal;font-weight: 400;text-indent: 0em;text-align: inherit">Las charlas se llevarán a cabo por </span><span style="font-family: Arial, Helvetica, sans-serif;font-size: 15.2px;letter-spacing: normal;text-transform: none;font-style: normal;text-indent: 0em;text-align: inherit"><b>Zoom</b></span><span style="font-family: Arial, Helvetica, sans-serif;font-size: 15.2px;letter-spacing: normal;text-transform: none;font-style: normal;font-weight: 400;text-indent: 0em;text-align: inherit">. Por consultas, contáctanos en&nbsp;</span><font face="Arial, Helvetica, sans-serif"><span style="font-size: 15.2px">leamateriales@gmail.com</span></font></div></div>
				</div>
				</div>
				<div class="elementor-element elementor-element-d0c113f elementor-button-info elementor-align-left elementor-widget elementor-widget-button" data-id="d0c113f" data-element_type="widget" data-widget_type="button.default">
				<div class="elementor-widget-container">
					<div class="elementor-button-wrapper">
			<a href="https://salavirtual-udelar.zoom.us/j/2318282918" class="elementor-button-link elementor-button elementor-size-sm" role="button">
						<span class="elementor-button-content-wrapper">
						<span class="elementor-button-text">Unirse a la reunión ZOOM</span>
		</span>
					</a>
		</div>
				</div>
				</div>
						</div>
					</div>
		</div>
				<div class="elementor-column elementor-col-33 elementor-top-column elementor-element elementor-element-64ef746" data-id="64ef746" data-element_type="column">
			<div class="elementor-column-wrap elementor-element-populated">
							<div class="elementor-widget-wrap">
								</div>
					</div>
		</div>
								</div>
					</div>
		</section>
				<section class="elementor-section elementor-top-section elementor-element elementor-element-79cbac8 elementor-section-boxed elementor-section-height-default elementor-section-height-default" data-id="79cbac8" data-element_type="section">
						<div class="elementor-container elementor-column-gap-default">
							<div class="elementor-row">
					<div class="elementor-column elementor-col-100 elementor-top-column elementor-element elementor-element-fbc587f" data-id="fbc587f" data-element_type="column">
			<div class="elementor-column-wrap elementor-element-populated">
							<div class="elementor-widget-wrap">
						<div class="elementor-element elementor-element-b4cb806 elementor-widget elementor-widget-text-editor" data-id="b4cb806" data-element_type="widget" data-widget_type="text-editor.default">
				<div class="elementor-widget-container">
					<div class="elementor-text-editor elementor-clearfix"><p><b> </b></p><p><b>#CicloLEA</b></p></div>
				</div>
				</div>
						</div>
					</div>
		</div>
								</div>
					</div>
		</section>
						</div>
						</div>
					</div>

<p>Como enfrentar las evaluaciones: piques para estudiar y responder consignas En este ciclo de charlas, abordaremos los obstáculos comunes que enfrentan los estudiantes al estudiar. Cada sesión se centrará en una etapa clave del proceso de preparación para las evaluaciones.&nbsp;Si bien puedes elegir la sesión que más te interese, te &hellip;</p>
