{"id":535,"date":"2019-09-02T15:02:31","date_gmt":"2019-09-02T18:02:31","guid":{"rendered":"https:\/\/www.cse.udelar.edu.uy\/progresa\/?page_id=535"},"modified":"2025-04-01T10:28:37","modified_gmt":"2025-04-01T13:28:37","slug":"talleres-de-orientacion-vocacional","status":"publish","type":"page","link":"https:\/\/www.cse.udelar.edu.uy\/progresa\/talleres-de-orientacion-vocacional\/","title":{"rendered":"Talleres de Orientaci\u00f3n Vocacional"},"content":{"rendered":"\t\t<div data-elementor-type=\"wp-page\" data-elementor-id=\"535\" class=\"elementor elementor-535\" data-elementor-settings=\"[]\">\n\t\t\t\t\t\t<div class=\"elementor-inner\">\n\t\t\t\t\t\t\t<div class=\"elementor-section-wrap\">\n\t\t\t\t\t\t\t<section class=\"elementor-section elementor-top-section elementor-element elementor-element-d8cc44d elementor-section-boxed elementor-section-height-default elementor-section-height-default\" data-id=\"d8cc44d\" data-element_type=\"section\">\n\t\t\t\t\t\t<div class=\"elementor-container elementor-column-gap-default\">\n\t\t\t\t\t\t\t<div class=\"elementor-row\">\n\t\t\t\t\t<div class=\"elementor-column elementor-col-66 elementor-top-column elementor-element elementor-element-220705e\" data-id=\"220705e\" data-element_type=\"column\">\n\t\t\t<div class=\"elementor-column-wrap elementor-element-populated\">\n\t\t\t\t\t\t\t<div class=\"elementor-widget-wrap\">\n\t\t\t\t\t\t<div class=\"elementor-element elementor-element-89292ab elementor-widget elementor-widget-text-editor\" data-id=\"89292ab\" data-element_type=\"widget\" data-widget_type=\"text-editor.default\">\n\t\t\t\t<div class=\"elementor-widget-container\">\n\t\t\t\t\t<div class=\"elementor-text-editor elementor-clearfix\"><p>Los Talleres de Orientaci\u00f3n Vocacional est\u00e1n dirigidos a j\u00f3venes de&nbsp;<span style=\"font-family: Roboto;font-size: 15.2px;font-style: normal;font-weight: 400;text-align: inherit\">centros de ense\u00f1anza media (liceos y UTU)<\/span><span style=\"text-indent: 0em;text-align: inherit\">&nbsp;de todos los departamentos del pa\u00eds.&nbsp;<\/span><span style=\"text-indent: 0em;text-align: inherit\">En cada instancia se trabaja mediante la reflexi\u00f3n, el an\u00e1lisis y la construcci\u00f3n de opciones educativas posibles y deseables, abordando diferentes dimensiones \u2013mandatos sociales y familiares, manejo del tiempo, pertenencia e integraci\u00f3n a las instituciones educativas y factores que influyen en los procesos de elecci\u00f3n vocacional, entre otras\u2013.&nbsp;<\/span><\/p>\n<p><span style=\"text-indent: 0em;text-align: inherit\">A cargo de los talleres se encuentra un equipo de docentes del Programa de Respaldo al Aprendizaje (Progresa) de la Universidad de la Rep\u00fablica<strong>.<\/strong><\/span><\/p>\n<h4>\u00bfC\u00f3mo funcionan?<\/h4>\n<p>Los talleres son una instancia de aprendizaje e intercambio en los que se busca orientar a los y las j\u00f3venes en la forma m\u00e1s adecuada de enfrentar las decisiones vocacionales. Estos dispositivos grupales de coordinan a trav\u00e9s de talleres de orientaci\u00f3n educativa y vocacional en centros de ense\u00f1anza media (liceos y UTU) en todo el pa\u00eds.<\/p><\/div>\n\t\t\t\t<\/div>\n\t\t\t\t<\/div>\n\t\t\t\t\t\t<\/div>\n\t\t\t\t\t<\/div>\n\t\t<\/div>\n\t\t\t\t<div class=\"elementor-column elementor-col-33 elementor-top-column elementor-element elementor-element-f411401\" data-id=\"f411401\" data-element_type=\"column\">\n\t\t\t<div class=\"elementor-column-wrap elementor-element-populated\">\n\t\t\t\t\t\t\t<div class=\"elementor-widget-wrap\">\n\t\t\t\t\t\t\t\t<\/div>\n\t\t\t\t\t<\/div>\n\t\t<\/div>\n\t\t\t\t\t\t\t\t<\/div>\n\t\t\t\t\t<\/div>\n\t\t<\/section>\n\t\t\t\t\t\t<\/div>\n\t\t\t\t\t\t<\/div>\n\t\t\t\t\t<\/div>\n\t\t","protected":false},"excerpt":{"rendered":"<p>Los Talleres de Orientaci\u00f3n Vocacional est\u00e1n dirigidos a j\u00f3venes de&nbsp;centros de ense\u00f1anza media (liceos y UTU)&nbsp;de todos los departamentos del pa\u00eds.&nbsp;En cada instancia se trabaja mediante la reflexi\u00f3n, el an\u00e1lisis y la construcci\u00f3n de opciones educativas posibles y deseables, abordando diferentes dimensiones \u2013mandatos sociales y familiares, manejo del tiempo, pertenencia &hellip;<\/p>\n","protected":false},"author":5,"featured_media":0,"parent":0,"menu_order":0,"comment_status":"closed","ping_status":"closed","template":"","meta":[],"_links":{"self":[{"href":"https:\/\/www.cse.udelar.edu.uy\/progresa\/wp-json\/wp\/v2\/pages\/535"}],"collection":[{"href":"https:\/\/www.cse.udelar.edu.uy\/progresa\/wp-json\/wp\/v2\/pages"}],"about":[{"href":"https:\/\/www.cse.udelar.edu.uy\/progresa\/wp-json\/wp\/v2\/types\/page"}],"author":[{"embeddable":true,"href":"https:\/\/www.cse.udelar.edu.uy\/progresa\/wp-json\/wp\/v2\/users\/5"}],"replies":[{"embeddable":true,"href":"https:\/\/www.cse.udelar.edu.uy\/progresa\/wp-json\/wp\/v2\/comments?post=535"}],"version-history":[{"count":38,"href":"https:\/\/www.cse.udelar.edu.uy\/progresa\/wp-json\/wp\/v2\/pages\/535\/revisions"}],"predecessor-version":[{"id":3545,"href":"https:\/\/www.cse.udelar.edu.uy\/progresa\/wp-json\/wp\/v2\/pages\/535\/revisions\/3545"}],"wp:attachment":[{"href":"https:\/\/www.cse.udelar.edu.uy\/progresa\/wp-json\/wp\/v2\/media?parent=535"}],"curies":[{"name":"wp","href":"https:\/\/api.w.org\/{rel}","templated":true}]}}